{"id":1266,"date":"2018-04-24T12:23:45","date_gmt":"2018-04-24T10:23:45","guid":{"rendered":"http:\/\/wordpress.nibis.de\/gswrestedt\/?page_id=1266"},"modified":"2018-09-27T20:19:04","modified_gmt":"2018-09-27T18:19:04","slug":"thema-schmetterling","status":"publish","type":"page","link":"https:\/\/wordpress.nibis.de\/gswrestedt\/thema-schmetterling\/","title":{"rendered":"Thema Schmetterling"},"content":{"rendered":"<p>Am <strong>06. April 2018<\/strong> zogen <strong>Raupen<\/strong> in die Klassen 3a und 3b (Lara). Sie befanden sich in einer Transport-Plastikbox, auf deren Boden sich eine <strong>N\u00e4hrpaste<\/strong> befand (Max).\u00a0 Bis zu ihrer <strong>Verpuppung<\/strong> blieben sie in dieser Box. Jeden Tag<strong> fra\u00dfen sie und wurden gr\u00f6\u00dfer<\/strong> (Malte).<\/p>\n<p>Die F\u00e4den, die im Video zu sehen sind, dienen <strong>zum Schutz vor Fressfeinden<\/strong> (Kilian). Auch das Zappeln der Puppen dient zum Schutz (Celine).<\/p>\n<div style=\"width: 640px;\" class=\"wp-video\"><video class=\"wp-video-shortcode\" id=\"video-1266-1\" width=\"640\" height=\"360\" preload=\"metadata\" controls=\"controls\"><source type=\"video\/mp4\" src=\"http:\/\/wordpress.nibis.de\/gswrestedt\/files\/2018\/04\/puppen.mp4?_=1\" \/><a href=\"http:\/\/wordpress.nibis.de\/gswrestedt\/files\/2018\/04\/puppen.mp4\">http:\/\/wordpress.nibis.de\/gswrestedt\/files\/2018\/04\/puppen.mp4<\/a><\/video><\/div>\n<p>Nach <strong>10 Tagen<\/strong> haben die Raupen sich verpuppt (Lotta), daf\u00fcr sind sie nach oben gekrabbelt (Naima) und haben sich kopf\u00fcber aufgeh\u00e4ngt (Felix).<\/p>\n<p><a href=\"http:\/\/wordpress.nibis.de\/gswrestedt\/thema-schmetterling\/verpuppen\/\" rel=\"attachment wp-att-1272\"><img loading=\"lazy\" decoding=\"async\" class=\"alignnone wp-image-1272\" src=\"http:\/\/wordpress.nibis.de\/gswrestedt\/files\/2018\/04\/verpuppen-300x225.jpg\" alt=\"\" width=\"272\" height=\"204\" \/><\/a>\u00a0 <a href=\"http:\/\/wordpress.nibis.de\/gswrestedt\/thema-schmetterling\/verpuppung-2\/\" rel=\"attachment wp-att-1277\"><img loading=\"lazy\" decoding=\"async\" class=\"alignnone wp-image-1277\" src=\"http:\/\/wordpress.nibis.de\/gswrestedt\/files\/2018\/04\/Verpuppung-2-300x245.jpg\" alt=\"\" width=\"251\" height=\"205\" \/><\/a><\/p>\n<p>Auf diesem Bild sieht man eine Raupe, die sich gerade verpuppt. Am Kopf sieht man den Beginn der Verpuppung (Kilian, Matheo und Max).<\/p>\n<p>Ein Schmetterling wird geboren:<\/p>\n<div style=\"width: 640px;\" class=\"wp-video\"><video class=\"wp-video-shortcode\" id=\"video-1266-2\" width=\"640\" height=\"352\" preload=\"metadata\" controls=\"controls\"><source type=\"video\/mp4\" src=\"http:\/\/wordpress.nibis.de\/gswrestedt\/files\/2018\/04\/schl\u00fcpfender-Schmetterling.mp4?_=2\" \/><a href=\"http:\/\/wordpress.nibis.de\/gswrestedt\/files\/2018\/04\/schl\u00fcpfender-Schmetterling.mp4\">http:\/\/wordpress.nibis.de\/gswrestedt\/files\/2018\/04\/schl\u00fcpfender-Schmetterling.mp4<\/a><\/video><\/div>\n<p><a href=\"http:\/\/wordpress.nibis.de\/gswrestedt\/thema-schmetterling\/geschluepfter-schmetterling-2\/\" rel=\"attachment wp-att-1285\"><img loading=\"lazy\" decoding=\"async\" class=\"alignnone wp-image-1285\" src=\"http:\/\/wordpress.nibis.de\/gswrestedt\/files\/2018\/04\/geschl\u00fcpfter-schmetterling.jpg\" alt=\"\" width=\"524\" height=\"932\" \/><\/a><\/p>\n<p>Diese rote Fl\u00fcssigkeit (Mekonium) sieht aus wie Blut und ist ein Stoffwechselprodukt der Raupe (Felix).<\/p>\n<p><a href=\"http:\/\/wordpress.nibis.de\/gswrestedt\/thema-schmetterling\/leere-huelle-fluessigkeit\/\" rel=\"attachment wp-att-1271\"><img loading=\"lazy\" decoding=\"async\" class=\"alignnone wp-image-1271\" src=\"http:\/\/wordpress.nibis.de\/gswrestedt\/files\/2018\/04\/leere-H\u00fclle-Fl\u00fcssigkeit.jpg\" alt=\"\" width=\"520\" height=\"579\" \/><\/a><\/p>\n<p>Aus der Raupe ist ein Schmetterling geworden. Er hinterl\u00e4sst eine wei\u00dfe, leere Puppe (Lennart und Malte).<\/p>\n<div style=\"width: 640px;\" class=\"wp-video\"><video class=\"wp-video-shortcode\" id=\"video-1266-3\" width=\"640\" height=\"360\" preload=\"metadata\" controls=\"controls\"><source type=\"video\/mp4\" src=\"http:\/\/wordpress.nibis.de\/gswrestedt\/files\/2018\/04\/schmetterling.mp4?_=3\" \/><a href=\"http:\/\/wordpress.nibis.de\/gswrestedt\/files\/2018\/04\/schmetterling.mp4\">http:\/\/wordpress.nibis.de\/gswrestedt\/files\/2018\/04\/schmetterling.mp4<\/a><\/video><\/div>\n<p>Der frisch geschl\u00fcpfte Schmetterling bewegt seinen Saugr\u00fcssel und pumpt Fl\u00fcssigkeit in die Fl\u00fcgel. Dann ruht er sich noch etwas aus, bevor er bereit ist zu fliegen (Lotta, Lara und Tino).<\/p>\n<p><a href=\"http:\/\/wordpress.nibis.de\/gswrestedt\/thema-schmetterling\/schmetterling\/\" rel=\"attachment wp-att-1273\"><img loading=\"lazy\" decoding=\"async\" class=\"alignnone size-full wp-image-1273\" src=\"http:\/\/wordpress.nibis.de\/gswrestedt\/files\/2018\/04\/schmetterling.jpg\" alt=\"\" width=\"800\" height=\"711\" \/><\/a><\/p>\n<p>Der Schmetterling sitzt oben an seinem Schmetterlingsnetz (Wenke und Lina).<\/p>\n<p>Leider gibt es auch Raupen, Puppen und Schmetterlinge, die es nicht schaffen.<\/p>\n<div style=\"width: 640px;\" class=\"wp-video\"><video class=\"wp-video-shortcode\" id=\"video-1266-4\" width=\"640\" height=\"360\" preload=\"metadata\" controls=\"controls\"><source type=\"video\/mp4\" src=\"http:\/\/wordpress.nibis.de\/gswrestedt\/files\/2018\/04\/geschl\u00fcpfter-schmetterling.mp4?_=4\" \/><a href=\"http:\/\/wordpress.nibis.de\/gswrestedt\/files\/2018\/04\/geschl\u00fcpfter-schmetterling.mp4\">http:\/\/wordpress.nibis.de\/gswrestedt\/files\/2018\/04\/geschl\u00fcpfter-schmetterling.mp4<\/a><\/video><\/div>\n<p>&nbsp;<\/p>\n<p>&nbsp;<\/p>\n","protected":false},"excerpt":{"rendered":"<p>Am 06. April 2018 zogen Raupen in die Klassen 3a und 3b (Lara). Sie befanden sich in einer Transport-Plastikbox, auf deren Boden sich eine N\u00e4hrpaste befand (Max).\u00a0 Bis zu ihrer Verpuppung blieben sie in dieser Box. Jeden Tag fra\u00dfen sie &hellip; <a href=\"https:\/\/wordpress.nibis.de\/gswrestedt\/thema-schmetterling\/\">Weiterlesen <span class=\"meta-nav\">&rarr;<\/span><\/a><\/p>\n","protected":false},"author":1020,"featured_media":0,"parent":0,"menu_order":0,"comment_status":"closed","ping_status":"closed","template":"","meta":{"footnotes":""},"class_list":["post-1266","page","type-page","status-publish","hentry"],"_links":{"self":[{"href":"https:\/\/wordpress.nibis.de\/gswrestedt\/wp-json\/wp\/v2\/pages\/1266","targetHints":{"allow":["GET"]}}],"collection":[{"href":"https:\/\/wordpress.nibis.de\/gswrestedt\/wp-json\/wp\/v2\/pages"}],"about":[{"href":"https:\/\/wordpress.nibis.de\/gswrestedt\/wp-json\/wp\/v2\/types\/page"}],"author":[{"embeddable":true,"href":"https:\/\/wordpress.nibis.de\/gswrestedt\/wp-json\/wp\/v2\/users\/1020"}],"replies":[{"embeddable":true,"href":"https:\/\/wordpress.nibis.de\/gswrestedt\/wp-json\/wp\/v2\/comments?post=1266"}],"version-history":[{"count":8,"href":"https:\/\/wordpress.nibis.de\/gswrestedt\/wp-json\/wp\/v2\/pages\/1266\/revisions"}],"predecessor-version":[{"id":1570,"href":"https:\/\/wordpress.nibis.de\/gswrestedt\/wp-json\/wp\/v2\/pages\/1266\/revisions\/1570"}],"wp:attachment":[{"href":"https:\/\/wordpress.nibis.de\/gswrestedt\/wp-json\/wp\/v2\/media?parent=1266"}],"curies":[{"name":"wp","href":"https:\/\/api.w.org\/{rel}","templated":true}]}}