{"id":1664,"date":"2018-12-03T15:00:39","date_gmt":"2018-12-03T14:00:39","guid":{"rendered":"http:\/\/wordpress.nibis.de\/gswrestedt\/?page_id=1664"},"modified":"2018-12-12T09:31:01","modified_gmt":"2018-12-12T08:31:01","slug":"40-jahre-lehrerin","status":"publish","type":"page","link":"https:\/\/wordpress.nibis.de\/gswrestedt\/40-jahre-lehrerin\/","title":{"rendered":"40 Jahre Lehrerin!"},"content":{"rendered":"<p><strong>Am 3.12.2018<\/strong> feierte die Grundschule Wrestedt<strong> das 40j\u00e4hrige Dienstjubil\u00e4um unserer Schulleitung Frau Schneider<\/strong>.<\/p>\n<p>Die Klasse 4a f\u00fchrte das Theaterst\u00fcck &#8222;<strong>Schule fr\u00fcher<\/strong>&#8220; vor und <strong>alle Klassen sangen ein Lied<\/strong>. Frau Schneider war ganz \u00fcberrascht, denn sie wollte dieses Jubil\u00e4um ganz klammheimlich begehen. Nicht mit uns!<\/p>\n<p><a href=\"http:\/\/wordpress.nibis.de\/gswrestedt\/files\/2018\/12\/40.jpg\"><img loading=\"lazy\" decoding=\"async\" class=\"aligncenter size-full wp-image-1665\" src=\"http:\/\/wordpress.nibis.de\/gswrestedt\/files\/2018\/12\/40.jpg\" alt=\"\" width=\"800\" height=\"831\" \/><\/a><\/p>\n","protected":false},"excerpt":{"rendered":"<p>Am 3.12.2018 feierte die Grundschule Wrestedt das 40j\u00e4hrige Dienstjubil\u00e4um unserer Schulleitung Frau Schneider. Die Klasse 4a f\u00fchrte das Theaterst\u00fcck &#8222;Schule fr\u00fcher&#8220; vor und alle Klassen sangen ein Lied. Frau Schneider war ganz \u00fcberrascht, denn sie wollte dieses Jubil\u00e4um ganz klammheimlich &hellip; <a href=\"https:\/\/wordpress.nibis.de\/gswrestedt\/40-jahre-lehrerin\/\">Weiterlesen <span class=\"meta-nav\">&rarr;<\/span><\/a><\/p>\n","protected":false},"author":1020,"featured_media":0,"parent":0,"menu_order":0,"comment_status":"closed","ping_status":"closed","template":"","meta":{"footnotes":""},"class_list":["post-1664","page","type-page","status-publish","hentry"],"_links":{"self":[{"href":"https:\/\/wordpress.nibis.de\/gswrestedt\/wp-json\/wp\/v2\/pages\/1664","targetHints":{"allow":["GET"]}}],"collection":[{"href":"https:\/\/wordpress.nibis.de\/gswrestedt\/wp-json\/wp\/v2\/pages"}],"about":[{"href":"https:\/\/wordpress.nibis.de\/gswrestedt\/wp-json\/wp\/v2\/types\/page"}],"author":[{"embeddable":true,"href":"https:\/\/wordpress.nibis.de\/gswrestedt\/wp-json\/wp\/v2\/users\/1020"}],"replies":[{"embeddable":true,"href":"https:\/\/wordpress.nibis.de\/gswrestedt\/wp-json\/wp\/v2\/comments?post=1664"}],"version-history":[{"count":3,"href":"https:\/\/wordpress.nibis.de\/gswrestedt\/wp-json\/wp\/v2\/pages\/1664\/revisions"}],"predecessor-version":[{"id":1679,"href":"https:\/\/wordpress.nibis.de\/gswrestedt\/wp-json\/wp\/v2\/pages\/1664\/revisions\/1679"}],"wp:attachment":[{"href":"https:\/\/wordpress.nibis.de\/gswrestedt\/wp-json\/wp\/v2\/media?parent=1664"}],"curies":[{"name":"wp","href":"https:\/\/api.w.org\/{rel}","templated":true}]}}