{"id":1987,"date":"2019-06-25T11:29:02","date_gmt":"2019-06-25T09:29:02","guid":{"rendered":"https:\/\/wordpress.nibis.de\/gswrestedt\/?page_id=1987"},"modified":"2023-05-06T13:35:53","modified_gmt":"2023-05-06T11:35:53","slug":"probe","status":"publish","type":"page","link":"https:\/\/wordpress.nibis.de\/gswrestedt\/probe\/","title":{"rendered":"Probe, Generalprobe und Vorf\u00fchrung"},"content":{"rendered":"\n<p><strong>Am Dienstag, den 25.03.20<\/strong>23 <strong>probten die Klassen<\/strong> 1a, 2a, 3 und 4a von 9:00 bis 11:00 Uhr und die Klassen 1b, 2b und 4b von 11:00 bis 13:00 f\u00fcr ihre Vorstellungen.<\/p>\n\n\n\n<p>In der Turnhalle <strong>stellten Gina und Manuel die einzelnen Kunstst\u00fccke vor<\/strong> und teilten die Kinder in Gruppen ein.<\/p>\n\n\n\n<figure class=\"wp-block-image size-large\"><img loading=\"lazy\" decoding=\"async\" width=\"1024\" height=\"768\" src=\"https:\/\/wordpress.nibis.de\/gswrestedt\/files\/2023\/04\/IMG_1563-1024x768.jpg\" alt=\"\" class=\"wp-image-3028\" srcset=\"https:\/\/wordpress.nibis.de\/gswrestedt\/files\/2023\/04\/IMG_1563-1024x768.jpg 1024w, https:\/\/wordpress.nibis.de\/gswrestedt\/files\/2023\/04\/IMG_1563-300x225.jpg 300w, https:\/\/wordpress.nibis.de\/gswrestedt\/files\/2023\/04\/IMG_1563-768x576.jpg 768w, https:\/\/wordpress.nibis.de\/gswrestedt\/files\/2023\/04\/IMG_1563-1536x1152.jpg 1536w, https:\/\/wordpress.nibis.de\/gswrestedt\/files\/2023\/04\/IMG_1563-2048x1536.jpg 2048w\" sizes=\"auto, (max-width: 1024px) 100vw, 1024px\" \/><\/figure>\n\n\n\n<p>Es gab die <strong>Clowns, Tellerdreher, Ponys, Turnerinnen, Zauberer und die Seilt\u00e4nzerinnen<\/strong>. \u00dcberall in der Schule und im Zirkuszelt wure geprobt.<\/p>\n\n\n\n<figure class=\"wp-block-image size-large\"><img loading=\"lazy\" decoding=\"async\" width=\"1024\" height=\"768\" src=\"https:\/\/wordpress.nibis.de\/gswrestedt\/files\/2023\/04\/E7D8C7E1-146E-494C-A03D-F00D700CE9C3-1024x768.jpeg\" alt=\"\" class=\"wp-image-3026\" srcset=\"https:\/\/wordpress.nibis.de\/gswrestedt\/files\/2023\/04\/E7D8C7E1-146E-494C-A03D-F00D700CE9C3-1024x768.jpeg 1024w, https:\/\/wordpress.nibis.de\/gswrestedt\/files\/2023\/04\/E7D8C7E1-146E-494C-A03D-F00D700CE9C3-300x225.jpeg 300w, https:\/\/wordpress.nibis.de\/gswrestedt\/files\/2023\/04\/E7D8C7E1-146E-494C-A03D-F00D700CE9C3-768x576.jpeg 768w, https:\/\/wordpress.nibis.de\/gswrestedt\/files\/2023\/04\/E7D8C7E1-146E-494C-A03D-F00D700CE9C3-1536x1152.jpeg 1536w, https:\/\/wordpress.nibis.de\/gswrestedt\/files\/2023\/04\/E7D8C7E1-146E-494C-A03D-F00D700CE9C3-2048x1536.jpeg 2048w\" sizes=\"auto, (max-width: 1024px) 100vw, 1024px\" \/><\/figure>\n\n\n\n<p>Die Kinder \u00fcbten flei\u00dfig und mit viel Spa\u00df. Ein <strong>gro\u00dfes Lob an Gina und Manuel<\/strong>, die mit viel Geduld alles erkl\u00e4rten und vormachten. Beide waren immer freundlich und gut gelaunt und zeigten jedem Kind, was in ihm steckt!<\/p>\n\n\n\n<p><strong>Am Mittwoch, dem 26.03.23<\/strong> war es dann soweit! <strong>F\u00fcr die Klassen 1a, 2a, 3 und 4a<\/strong> war im gro\u00dfen Zirkuszelt <strong>Generalprobe<\/strong>. Und <strong>am Donnerstag, dem 27.03.2023<\/strong> war die Gerneralprobe <strong>f\u00fcr die Klasse 1b, 2b und 4b<\/strong>. Die anderen Klassen und der Maxiclub aus dem Kindergarten durften bei den Generalproben zu sehen.<\/p>\n\n\n\n<figure class=\"wp-block-gallery has-nested-images columns-default is-cropped wp-block-gallery-1 is-layout-flex wp-block-gallery-is-layout-flex\"><\/figure>\n\n\n\n<figure class=\"wp-block-image size-large\"><img loading=\"lazy\" decoding=\"async\" width=\"1024\" height=\"662\" src=\"https:\/\/wordpress.nibis.de\/gswrestedt\/files\/2023\/04\/D16CC89F-1486-4B93-AC2A-B99C350B7ABB-1024x662.jpeg\" alt=\"\" class=\"wp-image-3025\" srcset=\"https:\/\/wordpress.nibis.de\/gswrestedt\/files\/2023\/04\/D16CC89F-1486-4B93-AC2A-B99C350B7ABB-1024x662.jpeg 1024w, https:\/\/wordpress.nibis.de\/gswrestedt\/files\/2023\/04\/D16CC89F-1486-4B93-AC2A-B99C350B7ABB-300x194.jpeg 300w, https:\/\/wordpress.nibis.de\/gswrestedt\/files\/2023\/04\/D16CC89F-1486-4B93-AC2A-B99C350B7ABB-768x496.jpeg 768w, https:\/\/wordpress.nibis.de\/gswrestedt\/files\/2023\/04\/D16CC89F-1486-4B93-AC2A-B99C350B7ABB-1536x993.jpeg 1536w, https:\/\/wordpress.nibis.de\/gswrestedt\/files\/2023\/04\/D16CC89F-1486-4B93-AC2A-B99C350B7ABB-2048x1324.jpeg 2048w\" sizes=\"auto, (max-width: 1024px) 100vw, 1024px\" \/><\/figure>\n\n\n\n<p>Jeweils am Mittwoch- und Donnerstagabend fand <strong>die Vorf\u00fchrung<\/strong> vor Publikum statt. Viele Eltern, Geschwister, Gro\u00dfeltern und Freunde erlebten mit den Kindern ein tolles und unterhaltsames Programm. <strong>Es war fantastisch!<\/strong><\/p>\n<p><img loading=\"lazy\" decoding=\"async\" class=\"aligncenter  wp-image-3048\" src=\"https:\/\/wordpress.nibis.de\/gswrestedt\/files\/2023\/05\/Zirkus-300x200.jpg\" alt=\"\" width=\"724\" height=\"482\" srcset=\"https:\/\/wordpress.nibis.de\/gswrestedt\/files\/2023\/05\/Zirkus-300x200.jpg 300w, https:\/\/wordpress.nibis.de\/gswrestedt\/files\/2023\/05\/Zirkus-768x512.jpg 768w, https:\/\/wordpress.nibis.de\/gswrestedt\/files\/2023\/05\/Zirkus.jpg 800w\" sizes=\"auto, (max-width: 724px) 100vw, 724px\" \/><\/p>\n<p><img loading=\"lazy\" decoding=\"async\" class=\"aligncenter  wp-image-3050\" src=\"https:\/\/wordpress.nibis.de\/gswrestedt\/files\/2023\/05\/Zirkus3-300x200.jpg\" alt=\"\" width=\"785\" height=\"523\" srcset=\"https:\/\/wordpress.nibis.de\/gswrestedt\/files\/2023\/05\/Zirkus3-300x200.jpg 300w, https:\/\/wordpress.nibis.de\/gswrestedt\/files\/2023\/05\/Zirkus3-768x512.jpg 768w, https:\/\/wordpress.nibis.de\/gswrestedt\/files\/2023\/05\/Zirkus3.jpg 800w\" sizes=\"auto, (max-width: 785px) 100vw, 785px\" \/>Die Fotos der Vorf\u00fchrung wurden uns von Frau Huhnke zur Verf\u00fcgung gestellt. Danke daf\u00fcr.<\/p>\n","protected":false},"excerpt":{"rendered":"<p>Am Dienstag, den 25.03.2023 probten die Klassen 1a, 2a, 3 und 4a von 9:00 bis 11:00 Uhr und die Klassen 1b, 2b und 4b von 11:00 bis 13:00 f\u00fcr ihre Vorstellungen. In der Turnhalle stellten Gina und Manuel die einzelnen &hellip; <a href=\"https:\/\/wordpress.nibis.de\/gswrestedt\/probe\/\">Weiterlesen <span class=\"meta-nav\">&rarr;<\/span><\/a><\/p>\n","protected":false},"author":1020,"featured_media":0,"parent":0,"menu_order":0,"comment_status":"closed","ping_status":"closed","template":"","meta":{"footnotes":""},"class_list":["post-1987","page","type-page","status-publish","hentry"],"_links":{"self":[{"href":"https:\/\/wordpress.nibis.de\/gswrestedt\/wp-json\/wp\/v2\/pages\/1987","targetHints":{"allow":["GET"]}}],"collection":[{"href":"https:\/\/wordpress.nibis.de\/gswrestedt\/wp-json\/wp\/v2\/pages"}],"about":[{"href":"https:\/\/wordpress.nibis.de\/gswrestedt\/wp-json\/wp\/v2\/types\/page"}],"author":[{"embeddable":true,"href":"https:\/\/wordpress.nibis.de\/gswrestedt\/wp-json\/wp\/v2\/users\/1020"}],"replies":[{"embeddable":true,"href":"https:\/\/wordpress.nibis.de\/gswrestedt\/wp-json\/wp\/v2\/comments?post=1987"}],"version-history":[{"count":17,"href":"https:\/\/wordpress.nibis.de\/gswrestedt\/wp-json\/wp\/v2\/pages\/1987\/revisions"}],"predecessor-version":[{"id":3053,"href":"https:\/\/wordpress.nibis.de\/gswrestedt\/wp-json\/wp\/v2\/pages\/1987\/revisions\/3053"}],"wp:attachment":[{"href":"https:\/\/wordpress.nibis.de\/gswrestedt\/wp-json\/wp\/v2\/media?parent=1987"}],"curies":[{"name":"wp","href":"https:\/\/api.w.org\/{rel}","templated":true}]}}

Probe, Generalprobe und Vorführung

<p><strong>Am Dienstag, den 25.03.20</strong>23 <strong>probten die Klassen</strong> 1a, 2a, 3 und 4a von 9:00 bis 11:00 Uhr und die Klassen 1b, 2b und 4b von 11:00 bis 13:00 für ihre Vorstellungen.</p>



<p>In der Turnhalle <strong>stellten Gina und Manuel die einzelnen Kunststücke vor</strong> und teilten die Kinder in Gruppen ein.</p>



<figure class="wp-block-image size-large"><img loading="lazy" decoding="async" width="1024" height="768" src="https://wordpress.nibis.de/gswrestedt/files/2023/04/IMG_1563-1024x768.jpg" alt="" class="wp-image-3028" srcset="https://wordpress.nibis.de/gswrestedt/files/2023/04/IMG_1563-1024x768.jpg 1024w, https://wordpress.nibis.de/gswrestedt/files/2023/04/IMG_1563-300x225.jpg 300w, https://wordpress.nibis.de/gswrestedt/files/2023/04/IMG_1563-768x576.jpg 768w, https://wordpress.nibis.de/gswrestedt/files/2023/04/IMG_1563-1536x1152.jpg 1536w, https://wordpress.nibis.de/gswrestedt/files/2023/04/IMG_1563-2048x1536.jpg 2048w" sizes="auto, (max-width: 1024px) 100vw, 1024px" /></figure>



<p>Es gab die <strong>Clowns, Tellerdreher, Ponys, Turnerinnen, Zauberer und die Seiltänzerinnen</strong>. Überall in der Schule und im Zirkuszelt wure geprobt.</p>



<figure class="wp-block-image size-large"><img loading="lazy" decoding="async" width="1024" height="768" src="https://wordpress.nibis.de/gswrestedt/files/2023/04/E7D8C7E1-146E-494C-A03D-F00D700CE9C3-1024x768.jpeg" alt="" class="wp-image-3026" srcset="https://wordpress.nibis.de/gswrestedt/files/2023/04/E7D8C7E1-146E-494C-A03D-F00D700CE9C3-1024x768.jpeg 1024w, https://wordpress.nibis.de/gswrestedt/files/2023/04/E7D8C7E1-146E-494C-A03D-F00D700CE9C3-300x225.jpeg 300w, https://wordpress.nibis.de/gswrestedt/files/2023/04/E7D8C7E1-146E-494C-A03D-F00D700CE9C3-768x576.jpeg 768w, https://wordpress.nibis.de/gswrestedt/files/2023/04/E7D8C7E1-146E-494C-A03D-F00D700CE9C3-1536x1152.jpeg 1536w, https://wordpress.nibis.de/gswrestedt/files/2023/04/E7D8C7E1-146E-494C-A03D-F00D700CE9C3-2048x1536.jpeg 2048w" sizes="auto, (max-width: 1024px) 100vw, 1024px" /></figure>



<p>Die Kinder übten fleißig und mit viel Spaß. Ein <strong>großes Lob an Gina und Manuel</strong>, die mit viel Geduld alles erklärten und vormachten. Beide waren immer freundlich und gut gelaunt und zeigten jedem Kind, was in ihm steckt!</p>



<p><strong>Am Mittwoch, dem 26.03.23</strong> war es dann soweit! <strong>Für die Klassen 1a, 2a, 3 und 4a</strong> war im großen Zirkuszelt <strong>Generalprobe</strong>. Und <strong>am Donnerstag, dem 27.03.2023</strong> war die Gerneralprobe <strong>für die Klasse 1b, 2b und 4b</strong>. Die anderen Klassen und der Maxiclub aus dem Kindergarten durften bei den Generalproben zu sehen.</p>



<figure class="wp-block-gallery has-nested-images columns-default is-cropped wp-block-gallery-1 is-layout-flex wp-block-gallery-is-layout-flex"></figure>



<figure class="wp-block-image size-large"><img loading="lazy" decoding="async" width="1024" height="662" src="https://wordpress.nibis.de/gswrestedt/files/2023/04/D16CC89F-1486-4B93-AC2A-B99C350B7ABB-1024x662.jpeg" alt="" class="wp-image-3025" srcset="https://wordpress.nibis.de/gswrestedt/files/2023/04/D16CC89F-1486-4B93-AC2A-B99C350B7ABB-1024x662.jpeg 1024w, https://wordpress.nibis.de/gswrestedt/files/2023/04/D16CC89F-1486-4B93-AC2A-B99C350B7ABB-300x194.jpeg 300w, https://wordpress.nibis.de/gswrestedt/files/2023/04/D16CC89F-1486-4B93-AC2A-B99C350B7ABB-768x496.jpeg 768w, https://wordpress.nibis.de/gswrestedt/files/2023/04/D16CC89F-1486-4B93-AC2A-B99C350B7ABB-1536x993.jpeg 1536w, https://wordpress.nibis.de/gswrestedt/files/2023/04/D16CC89F-1486-4B93-AC2A-B99C350B7ABB-2048x1324.jpeg 2048w" sizes="auto, (max-width: 1024px) 100vw, 1024px" /></figure>



<p>Jeweils am Mittwoch- und Donnerstagabend fand <strong>die Vorführung</strong> vor Publikum statt. Viele Eltern, Geschwister, Großeltern und Freunde erlebten mit den Kindern ein tolles und unterhaltsames Programm. <strong>Es war fantastisch!</strong></p>
<p><img loading="lazy" decoding="async" class="aligncenter  wp-image-3048" src="https://wordpress.nibis.de/gswrestedt/files/2023/05/Zirkus-300x200.jpg" alt="" width="724" height="482" srcset="https://wordpress.nibis.de/gswrestedt/files/2023/05/Zirkus-300x200.jpg 300w, https://wordpress.nibis.de/gswrestedt/files/2023/05/Zirkus-768x512.jpg 768w, https://wordpress.nibis.de/gswrestedt/files/2023/05/Zirkus.jpg 800w" sizes="auto, (max-width: 724px) 100vw, 724px" /></p>
<p><img loading="lazy" decoding="async" class="aligncenter  wp-image-3050" src="https://wordpress.nibis.de/gswrestedt/files/2023/05/Zirkus3-300x200.jpg" alt="" width="785" height="523" srcset="https://wordpress.nibis.de/gswrestedt/files/2023/05/Zirkus3-300x200.jpg 300w, https://wordpress.nibis.de/gswrestedt/files/2023/05/Zirkus3-768x512.jpg 768w, https://wordpress.nibis.de/gswrestedt/files/2023/05/Zirkus3.jpg 800w" sizes="auto, (max-width: 785px) 100vw, 785px" />Die Fotos der Vorführung wurden uns von Frau Huhnke zur Verfügung gestellt. Danke dafür.</p>

<p>Am Dienstag, den 25.03.2023 probten die Klassen 1a, 2a, 3 und 4a von 9:00 bis 11:00 Uhr und die Klassen 1b, 2b und 4b von 11:00 bis 13:00 für ihre Vorstellungen. In der Turnhalle stellten Gina und Manuel die einzelnen &hellip; <a href="https://wordpress.nibis.de/gswrestedt/probe/">Weiterlesen <span class="meta-nav">&rarr;</span></a></p>
