{"id":2204,"date":"2020-02-03T19:54:31","date_gmt":"2020-02-03T18:54:31","guid":{"rendered":"https:\/\/wordpress.nibis.de\/gswrestedt\/?page_id=2204"},"modified":"2020-03-25T08:42:12","modified_gmt":"2020-03-25T07:42:12","slug":"verabschiedung-unserer-schulleitung","status":"publish","type":"page","link":"https:\/\/wordpress.nibis.de\/gswrestedt\/verabschiedung-unserer-schulleitung\/","title":{"rendered":"Verabschiedung unserer Schulleitung"},"content":{"rendered":"\n<p>Am 30.01.2020 verabschiedeten die Sch\u00fcler und Lehrerinnen schweren Herzens ihre Schulleiterin Annette Schneider, die 19 Jahre die Grundschule Wrestedt mit vollem Einsatz geleitet hat. Jetzt geht sie nach 41 Jahren Schuldienst in den Ruhestand.  <\/p>\n\n\n\n<div class=\"wp-block-image\"><figure class=\"aligncenter is-resized\"><img loading=\"lazy\" decoding=\"async\" src=\"https:\/\/wordpress.nibis.de\/gswrestedt\/files\/2020\/03\/IMG_0725-690x1024.jpg\" alt=\"\" class=\"wp-image-2264\" width=\"484\" height=\"717\" srcset=\"https:\/\/wordpress.nibis.de\/gswrestedt\/files\/2020\/03\/IMG_0725.jpg 690w, https:\/\/wordpress.nibis.de\/gswrestedt\/files\/2020\/03\/IMG_0725-202x300.jpg 202w\" sizes=\"auto, (max-width: 484px) 100vw, 484px\" \/><\/figure><\/div>\n\n\n\n<p>Heimlich studierten alle Klassen Darbietungen ein. Das war gar nicht so einfach, denn die Schulleitung h\u00f6rt und sieht ja bekanntlich fast alles.<\/p>\n\n\n\n<p>Die Klasse 1a und Klasse 2 f\u00fchrten einen anmutigen T\u00fcchertanz auf.<\/p>\n\n\n\n<figure class=\"wp-block-image\"><img loading=\"lazy\" decoding=\"async\" width=\"800\" height=\"533\" src=\"https:\/\/wordpress.nibis.de\/gswrestedt\/files\/2020\/02\/AAATanz12.jpg\" alt=\"\" class=\"wp-image-2207\" srcset=\"https:\/\/wordpress.nibis.de\/gswrestedt\/files\/2020\/02\/AAATanz12.jpg 800w, https:\/\/wordpress.nibis.de\/gswrestedt\/files\/2020\/02\/AAATanz12-300x200.jpg 300w, https:\/\/wordpress.nibis.de\/gswrestedt\/files\/2020\/02\/AAATanz12-768x512.jpg 768w\" sizes=\"auto, (max-width: 800px) 100vw, 800px\" \/><\/figure>\n\n\n\n<p>Klasse 1a und 1b sagten ein gemeinsames Gedicht auf.<\/p>\n\n\n\n<figure class=\"wp-block-image\"><img loading=\"lazy\" decoding=\"async\" width=\"800\" height=\"533\" src=\"https:\/\/wordpress.nibis.de\/gswrestedt\/files\/2020\/02\/AAAGedicht1.jpg\" alt=\"\" class=\"wp-image-2208\" srcset=\"https:\/\/wordpress.nibis.de\/gswrestedt\/files\/2020\/02\/AAAGedicht1.jpg 800w, https:\/\/wordpress.nibis.de\/gswrestedt\/files\/2020\/02\/AAAGedicht1-300x200.jpg 300w, https:\/\/wordpress.nibis.de\/gswrestedt\/files\/2020\/02\/AAAGedicht1-768x512.jpg 768w\" sizes=\"auto, (max-width: 800px) 100vw, 800px\" \/><\/figure>\n\n\n\n<p>Klasse 2 moderierte durch die Verabschiedung.<\/p>\n\n\n\n<ul class=\"wp-block-gallery columns-3 is-cropped wp-block-gallery-1 is-layout-flex wp-block-gallery-is-layout-flex\"><li class=\"blocks-gallery-item\"><figure><img loading=\"lazy\" decoding=\"async\" width=\"800\" height=\"533\" src=\"https:\/\/wordpress.nibis.de\/gswrestedt\/files\/2020\/02\/AAATimrede.jpg\" alt=\"\" data-id=\"2209\" data-link=\"https:\/\/wordpress.nibis.de\/gswrestedt\/?attachment_id=2209\" class=\"wp-image-2209\" srcset=\"https:\/\/wordpress.nibis.de\/gswrestedt\/files\/2020\/02\/AAATimrede.jpg 800w, https:\/\/wordpress.nibis.de\/gswrestedt\/files\/2020\/02\/AAATimrede-300x200.jpg 300w, https:\/\/wordpress.nibis.de\/gswrestedt\/files\/2020\/02\/AAATimrede-768x512.jpg 768w\" sizes=\"auto, (max-width: 800px) 100vw, 800px\" \/><\/figure><\/li><li class=\"blocks-gallery-item\"><figure><img loading=\"lazy\" decoding=\"async\" width=\"683\" height=\"1024\" src=\"https:\/\/wordpress.nibis.de\/gswrestedt\/files\/2020\/02\/paul-683x1024.jpg\" alt=\"\" data-id=\"2210\" data-link=\"https:\/\/wordpress.nibis.de\/gswrestedt\/?attachment_id=2210\" class=\"wp-image-2210\" srcset=\"https:\/\/wordpress.nibis.de\/gswrestedt\/files\/2020\/02\/paul-683x1024.jpg 683w, https:\/\/wordpress.nibis.de\/gswrestedt\/files\/2020\/02\/paul-200x300.jpg 200w, https:\/\/wordpress.nibis.de\/gswrestedt\/files\/2020\/02\/paul-768x1152.jpg 768w, https:\/\/wordpress.nibis.de\/gswrestedt\/files\/2020\/02\/paul.jpg 800w\" sizes=\"auto, (max-width: 683px) 100vw, 683px\" \/><\/figure><\/li><li class=\"blocks-gallery-item\"><figure><img loading=\"lazy\" decoding=\"async\" width=\"800\" height=\"533\" src=\"https:\/\/wordpress.nibis.de\/gswrestedt\/files\/2020\/02\/moderation.jpg\" alt=\"\" data-id=\"2211\" data-link=\"https:\/\/wordpress.nibis.de\/gswrestedt\/?attachment_id=2211\" class=\"wp-image-2211\" srcset=\"https:\/\/wordpress.nibis.de\/gswrestedt\/files\/2020\/02\/moderation.jpg 800w, https:\/\/wordpress.nibis.de\/gswrestedt\/files\/2020\/02\/moderation-300x200.jpg 300w, https:\/\/wordpress.nibis.de\/gswrestedt\/files\/2020\/02\/moderation-768x512.jpg 768w\" sizes=\"auto, (max-width: 800px) 100vw, 800px\" \/><\/figure><\/li><\/ul>\n\n\n\n<p>Klasse 3a und 3b sangen ein Abschiedslied.<\/p>\n\n\n\n<figure class=\"wp-block-image\"><img loading=\"lazy\" decoding=\"async\" width=\"800\" height=\"533\" src=\"https:\/\/wordpress.nibis.de\/gswrestedt\/files\/2020\/02\/AAAUlrike.jpg\" alt=\"\" class=\"wp-image-2212\" srcset=\"https:\/\/wordpress.nibis.de\/gswrestedt\/files\/2020\/02\/AAAUlrike.jpg 800w, https:\/\/wordpress.nibis.de\/gswrestedt\/files\/2020\/02\/AAAUlrike-300x200.jpg 300w, https:\/\/wordpress.nibis.de\/gswrestedt\/files\/2020\/02\/AAAUlrike-768x512.jpg 768w\" sizes=\"auto, (max-width: 800px) 100vw, 800px\" \/><\/figure>\n\n\n\n<p>Klasse 4 f\u00fchrte ein Zauberst\u00fcck auf und tanzte zu Dance Monkey.<\/p>\n\n\n\n<figure class=\"wp-block-image\"><img loading=\"lazy\" decoding=\"async\" width=\"800\" height=\"533\" src=\"https:\/\/wordpress.nibis.de\/gswrestedt\/files\/2020\/02\/AAAZauberer.jpg\" alt=\"\" class=\"wp-image-2213\" srcset=\"https:\/\/wordpress.nibis.de\/gswrestedt\/files\/2020\/02\/AAAZauberer.jpg 800w, https:\/\/wordpress.nibis.de\/gswrestedt\/files\/2020\/02\/AAAZauberer-300x200.jpg 300w, https:\/\/wordpress.nibis.de\/gswrestedt\/files\/2020\/02\/AAAZauberer-768x512.jpg 768w\" sizes=\"auto, (max-width: 800px) 100vw, 800px\" \/><\/figure>\n\n\n\n<p>Unsere Schulleitung war sichtlich ger\u00fchrt und musste mehrmals mit den Tr\u00e4nen k\u00e4mpfen (nicht nur sie). Denn die Kinder werden ihr fehlen. F\u00fcr sie hat sie sich immer eingesetzt. Am Ende der Veranstaltung wurden ihr Geschenke \u00fcberreicht, die einen ganzen Koffer f\u00fchlten.<\/p>\n\n\n\n<figure class=\"wp-block-image\"><img loading=\"lazy\" decoding=\"async\" width=\"800\" height=\"533\" src=\"https:\/\/wordpress.nibis.de\/gswrestedt\/files\/2020\/02\/AAAJUlius-1.jpg\" alt=\"\" class=\"wp-image-2214\" srcset=\"https:\/\/wordpress.nibis.de\/gswrestedt\/files\/2020\/02\/AAAJUlius-1.jpg 800w, https:\/\/wordpress.nibis.de\/gswrestedt\/files\/2020\/02\/AAAJUlius-1-300x200.jpg 300w, https:\/\/wordpress.nibis.de\/gswrestedt\/files\/2020\/02\/AAAJUlius-1-768x512.jpg 768w\" sizes=\"auto, (max-width: 800px) 100vw, 800px\" \/><\/figure>\n\n\n\n<p>Ihre Nachfolge wird Frau Jung antreten, die ihre Pr\u00fcfungen erfolgreich absolviert hat und in den letzten Wochen kr\u00e4ftig eingearbeitet wurde.<\/p>\n\n\n\n<figure class=\"wp-block-image\"><img loading=\"lazy\" decoding=\"async\" width=\"800\" height=\"533\" src=\"https:\/\/wordpress.nibis.de\/gswrestedt\/files\/2020\/02\/AAAJutta.jpg\" alt=\"\" class=\"wp-image-2217\" srcset=\"https:\/\/wordpress.nibis.de\/gswrestedt\/files\/2020\/02\/AAAJutta.jpg 800w, https:\/\/wordpress.nibis.de\/gswrestedt\/files\/2020\/02\/AAAJutta-300x200.jpg 300w, https:\/\/wordpress.nibis.de\/gswrestedt\/files\/2020\/02\/AAAJutta-768x512.jpg 768w\" sizes=\"auto, (max-width: 800px) 100vw, 800px\" \/><\/figure>\n","protected":false},"excerpt":{"rendered":"<p>Am 30.01.2020 verabschiedeten die Sch\u00fcler und Lehrerinnen schweren Herzens ihre Schulleiterin Annette Schneider, die 19 Jahre die Grundschule Wrestedt mit vollem Einsatz geleitet hat. Jetzt geht sie nach 41 Jahren Schuldienst in den Ruhestand. Heimlich studierten alle Klassen Darbietungen ein. &hellip; <a href=\"https:\/\/wordpress.nibis.de\/gswrestedt\/verabschiedung-unserer-schulleitung\/\">Weiterlesen <span class=\"meta-nav\">&rarr;<\/span><\/a><\/p>\n","protected":false},"author":1020,"featured_media":0,"parent":0,"menu_order":0,"comment_status":"closed","ping_status":"closed","template":"","meta":{"footnotes":""},"class_list":["post-2204","page","type-page","status-publish","hentry"],"_links":{"self":[{"href":"https:\/\/wordpress.nibis.de\/gswrestedt\/wp-json\/wp\/v2\/pages\/2204","targetHints":{"allow":["GET"]}}],"collection":[{"href":"https:\/\/wordpress.nibis.de\/gswrestedt\/wp-json\/wp\/v2\/pages"}],"about":[{"href":"https:\/\/wordpress.nibis.de\/gswrestedt\/wp-json\/wp\/v2\/types\/page"}],"author":[{"embeddable":true,"href":"https:\/\/wordpress.nibis.de\/gswrestedt\/wp-json\/wp\/v2\/users\/1020"}],"replies":[{"embeddable":true,"href":"https:\/\/wordpress.nibis.de\/gswrestedt\/wp-json\/wp\/v2\/comments?post=2204"}],"version-history":[{"count":4,"href":"https:\/\/wordpress.nibis.de\/gswrestedt\/wp-json\/wp\/v2\/pages\/2204\/revisions"}],"predecessor-version":[{"id":2266,"href":"https:\/\/wordpress.nibis.de\/gswrestedt\/wp-json\/wp\/v2\/pages\/2204\/revisions\/2266"}],"wp:attachment":[{"href":"https:\/\/wordpress.nibis.de\/gswrestedt\/wp-json\/wp\/v2\/media?parent=2204"}],"curies":[{"name":"wp","href":"https:\/\/api.w.org\/{rel}","templated":true}]}}

<p>Am 30.01.2020 verabschiedeten die Schüler und Lehrerinnen schweren Herzens ihre Schulleiterin Annette Schneider, die 19 Jahre die Grundschule Wrestedt mit vollem Einsatz geleitet hat. Jetzt geht sie nach 41 Jahren Schuldienst in den Ruhestand.  </p>



<div class="wp-block-image"><figure class="aligncenter is-resized"><img loading="lazy" decoding="async" src="https://wordpress.nibis.de/gswrestedt/files/2020/03/IMG_0725-690x1024.jpg" alt="" class="wp-image-2264" width="484" height="717" srcset="https://wordpress.nibis.de/gswrestedt/files/2020/03/IMG_0725.jpg 690w, https://wordpress.nibis.de/gswrestedt/files/2020/03/IMG_0725-202x300.jpg 202w" sizes="auto, (max-width: 484px) 100vw, 484px" /></figure></div>



<p>Heimlich studierten alle Klassen Darbietungen ein. Das war gar nicht so einfach, denn die Schulleitung hört und sieht ja bekanntlich fast alles.</p>



<p>Die Klasse 1a und Klasse 2 führten einen anmutigen Tüchertanz auf.</p>



<figure class="wp-block-image"><img loading="lazy" decoding="async" width="800" height="533" src="https://wordpress.nibis.de/gswrestedt/files/2020/02/AAATanz12.jpg" alt="" class="wp-image-2207" srcset="https://wordpress.nibis.de/gswrestedt/files/2020/02/AAATanz12.jpg 800w, https://wordpress.nibis.de/gswrestedt/files/2020/02/AAATanz12-300x200.jpg 300w, https://wordpress.nibis.de/gswrestedt/files/2020/02/AAATanz12-768x512.jpg 768w" sizes="auto, (max-width: 800px) 100vw, 800px" /></figure>



<p>Klasse 1a und 1b sagten ein gemeinsames Gedicht auf.</p>



<figure class="wp-block-image"><img loading="lazy" decoding="async" width="800" height="533" src="https://wordpress.nibis.de/gswrestedt/files/2020/02/AAAGedicht1.jpg" alt="" class="wp-image-2208" srcset="https://wordpress.nibis.de/gswrestedt/files/2020/02/AAAGedicht1.jpg 800w, https://wordpress.nibis.de/gswrestedt/files/2020/02/AAAGedicht1-300x200.jpg 300w, https://wordpress.nibis.de/gswrestedt/files/2020/02/AAAGedicht1-768x512.jpg 768w" sizes="auto, (max-width: 800px) 100vw, 800px" /></figure>



<p>Klasse 2 moderierte durch die Verabschiedung.</p>



<ul class="wp-block-gallery columns-3 is-cropped wp-block-gallery-1 is-layout-flex wp-block-gallery-is-layout-flex"><li class="blocks-gallery-item"><figure><img loading="lazy" decoding="async" width="800" height="533" src="https://wordpress.nibis.de/gswrestedt/files/2020/02/AAATimrede.jpg" alt="" data-id="2209" data-link="https://wordpress.nibis.de/gswrestedt/?attachment_id=2209" class="wp-image-2209" srcset="https://wordpress.nibis.de/gswrestedt/files/2020/02/AAATimrede.jpg 800w, https://wordpress.nibis.de/gswrestedt/files/2020/02/AAATimrede-300x200.jpg 300w, https://wordpress.nibis.de/gswrestedt/files/2020/02/AAATimrede-768x512.jpg 768w" sizes="auto, (max-width: 800px) 100vw, 800px" /></figure></li><li class="blocks-gallery-item"><figure><img loading="lazy" decoding="async" width="683" height="1024" src="https://wordpress.nibis.de/gswrestedt/files/2020/02/paul-683x1024.jpg" alt="" data-id="2210" data-link="https://wordpress.nibis.de/gswrestedt/?attachment_id=2210" class="wp-image-2210" srcset="https://wordpress.nibis.de/gswrestedt/files/2020/02/paul-683x1024.jpg 683w, https://wordpress.nibis.de/gswrestedt/files/2020/02/paul-200x300.jpg 200w, https://wordpress.nibis.de/gswrestedt/files/2020/02/paul-768x1152.jpg 768w, https://wordpress.nibis.de/gswrestedt/files/2020/02/paul.jpg 800w" sizes="auto, (max-width: 683px) 100vw, 683px" /></figure></li><li class="blocks-gallery-item"><figure><img loading="lazy" decoding="async" width="800" height="533" src="https://wordpress.nibis.de/gswrestedt/files/2020/02/moderation.jpg" alt="" data-id="2211" data-link="https://wordpress.nibis.de/gswrestedt/?attachment_id=2211" class="wp-image-2211" srcset="https://wordpress.nibis.de/gswrestedt/files/2020/02/moderation.jpg 800w, https://wordpress.nibis.de/gswrestedt/files/2020/02/moderation-300x200.jpg 300w, https://wordpress.nibis.de/gswrestedt/files/2020/02/moderation-768x512.jpg 768w" sizes="auto, (max-width: 800px) 100vw, 800px" /></figure></li></ul>



<p>Klasse 3a und 3b sangen ein Abschiedslied.</p>



<figure class="wp-block-image"><img loading="lazy" decoding="async" width="800" height="533" src="https://wordpress.nibis.de/gswrestedt/files/2020/02/AAAUlrike.jpg" alt="" class="wp-image-2212" srcset="https://wordpress.nibis.de/gswrestedt/files/2020/02/AAAUlrike.jpg 800w, https://wordpress.nibis.de/gswrestedt/files/2020/02/AAAUlrike-300x200.jpg 300w, https://wordpress.nibis.de/gswrestedt/files/2020/02/AAAUlrike-768x512.jpg 768w" sizes="auto, (max-width: 800px) 100vw, 800px" /></figure>



<p>Klasse 4 führte ein Zauberstück auf und tanzte zu Dance Monkey.</p>



<figure class="wp-block-image"><img loading="lazy" decoding="async" width="800" height="533" src="https://wordpress.nibis.de/gswrestedt/files/2020/02/AAAZauberer.jpg" alt="" class="wp-image-2213" srcset="https://wordpress.nibis.de/gswrestedt/files/2020/02/AAAZauberer.jpg 800w, https://wordpress.nibis.de/gswrestedt/files/2020/02/AAAZauberer-300x200.jpg 300w, https://wordpress.nibis.de/gswrestedt/files/2020/02/AAAZauberer-768x512.jpg 768w" sizes="auto, (max-width: 800px) 100vw, 800px" /></figure>



<p>Unsere Schulleitung war sichtlich gerührt und musste mehrmals mit den Tränen kämpfen (nicht nur sie). Denn die Kinder werden ihr fehlen. Für sie hat sie sich immer eingesetzt. Am Ende der Veranstaltung wurden ihr Geschenke überreicht, die einen ganzen Koffer fühlten.</p>



<figure class="wp-block-image"><img loading="lazy" decoding="async" width="800" height="533" src="https://wordpress.nibis.de/gswrestedt/files/2020/02/AAAJUlius-1.jpg" alt="" class="wp-image-2214" srcset="https://wordpress.nibis.de/gswrestedt/files/2020/02/AAAJUlius-1.jpg 800w, https://wordpress.nibis.de/gswrestedt/files/2020/02/AAAJUlius-1-300x200.jpg 300w, https://wordpress.nibis.de/gswrestedt/files/2020/02/AAAJUlius-1-768x512.jpg 768w" sizes="auto, (max-width: 800px) 100vw, 800px" /></figure>



<p>Ihre Nachfolge wird Frau Jung antreten, die ihre Prüfungen erfolgreich absolviert hat und in den letzten Wochen kräftig eingearbeitet wurde.</p>



<figure class="wp-block-image"><img loading="lazy" decoding="async" width="800" height="533" src="https://wordpress.nibis.de/gswrestedt/files/2020/02/AAAJutta.jpg" alt="" class="wp-image-2217" srcset="https://wordpress.nibis.de/gswrestedt/files/2020/02/AAAJutta.jpg 800w, https://wordpress.nibis.de/gswrestedt/files/2020/02/AAAJutta-300x200.jpg 300w, https://wordpress.nibis.de/gswrestedt/files/2020/02/AAAJutta-768x512.jpg 768w" sizes="auto, (max-width: 800px) 100vw, 800px" /></figure>

<p>Am 30.01.2020 verabschiedeten die Schüler und Lehrerinnen schweren Herzens ihre Schulleiterin Annette Schneider, die 19 Jahre die Grundschule Wrestedt mit vollem Einsatz geleitet hat. Jetzt geht sie nach 41 Jahren Schuldienst in den Ruhestand. Heimlich studierten alle Klassen Darbietungen ein. &hellip; <a href="https://wordpress.nibis.de/gswrestedt/verabschiedung-unserer-schulleitung/">Weiterlesen <span class="meta-nav">&rarr;</span></a></p>
