{"id":3137,"date":"2023-09-05T19:22:36","date_gmt":"2023-09-05T17:22:36","guid":{"rendered":"https:\/\/wordpress.nibis.de\/gswrestedt\/?page_id=3137"},"modified":"2023-09-05T19:22:36","modified_gmt":"2023-09-05T17:22:36","slug":"beratung","status":"publish","type":"page","link":"https:\/\/wordpress.nibis.de\/gswrestedt\/beratung\/","title":{"rendered":"Beratung"},"content":{"rendered":"\n<p>Liebe Kinder, lieber Eltern,<\/p>\n<p>an unseres Schule versuchen wir jeden Tag, alle Sch\u00fclerinnen und Sch\u00fcler nach Kr\u00e4ften zu unterst\u00fctzen. Trotzdem gibt es manchmal besondere Situationen, in denen man alleine nicht weiterkommt. Zum Beispiel beim Streit mit Mitsch\u00fclern oder Mitsch\u00fclerinnen, Schwierigkeiten beim Lernen, Ausnahmesituationen im Elternhaus und vieles mehr.<\/p>\n<p>H\u00e4ufig hilft es schon, einfach \u00fcber eine Sache zu reden. Manchmal sind weitere Ma\u00dfnahmen n\u00f6tig. Die Beratung unterliegt der Schweigepflicht!<\/p>\n<p>Ich freue mich, dass ich in diesem Schulhalbjahr eine feste <strong>Beratungsstunde<\/strong> anbieten kann:<\/p>\n<p><strong> Wann? Donnerstag 9:45 Uhr bis 10:30 Uhr<\/strong> (oder nach Vereinbarung)<\/p>\n<p><strong>Wo? Beratungsraum<\/strong> (kleiner Gruppenraum)<\/p>\n<p>Kontakt: <a href=\"&#x6d;&#x61;&#105;l&#x74;&#x6f;&#x3a;&#98;e&#x74;&#x74;&#x69;&#110;a&#x2e;&#x62;&#x75;&#115;s&#x40;&#x67;&#x72;&#117;n&#x64;&#x73;&#x63;&#104;u&#x6c;&#x65;&#x2d;&#119;r&#x65;&#x73;&#x74;&#101;d&#x74;&#x2e;&#x64;&#101;\" target=\"_blank\" rel=\"noopener\">b&#101;&#116;&#x74;&#x69;&#x6e;a&#46;&#98;&#x75;&#x73;&#x73;&#64;g&#114;&#x75;&#x6e;&#x64;sc&#104;&#117;&#x6c;&#x65;&#x2d;w&#114;&#101;&#x73;&#x74;&#x65;d&#116;&#46;&#x64;&#x65;<\/a> (oder einfach ansprechen)<\/p>\n<p>Liebe Gr\u00fc\u00dfe Frau Buss (Beratungslehrerin)<\/p>\n","protected":false},"excerpt":{"rendered":"<p>Liebe Kinder, lieber Eltern, an unseres Schule versuchen wir jeden Tag, alle Sch\u00fclerinnen und Sch\u00fcler nach Kr\u00e4ften zu unterst\u00fctzen. Trotzdem gibt es manchmal besondere Situationen, in denen man alleine nicht weiterkommt. Zum Beispiel beim Streit mit Mitsch\u00fclern oder Mitsch\u00fclerinnen, Schwierigkeiten &hellip; <a href=\"https:\/\/wordpress.nibis.de\/gswrestedt\/beratung\/\">Weiterlesen <span class=\"meta-nav\">&rarr;<\/span><\/a><\/p>\n","protected":false},"author":1020,"featured_media":0,"parent":0,"menu_order":0,"comment_status":"closed","ping_status":"closed","template":"","meta":{"footnotes":""},"class_list":["post-3137","page","type-page","status-publish","hentry"],"_links":{"self":[{"href":"https:\/\/wordpress.nibis.de\/gswrestedt\/wp-json\/wp\/v2\/pages\/3137","targetHints":{"allow":["GET"]}}],"collection":[{"href":"https:\/\/wordpress.nibis.de\/gswrestedt\/wp-json\/wp\/v2\/pages"}],"about":[{"href":"https:\/\/wordpress.nibis.de\/gswrestedt\/wp-json\/wp\/v2\/types\/page"}],"author":[{"embeddable":true,"href":"https:\/\/wordpress.nibis.de\/gswrestedt\/wp-json\/wp\/v2\/users\/1020"}],"replies":[{"embeddable":true,"href":"https:\/\/wordpress.nibis.de\/gswrestedt\/wp-json\/wp\/v2\/comments?post=3137"}],"version-history":[{"count":1,"href":"https:\/\/wordpress.nibis.de\/gswrestedt\/wp-json\/wp\/v2\/pages\/3137\/revisions"}],"predecessor-version":[{"id":3138,"href":"https:\/\/wordpress.nibis.de\/gswrestedt\/wp-json\/wp\/v2\/pages\/3137\/revisions\/3138"}],"wp:attachment":[{"href":"https:\/\/wordpress.nibis.de\/gswrestedt\/wp-json\/wp\/v2\/media?parent=3137"}],"curies":[{"name":"wp","href":"https:\/\/api.w.org\/{rel}","templated":true}]}}