{"id":3205,"date":"2023-12-03T10:34:37","date_gmt":"2023-12-03T09:34:37","guid":{"rendered":"https:\/\/wordpress.nibis.de\/gswrestedt\/?page_id=3205"},"modified":"2023-12-03T10:34:37","modified_gmt":"2023-12-03T09:34:37","slug":"wir-singen-auf-dem-weihnachtsmarkt","status":"publish","type":"page","link":"https:\/\/wordpress.nibis.de\/gswrestedt\/wir-singen-auf-dem-weihnachtsmarkt\/","title":{"rendered":"Wir singen auf dem Weihnachtsmarkt"},"content":{"rendered":"\n<p>Am <strong>02.12.2023<\/strong> hatte unsere Schule einen <strong>Auftritt auf dem Weihnachtsmarkt<\/strong> in Wrestedt. Die Aufregung war gro\u00df, als sich alle Kinder auf der extra aufgebauten Trib\u00fcne versammelten.\u00a0<\/p>\n<p>Das erste Lied, <strong>&#8222;Schneefl\u00f6ckchen, Wei\u00dfr\u00f6ckchen&#8220;<\/strong>, passte prima zum Abend, denn es schneite tats\u00e4chlich dicke Flocken.<\/p>\n<p><img loading=\"lazy\" decoding=\"async\" class=\"size-medium wp-image-3207 aligncenter\" src=\"https:\/\/wordpress.nibis.de\/gswrestedt\/files\/2023\/12\/Tanne-225x300.jpg\" alt=\"\" width=\"225\" height=\"300\" srcset=\"https:\/\/wordpress.nibis.de\/gswrestedt\/files\/2023\/12\/Tanne-225x300.jpg 225w, https:\/\/wordpress.nibis.de\/gswrestedt\/files\/2023\/12\/Tanne-768x1024.jpg 768w, https:\/\/wordpress.nibis.de\/gswrestedt\/files\/2023\/12\/Tanne-1152x1536.jpg 1152w, https:\/\/wordpress.nibis.de\/gswrestedt\/files\/2023\/12\/Tanne-1536x2048.jpg 1536w, https:\/\/wordpress.nibis.de\/gswrestedt\/files\/2023\/12\/Tanne-scaled.jpg 1920w\" sizes=\"auto, (max-width: 225px) 100vw, 225px\" \/><\/p>\n<p>Besinnlich wurde es bei den Liedern <strong>&#8222;Engel gucken schon um`s Eck&#8220;<\/strong> und <strong>&#8222;Kinder tragen Licht ins Dunkel&#8220;<\/strong>. Manche erwachsene Zuh\u00f6rer hatten Tr\u00e4nen in den Augen, als alle S\u00e4ngerinnen und S\u00e4nger ein Teelicht anmachten und damit symbolisch Hoffnung, Freude und Friede in die Welt trugen.<\/p>\n<p><img loading=\"lazy\" decoding=\"async\" class=\"aligncenter size-medium wp-image-3206\" src=\"https:\/\/wordpress.nibis.de\/gswrestedt\/files\/2023\/12\/Kerzen-300x191.jpg\" alt=\"\" width=\"300\" height=\"191\" srcset=\"https:\/\/wordpress.nibis.de\/gswrestedt\/files\/2023\/12\/Kerzen-300x191.jpg 300w, https:\/\/wordpress.nibis.de\/gswrestedt\/files\/2023\/12\/Kerzen-1024x652.jpg 1024w, https:\/\/wordpress.nibis.de\/gswrestedt\/files\/2023\/12\/Kerzen-768x489.jpg 768w, https:\/\/wordpress.nibis.de\/gswrestedt\/files\/2023\/12\/Kerzen-1536x978.jpg 1536w, https:\/\/wordpress.nibis.de\/gswrestedt\/files\/2023\/12\/Kerzen.jpg 1623w\" sizes=\"auto, (max-width: 300px) 100vw, 300px\" \/><\/p>\n<p>Das letzte Lied <strong>&#8222;Das Rentier&#8220;<\/strong> sorgte dann f\u00fcr einige Lacher, als die Kinder mit Inbrunst den Text sangen (Rataplam, rataplam, rataplam, plong, pling, Ding dong, ding dong, dingelingeling!)<\/p>\n<p><strong>Wir danken ganz herzlich Frau Lammert<\/strong>, die unseren Chor mit der Gitarre begleitete und uns nicht nur beim Auftritt, sondern auch schon bei den Proben unterst\u00fctzt hat.<\/p>\n","protected":false},"excerpt":{"rendered":"<p>Am 02.12.2023 hatte unsere Schule einen Auftritt auf dem Weihnachtsmarkt in Wrestedt. Die Aufregung war gro\u00df, als sich alle Kinder auf der extra aufgebauten Trib\u00fcne versammelten.\u00a0 Das erste Lied, &#8222;Schneefl\u00f6ckchen, Wei\u00dfr\u00f6ckchen&#8220;, passte prima zum Abend, denn es schneite tats\u00e4chlich dicke &hellip; <a href=\"https:\/\/wordpress.nibis.de\/gswrestedt\/wir-singen-auf-dem-weihnachtsmarkt\/\">Weiterlesen <span class=\"meta-nav\">&rarr;<\/span><\/a><\/p>\n","protected":false},"author":1020,"featured_media":0,"parent":0,"menu_order":0,"comment_status":"closed","ping_status":"closed","template":"","meta":{"footnotes":""},"class_list":["post-3205","page","type-page","status-publish","hentry"],"_links":{"self":[{"href":"https:\/\/wordpress.nibis.de\/gswrestedt\/wp-json\/wp\/v2\/pages\/3205","targetHints":{"allow":["GET"]}}],"collection":[{"href":"https:\/\/wordpress.nibis.de\/gswrestedt\/wp-json\/wp\/v2\/pages"}],"about":[{"href":"https:\/\/wordpress.nibis.de\/gswrestedt\/wp-json\/wp\/v2\/types\/page"}],"author":[{"embeddable":true,"href":"https:\/\/wordpress.nibis.de\/gswrestedt\/wp-json\/wp\/v2\/users\/1020"}],"replies":[{"embeddable":true,"href":"https:\/\/wordpress.nibis.de\/gswrestedt\/wp-json\/wp\/v2\/comments?post=3205"}],"version-history":[{"count":2,"href":"https:\/\/wordpress.nibis.de\/gswrestedt\/wp-json\/wp\/v2\/pages\/3205\/revisions"}],"predecessor-version":[{"id":3210,"href":"https:\/\/wordpress.nibis.de\/gswrestedt\/wp-json\/wp\/v2\/pages\/3205\/revisions\/3210"}],"wp:attachment":[{"href":"https:\/\/wordpress.nibis.de\/gswrestedt\/wp-json\/wp\/v2\/media?parent=3205"}],"curies":[{"name":"wp","href":"https:\/\/api.w.org\/{rel}","templated":true}]}}