{"id":3425,"date":"2024-12-02T14:27:28","date_gmt":"2024-12-02T13:27:28","guid":{"rendered":"https:\/\/wordpress.nibis.de\/gswrestedt\/?page_id=3425"},"modified":"2024-12-02T14:27:28","modified_gmt":"2024-12-02T13:27:28","slug":"basteltag","status":"publish","type":"page","link":"https:\/\/wordpress.nibis.de\/gswrestedt\/basteltag\/","title":{"rendered":"Basteltag"},"content":{"rendered":"\n<p>Am Freitag, dem <strong>29.12.2024<\/strong> fand an unserer Schule ein ganz besonderer <strong>Basteltag<\/strong> statt. Alle Klassen waren eingeladen, <strong>weihnachtliche Dekorationen<\/strong> f\u00fcr ihre Klassenr\u00e4ume zu basteln und so f\u00fcr eine festliche Atmosph\u00e4re zu sorgen und die Vorfreude auf die Feiertage zu steigern.<br \/>Es war sch\u00f6n zu sehen, wie die Kinder <strong>mit viel Eifer und Freude<\/strong> die unterschiedlichsten Anleitungen umsetzten und gemeinsam bastelten. In vielen Klassen duftete es zudem verf\u00fchrerisch nach frisch gebackenen Waffeln und Keksen, die die Kinder beim Basteln genossen. <strong>Unterst\u00fctzt <\/strong>wurden wir an diesem Tag von vielen<strong> engagierten Eltern, <\/strong>die beim Basteln und Dekorieren halfen.<\/p>\n<div id='gallery-1' class='gallery galleryid-3425 gallery-columns-4 gallery-size-thumbnail'><dl class='gallery-item'>\n\t\t\t<dt class='gallery-icon landscape'>\n\t\t\t\t<a href='https:\/\/wordpress.nibis.de\/gswrestedt\/basteltag\/tannenbaeume\/'><img loading=\"lazy\" decoding=\"async\" width=\"150\" height=\"150\" src=\"https:\/\/wordpress.nibis.de\/gswrestedt\/files\/2024\/12\/Tannenbaeume-150x150.jpg\" class=\"attachment-thumbnail size-thumbnail\" alt=\"\" \/><\/a>\n\t\t\t<\/dt><\/dl><dl class='gallery-item'>\n\t\t\t<dt class='gallery-icon portrait'>\n\t\t\t\t<a href='https:\/\/wordpress.nibis.de\/gswrestedt\/basteltag\/tannenbaum\/'><img loading=\"lazy\" decoding=\"async\" width=\"150\" height=\"150\" src=\"https:\/\/wordpress.nibis.de\/gswrestedt\/files\/2024\/12\/Tannenbaum-150x150.jpg\" class=\"attachment-thumbnail size-thumbnail\" alt=\"\" \/><\/a>\n\t\t\t<\/dt><\/dl><dl class='gallery-item'>\n\t\t\t<dt class='gallery-icon portrait'>\n\t\t\t\t<a href='https:\/\/wordpress.nibis.de\/gswrestedt\/basteltag\/kerze\/'><img loading=\"lazy\" decoding=\"async\" width=\"150\" height=\"150\" src=\"https:\/\/wordpress.nibis.de\/gswrestedt\/files\/2024\/12\/Kerze-150x150.jpg\" class=\"attachment-thumbnail size-thumbnail\" alt=\"\" \/><\/a>\n\t\t\t<\/dt><\/dl><dl class='gallery-item'>\n\t\t\t<dt class='gallery-icon landscape'>\n\t\t\t\t<a href='https:\/\/wordpress.nibis.de\/gswrestedt\/basteltag\/waffeln\/'><img loading=\"lazy\" decoding=\"async\" width=\"150\" height=\"150\" src=\"https:\/\/wordpress.nibis.de\/gswrestedt\/files\/2024\/12\/Waffeln-150x150.jpg\" class=\"attachment-thumbnail size-thumbnail\" alt=\"\" \/><\/a>\n\t\t\t<\/dt><\/dl><br style=\"clear: both\" \/>\n\t\t<\/div>\n\n<p>Der <strong>Elternf\u00f6rderkreis<\/strong> bereitete auch in diesem Jahr gemeinsam mit den Sch\u00fclerinnen und Sch\u00fclern <strong>kleine Geschenke<\/strong> vor, die <strong>auf dem Weihnachtsmarkt am 07.12.2024 verkauft werden<\/strong>. Wie immer sind diese Geschenke toll geworden und werden sicher schnell ausverkauft sein. Der Erl\u00f6s kommt den Kindern unserer Schule zugute.<br \/>Ein ganz besonderes Highlight war der <strong>Besuch unseres B\u00fcrgermeisters<\/strong>, der gemeinsam mit Frau Kaluza von Klasse zu Klasse ging. Er lie\u00df sich von den Kindern zeigen, was sie bastelten und war sichtlich begeistert von den kreativen Ergebnissen. In einigen Klassen packte er sogar selbst mit an und bastelte gemeinsam mit den Kindern. Das war nicht nur f\u00fcr die Sch\u00fclerinnen und Sch\u00fcler eine tolle Erfahrung, sondern auch eine wunderbare Gelegenheit f\u00fcr den B\u00fcrgermeister, einen <strong>Einblick in unser Schulleben zu gewinnen<\/strong>. <a href=\"https:\/\/wordpress.nibis.de\/gswrestedt\/?attachment_id=3427\" rel=\"attachment wp-att-3427\"><img loading=\"lazy\" decoding=\"async\" class=\"aligncenter wp-image-3427\" src=\"https:\/\/wordpress.nibis.de\/gswrestedt\/files\/2024\/12\/Gespraech.jpg\" alt=\"\" width=\"442\" height=\"332\" srcset=\"https:\/\/wordpress.nibis.de\/gswrestedt\/files\/2024\/12\/Gespraech.jpg 800w, https:\/\/wordpress.nibis.de\/gswrestedt\/files\/2024\/12\/Gespraech-300x225.jpg 300w, https:\/\/wordpress.nibis.de\/gswrestedt\/files\/2024\/12\/Gespraech-768x576.jpg 768w\" sizes=\"auto, (max-width: 442px) 100vw, 442px\" \/><\/a>Der\u00a0Basteltag\u00a0war dar\u00fcber hinaus auch der Start f\u00fcr unser <strong>traditionelles Weihnachtssingen<\/strong>, das in den Adventswochen immer freitags stattfindet. Alle Kinder, Lehrkr\u00e4fte, Helferinnen und Helfer trafen sich in der Pausenhalle, um gemeinsam Weihnachtslieder zu singen und f\u00fcr unseren <strong>Auftritt auf dem Weihnachtsmarkt<\/strong> zu proben.<\/p>\n<p><a href=\"https:\/\/wordpress.nibis.de\/gswrestedt\/?attachment_id=3429\" rel=\"attachment wp-att-3429\"><img loading=\"lazy\" decoding=\"async\" class=\"aligncenter size-full wp-image-3429\" src=\"https:\/\/wordpress.nibis.de\/gswrestedt\/files\/2024\/12\/Schneemaenner.jpg\" alt=\"\" width=\"800\" height=\"600\" srcset=\"https:\/\/wordpress.nibis.de\/gswrestedt\/files\/2024\/12\/Schneemaenner.jpg 800w, https:\/\/wordpress.nibis.de\/gswrestedt\/files\/2024\/12\/Schneemaenner-300x225.jpg 300w, https:\/\/wordpress.nibis.de\/gswrestedt\/files\/2024\/12\/Schneemaenner-768x576.jpg 768w\" sizes=\"auto, (max-width: 800px) 100vw, 800px\" \/><\/a><\/p>\n<p>Am Ende des Vormittags waren die Klassenr\u00e4ume, die Flure und die Pausenhalle festlich geschm\u00fcckt. <strong>Die Kinder waren sichtlich stolz auf die tollen Ergebnisse. <\/strong><\/p>\n<p><strong>Ein herzliches Dankesch\u00f6n an alle, die diesen Tag so besonders gemacht haben<\/strong> \u2013 an die engagierten Eltern, die flei\u00dfigen Bastler und nat\u00fcrlich an unseren B\u00fcrgermeister f\u00fcr seinen Besuch. Wir freuen uns schon auf den n\u00e4chsten Basteltag!<\/p>\n","protected":false},"excerpt":{"rendered":"<p>Am Freitag, dem 29.12.2024 fand an unserer Schule ein ganz besonderer Basteltag statt. Alle Klassen waren eingeladen, weihnachtliche Dekorationen f\u00fcr ihre Klassenr\u00e4ume zu basteln und so f\u00fcr eine festliche Atmosph\u00e4re zu sorgen und die Vorfreude auf die Feiertage zu steigern.Es &hellip; <a href=\"https:\/\/wordpress.nibis.de\/gswrestedt\/basteltag\/\">Weiterlesen <span class=\"meta-nav\">&rarr;<\/span><\/a><\/p>\n","protected":false},"author":1020,"featured_media":0,"parent":0,"menu_order":0,"comment_status":"closed","ping_status":"closed","template":"","meta":{"footnotes":""},"class_list":["post-3425","page","type-page","status-publish","hentry"],"_links":{"self":[{"href":"https:\/\/wordpress.nibis.de\/gswrestedt\/wp-json\/wp\/v2\/pages\/3425","targetHints":{"allow":["GET"]}}],"collection":[{"href":"https:\/\/wordpress.nibis.de\/gswrestedt\/wp-json\/wp\/v2\/pages"}],"about":[{"href":"https:\/\/wordpress.nibis.de\/gswrestedt\/wp-json\/wp\/v2\/types\/page"}],"author":[{"embeddable":true,"href":"https:\/\/wordpress.nibis.de\/gswrestedt\/wp-json\/wp\/v2\/users\/1020"}],"replies":[{"embeddable":true,"href":"https:\/\/wordpress.nibis.de\/gswrestedt\/wp-json\/wp\/v2\/comments?post=3425"}],"version-history":[{"count":5,"href":"https:\/\/wordpress.nibis.de\/gswrestedt\/wp-json\/wp\/v2\/pages\/3425\/revisions"}],"predecessor-version":[{"id":3437,"href":"https:\/\/wordpress.nibis.de\/gswrestedt\/wp-json\/wp\/v2\/pages\/3425\/revisions\/3437"}],"wp:attachment":[{"href":"https:\/\/wordpress.nibis.de\/gswrestedt\/wp-json\/wp\/v2\/media?parent=3425"}],"curies":[{"name":"wp","href":"https:\/\/api.w.org\/{rel}","templated":true}]}}

<p>Am Freitag, dem <strong>29.12.2024</strong> fand an unserer Schule ein ganz besonderer <strong>Basteltag</strong> statt. Alle Klassen waren eingeladen, <strong>weihnachtliche Dekorationen</strong> für ihre Klassenräume zu basteln und so für eine festliche Atmosphäre zu sorgen und die Vorfreude auf die Feiertage zu steigern.<br />Es war schön zu sehen, wie die Kinder <strong>mit viel Eifer und Freude</strong> die unterschiedlichsten Anleitungen umsetzten und gemeinsam bastelten. In vielen Klassen duftete es zudem verführerisch nach frisch gebackenen Waffeln und Keksen, die die Kinder beim Basteln genossen. <strong>Unterstützt </strong>wurden wir an diesem Tag von vielen<strong> engagierten Eltern, </strong>die beim Basteln und Dekorieren halfen.</p>
<div id='gallery-1' class='gallery galleryid-3425 gallery-columns-4 gallery-size-thumbnail'><dl class='gallery-item'>
			<dt class='gallery-icon landscape'>
				<a href='https://wordpress.nibis.de/gswrestedt/basteltag/tannenbaeume/'><img loading="lazy" decoding="async" width="150" height="150" src="https://wordpress.nibis.de/gswrestedt/files/2024/12/Tannenbaeume-150x150.jpg" class="attachment-thumbnail size-thumbnail" alt="" /></a>
			</dt></dl><dl class='gallery-item'>
			<dt class='gallery-icon portrait'>
				<a href='https://wordpress.nibis.de/gswrestedt/basteltag/tannenbaum/'><img loading="lazy" decoding="async" width="150" height="150" src="https://wordpress.nibis.de/gswrestedt/files/2024/12/Tannenbaum-150x150.jpg" class="attachment-thumbnail size-thumbnail" alt="" /></a>
			</dt></dl><dl class='gallery-item'>
			<dt class='gallery-icon portrait'>
				<a href='https://wordpress.nibis.de/gswrestedt/basteltag/kerze/'><img loading="lazy" decoding="async" width="150" height="150" src="https://wordpress.nibis.de/gswrestedt/files/2024/12/Kerze-150x150.jpg" class="attachment-thumbnail size-thumbnail" alt="" /></a>
			</dt></dl><dl class='gallery-item'>
			<dt class='gallery-icon landscape'>
				<a href='https://wordpress.nibis.de/gswrestedt/basteltag/waffeln/'><img loading="lazy" decoding="async" width="150" height="150" src="https://wordpress.nibis.de/gswrestedt/files/2024/12/Waffeln-150x150.jpg" class="attachment-thumbnail size-thumbnail" alt="" /></a>
			</dt></dl><br style="clear: both" />
		</div>

<p>Der <strong>Elternförderkreis</strong> bereitete auch in diesem Jahr gemeinsam mit den Schülerinnen und Schülern <strong>kleine Geschenke</strong> vor, die <strong>auf dem Weihnachtsmarkt am 07.12.2024 verkauft werden</strong>. Wie immer sind diese Geschenke toll geworden und werden sicher schnell ausverkauft sein. Der Erlös kommt den Kindern unserer Schule zugute.<br />Ein ganz besonderes Highlight war der <strong>Besuch unseres Bürgermeisters</strong>, der gemeinsam mit Frau Kaluza von Klasse zu Klasse ging. Er ließ sich von den Kindern zeigen, was sie bastelten und war sichtlich begeistert von den kreativen Ergebnissen. In einigen Klassen packte er sogar selbst mit an und bastelte gemeinsam mit den Kindern. Das war nicht nur für die Schülerinnen und Schüler eine tolle Erfahrung, sondern auch eine wunderbare Gelegenheit für den Bürgermeister, einen <strong>Einblick in unser Schulleben zu gewinnen</strong>. <a href="https://wordpress.nibis.de/gswrestedt/?attachment_id=3427" rel="attachment wp-att-3427"><img loading="lazy" decoding="async" class="aligncenter wp-image-3427" src="https://wordpress.nibis.de/gswrestedt/files/2024/12/Gespraech.jpg" alt="" width="442" height="332" srcset="https://wordpress.nibis.de/gswrestedt/files/2024/12/Gespraech.jpg 800w, https://wordpress.nibis.de/gswrestedt/files/2024/12/Gespraech-300x225.jpg 300w, https://wordpress.nibis.de/gswrestedt/files/2024/12/Gespraech-768x576.jpg 768w" sizes="auto, (max-width: 442px) 100vw, 442px" /></a>Der Basteltag war darüber hinaus auch der Start für unser <strong>traditionelles Weihnachtssingen</strong>, das in den Adventswochen immer freitags stattfindet. Alle Kinder, Lehrkräfte, Helferinnen und Helfer trafen sich in der Pausenhalle, um gemeinsam Weihnachtslieder zu singen und für unseren <strong>Auftritt auf dem Weihnachtsmarkt</strong> zu proben.</p>
<p><a href="https://wordpress.nibis.de/gswrestedt/?attachment_id=3429" rel="attachment wp-att-3429"><img loading="lazy" decoding="async" class="aligncenter size-full wp-image-3429" src="https://wordpress.nibis.de/gswrestedt/files/2024/12/Schneemaenner.jpg" alt="" width="800" height="600" srcset="https://wordpress.nibis.de/gswrestedt/files/2024/12/Schneemaenner.jpg 800w, https://wordpress.nibis.de/gswrestedt/files/2024/12/Schneemaenner-300x225.jpg 300w, https://wordpress.nibis.de/gswrestedt/files/2024/12/Schneemaenner-768x576.jpg 768w" sizes="auto, (max-width: 800px) 100vw, 800px" /></a></p>
<p>Am Ende des Vormittags waren die Klassenräume, die Flure und die Pausenhalle festlich geschmückt. <strong>Die Kinder waren sichtlich stolz auf die tollen Ergebnisse. </strong></p>
<p><strong>Ein herzliches Dankeschön an alle, die diesen Tag so besonders gemacht haben</strong> – an die engagierten Eltern, die fleißigen Bastler und natürlich an unseren Bürgermeister für seinen Besuch. Wir freuen uns schon auf den nächsten Basteltag!</p>

<p>Am Freitag, dem 29.12.2024 fand an unserer Schule ein ganz besonderer Basteltag statt. Alle Klassen waren eingeladen, weihnachtliche Dekorationen für ihre Klassenräume zu basteln und so für eine festliche Atmosphäre zu sorgen und die Vorfreude auf die Feiertage zu steigern.Es &hellip; <a href="https://wordpress.nibis.de/gswrestedt/basteltag/">Weiterlesen <span class="meta-nav">&rarr;</span></a></p>
