{"id":3461,"date":"2025-03-18T12:29:32","date_gmt":"2025-03-18T11:29:32","guid":{"rendered":"https:\/\/wordpress.nibis.de\/gswrestedt\/?page_id=3461"},"modified":"2025-03-18T12:29:32","modified_gmt":"2025-03-18T11:29:32","slug":"lesepatentag-2","status":"publish","type":"page","link":"https:\/\/wordpress.nibis.de\/gswrestedt\/lesepatentag-2\/","title":{"rendered":"Lesepatentag"},"content":{"rendered":"\n<p>Am <strong>18.03.2025<\/strong> fand der <strong>zweite Lesepatentag<\/strong> f\u00fcr die diesj\u00e4hrigen <strong>Maxiclubkinder aus dem Kindergarten<\/strong> statt.<\/p>\n<p>Wieder hatten sich unsere <strong>Viertkl\u00e4ssler<\/strong> intensiv vorbereitet, um den &#8222;Maxis&#8220; eine sch\u00f6ne Vorlesezeit in unserer Schule anzubieten. Verteilt im ganzen Schulgeb\u00e4ude lasen die Kinder in kleinen Gruppen vor uns stellten auch Verst\u00e4ndnisfragen zum Text.<\/p>\n<p><a href=\"https:\/\/wordpress.nibis.de\/gswrestedt\/?attachment_id=3462\" rel=\"attachment wp-att-3462\"><img loading=\"lazy\" decoding=\"async\" class=\"aligncenter size-medium wp-image-3462\" src=\"https:\/\/wordpress.nibis.de\/gswrestedt\/files\/2025\/03\/Lesepatentag-Maerz-25-300x225.jpg\" alt=\"\" width=\"300\" height=\"225\" srcset=\"https:\/\/wordpress.nibis.de\/gswrestedt\/files\/2025\/03\/Lesepatentag-Maerz-25-300x225.jpg 300w, https:\/\/wordpress.nibis.de\/gswrestedt\/files\/2025\/03\/Lesepatentag-Maerz-25-768x576.jpg 768w, https:\/\/wordpress.nibis.de\/gswrestedt\/files\/2025\/03\/Lesepatentag-Maerz-25.jpg 800w\" sizes=\"auto, (max-width: 300px) 100vw, 300px\" \/><\/a><\/p>\n<p>Es war wieder ein tolles Erlebnis f\u00fcr alle beteiligten Kinder!<\/p>\n<p>\u00a0<\/p>\n<p>\u00a0<\/p>\n","protected":false},"excerpt":{"rendered":"<p>Am 18.03.2025 fand der zweite Lesepatentag f\u00fcr die diesj\u00e4hrigen Maxiclubkinder aus dem Kindergarten statt. Wieder hatten sich unsere Viertkl\u00e4ssler intensiv vorbereitet, um den &#8222;Maxis&#8220; eine sch\u00f6ne Vorlesezeit in unserer Schule anzubieten. Verteilt im ganzen Schulgeb\u00e4ude lasen die Kinder in kleinen &hellip; <a href=\"https:\/\/wordpress.nibis.de\/gswrestedt\/lesepatentag-2\/\">Weiterlesen <span class=\"meta-nav\">&rarr;<\/span><\/a><\/p>\n","protected":false},"author":1020,"featured_media":0,"parent":0,"menu_order":0,"comment_status":"closed","ping_status":"closed","template":"","meta":{"footnotes":""},"class_list":["post-3461","page","type-page","status-publish","hentry"],"_links":{"self":[{"href":"https:\/\/wordpress.nibis.de\/gswrestedt\/wp-json\/wp\/v2\/pages\/3461","targetHints":{"allow":["GET"]}}],"collection":[{"href":"https:\/\/wordpress.nibis.de\/gswrestedt\/wp-json\/wp\/v2\/pages"}],"about":[{"href":"https:\/\/wordpress.nibis.de\/gswrestedt\/wp-json\/wp\/v2\/types\/page"}],"author":[{"embeddable":true,"href":"https:\/\/wordpress.nibis.de\/gswrestedt\/wp-json\/wp\/v2\/users\/1020"}],"replies":[{"embeddable":true,"href":"https:\/\/wordpress.nibis.de\/gswrestedt\/wp-json\/wp\/v2\/comments?post=3461"}],"version-history":[{"count":1,"href":"https:\/\/wordpress.nibis.de\/gswrestedt\/wp-json\/wp\/v2\/pages\/3461\/revisions"}],"predecessor-version":[{"id":3463,"href":"https:\/\/wordpress.nibis.de\/gswrestedt\/wp-json\/wp\/v2\/pages\/3461\/revisions\/3463"}],"wp:attachment":[{"href":"https:\/\/wordpress.nibis.de\/gswrestedt\/wp-json\/wp\/v2\/media?parent=3461"}],"curies":[{"name":"wp","href":"https:\/\/api.w.org\/{rel}","templated":true}]}}