{"id":3467,"date":"2025-04-25T11:39:33","date_gmt":"2025-04-25T09:39:33","guid":{"rendered":"https:\/\/wordpress.nibis.de\/gswrestedt\/?page_id=3467"},"modified":"2025-04-25T11:41:33","modified_gmt":"2025-04-25T09:41:33","slug":"fahrrad-sicherheitspruefung","status":"publish","type":"page","link":"https:\/\/wordpress.nibis.de\/gswrestedt\/fahrrad-sicherheitspruefung\/","title":{"rendered":"Fahrrad-Sicherheitspr\u00fcfung"},"content":{"rendered":"\n<p>Am <strong>24.04.2025<\/strong> fand in unserer Schule erneut die <strong>Fahrrad-Sicherheitspr\u00fcfung<\/strong> durch die Polizei Bad Bodenteich statt. Alle Kinder, die einen Fahrradparkplatz haben, brachten ihre Fahrr\u00e4der mit, damit sie auf Verkehrssicherheit \u00fcberpr\u00fcft werden konnten \u2013 <strong>insgesamt 64 Fahrr\u00e4der, so viele wie noch nie!<\/strong><\/p>\n<p><a href=\"https:\/\/wordpress.nibis.de\/gswrestedt\/?attachment_id=3468\" rel=\"attachment wp-att-3468\"><img loading=\"lazy\" decoding=\"async\" class=\"wp-image-3468 alignleft\" src=\"https:\/\/wordpress.nibis.de\/gswrestedt\/files\/2025\/04\/Fahrradueberpruefung-300x225.jpg\" alt=\"\" width=\"388\" height=\"291\" srcset=\"https:\/\/wordpress.nibis.de\/gswrestedt\/files\/2025\/04\/Fahrradueberpruefung-300x225.jpg 300w, https:\/\/wordpress.nibis.de\/gswrestedt\/files\/2025\/04\/Fahrradueberpruefung-768x576.jpg 768w, https:\/\/wordpress.nibis.de\/gswrestedt\/files\/2025\/04\/Fahrradueberpruefung.jpg 800w\" sizes=\"auto, (max-width: 388px) 100vw, 388px\" \/><\/a><\/p>\n<p>Bei der \u00dcberpr\u00fcfung wurden <strong>einige M\u00e4ngel<\/strong> entdeckt: 26 Fahrr\u00e4der wiesen kleinere oder gr\u00f6\u00dfere Probleme auf. Das zeigt, wie wichtig es ist, regelm\u00e4\u00dfig die Fahrr\u00e4der auf ihre Sicherheit zu pr\u00fcfen. Nur so k\u00f6nnen wir alle gemeinsam daf\u00fcr sorgen, dass das Radfahren f\u00fcr unsere Kinder sicher bleibt.<\/p>\n<p>\u00a0<\/p>\n<p>Die Polizei findet es bemerkenswert, dass unsere Schule so konsequent einmal j\u00e4hrlich eine \u00dcberpr\u00fcfung der Fahrr\u00e4der durchf\u00fchren l\u00e4sst, um die Sicherheit unserer Sch\u00fclerinnen und Sch\u00fcler zu f\u00f6rdern.<\/p>\n<p><strong>Wir danken der Polizei Bad Bodenteich f\u00fcr die Unterst\u00fctzung!<\/strong><\/p>\n","protected":false},"excerpt":{"rendered":"<p>Am 24.04.2025 fand in unserer Schule erneut die Fahrrad-Sicherheitspr\u00fcfung durch die Polizei Bad Bodenteich statt. Alle Kinder, die einen Fahrradparkplatz haben, brachten ihre Fahrr\u00e4der mit, damit sie auf Verkehrssicherheit \u00fcberpr\u00fcft werden konnten \u2013 insgesamt 64 Fahrr\u00e4der, so viele wie noch &hellip; <a href=\"https:\/\/wordpress.nibis.de\/gswrestedt\/fahrrad-sicherheitspruefung\/\">Weiterlesen <span class=\"meta-nav\">&rarr;<\/span><\/a><\/p>\n","protected":false},"author":1020,"featured_media":0,"parent":0,"menu_order":0,"comment_status":"closed","ping_status":"closed","template":"","meta":{"footnotes":""},"class_list":["post-3467","page","type-page","status-publish","hentry"],"_links":{"self":[{"href":"https:\/\/wordpress.nibis.de\/gswrestedt\/wp-json\/wp\/v2\/pages\/3467","targetHints":{"allow":["GET"]}}],"collection":[{"href":"https:\/\/wordpress.nibis.de\/gswrestedt\/wp-json\/wp\/v2\/pages"}],"about":[{"href":"https:\/\/wordpress.nibis.de\/gswrestedt\/wp-json\/wp\/v2\/types\/page"}],"author":[{"embeddable":true,"href":"https:\/\/wordpress.nibis.de\/gswrestedt\/wp-json\/wp\/v2\/users\/1020"}],"replies":[{"embeddable":true,"href":"https:\/\/wordpress.nibis.de\/gswrestedt\/wp-json\/wp\/v2\/comments?post=3467"}],"version-history":[{"count":3,"href":"https:\/\/wordpress.nibis.de\/gswrestedt\/wp-json\/wp\/v2\/pages\/3467\/revisions"}],"predecessor-version":[{"id":3472,"href":"https:\/\/wordpress.nibis.de\/gswrestedt\/wp-json\/wp\/v2\/pages\/3467\/revisions\/3472"}],"wp:attachment":[{"href":"https:\/\/wordpress.nibis.de\/gswrestedt\/wp-json\/wp\/v2\/media?parent=3467"}],"curies":[{"name":"wp","href":"https:\/\/api.w.org\/{rel}","templated":true}]}}