{"id":3497,"date":"2025-07-02T16:43:49","date_gmt":"2025-07-02T14:43:49","guid":{"rendered":"https:\/\/wordpress.nibis.de\/gswrestedt\/?page_id=3497"},"modified":"2025-07-02T16:43:49","modified_gmt":"2025-07-02T14:43:49","slug":"wir-nehmen-abschied","status":"publish","type":"page","link":"https:\/\/wordpress.nibis.de\/gswrestedt\/wir-nehmen-abschied\/","title":{"rendered":"Wir nehmen Abschied&#8230;"},"content":{"rendered":"\n<p>Das Ende eines Schuljahres bedeutet neben vielen tollen Aktionen auch immer <strong>Abschied nehmen.<\/strong><\/p>\n<p>Am Dienstag, dem <strong>01.07.2025<\/strong> haben sich <strong>unsere beiden vierten Klassen mit einem tollen Fest in der Turnhalle von der Schulgemeinschaft verabschiedet.<\/strong> Neben T\u00e4nzen und Liedern begeisterten die Viertkl\u00e4ssler das Publikum mit einem selbst geschriebenen Theaterst\u00fcck (4a) und einem Sketch (4b). Die Darbietungen ernteten <strong>viele Lacher und tosenden Applaus.<\/strong><\/p>\n<div id=\"attachment_3498\" style=\"width: 310px\" class=\"wp-caption aligncenter\"><a href=\"https:\/\/wordpress.nibis.de\/gswrestedt\/?attachment_id=3498\" rel=\"attachment wp-att-3498\"><img loading=\"lazy\" decoding=\"async\" aria-describedby=\"caption-attachment-3498\" class=\"size-medium wp-image-3498\" src=\"https:\/\/wordpress.nibis.de\/gswrestedt\/files\/2025\/07\/IMG_0132-300x225.jpg\" alt=\"\" width=\"300\" height=\"225\" srcset=\"https:\/\/wordpress.nibis.de\/gswrestedt\/files\/2025\/07\/IMG_0132-300x225.jpg 300w, https:\/\/wordpress.nibis.de\/gswrestedt\/files\/2025\/07\/IMG_0132-768x576.jpg 768w, https:\/\/wordpress.nibis.de\/gswrestedt\/files\/2025\/07\/IMG_0132.jpg 800w\" sizes=\"auto, (max-width: 300px) 100vw, 300px\" \/><\/a><p id=\"caption-attachment-3498\" class=\"wp-caption-text\">Diese Schulklasse brachte ihre Lehrerin ganz sch\u00f6n auf die Palme!<\/p><\/div>\n<div id=\"attachment_3499\" style=\"width: 310px\" class=\"wp-caption aligncenter\"><a href=\"https:\/\/wordpress.nibis.de\/gswrestedt\/?attachment_id=3499\" rel=\"attachment wp-att-3499\"><img loading=\"lazy\" decoding=\"async\" aria-describedby=\"caption-attachment-3499\" class=\"size-medium wp-image-3499\" src=\"https:\/\/wordpress.nibis.de\/gswrestedt\/files\/2025\/07\/IMG_0186-300x137.jpg\" alt=\"\" width=\"300\" height=\"137\" srcset=\"https:\/\/wordpress.nibis.de\/gswrestedt\/files\/2025\/07\/IMG_0186-300x137.jpg 300w, https:\/\/wordpress.nibis.de\/gswrestedt\/files\/2025\/07\/IMG_0186-768x349.jpg 768w, https:\/\/wordpress.nibis.de\/gswrestedt\/files\/2025\/07\/IMG_0186.jpg 800w\" sizes=\"auto, (max-width: 300px) 100vw, 300px\" \/><\/a><p id=\"caption-attachment-3499\" class=\"wp-caption-text\">Ein letztes Mal standen die vierten Klassen gemeinsam auf der B\u00fchne und sangen ein Sommerlied.<\/p><\/div>\n<p>Doch nicht nur von den Sch\u00fclern und Sch\u00fclerinnen der vierten Klassen mussten wir Abschied nehmen. Auch im Kollegium gibt es einige Ver\u00e4nderungen, denn die <strong>Abordnungen von Frau Kiesner, Frau Cohrs, Herrn Gr\u00f6nbold, Frau Meier, Frau Hauptstein und Frau Bonet enden zu den Sommerferien.<\/strong> Die stellvertretende Schulleiterin Frau Kaluza bedankte sich bei den abgeordneten Lehrkr\u00e4ften herzlich f\u00fcr ihre Unterst\u00fctzung und ihr Engagement im vergangenen Schul(halb)jahr.<\/p>\n<p><a href=\"https:\/\/wordpress.nibis.de\/gswrestedt\/?attachment_id=3500\" rel=\"attachment wp-att-3500\"><img loading=\"lazy\" decoding=\"async\" class=\"aligncenter size-medium wp-image-3500\" src=\"https:\/\/wordpress.nibis.de\/gswrestedt\/files\/2025\/07\/IMG_0120-300x210.jpg\" alt=\"\" width=\"300\" height=\"210\" srcset=\"https:\/\/wordpress.nibis.de\/gswrestedt\/files\/2025\/07\/IMG_0120-300x210.jpg 300w, https:\/\/wordpress.nibis.de\/gswrestedt\/files\/2025\/07\/IMG_0120-768x537.jpg 768w, https:\/\/wordpress.nibis.de\/gswrestedt\/files\/2025\/07\/IMG_0120.jpg 800w\" sizes=\"auto, (max-width: 300px) 100vw, 300px\" \/><\/a><\/p>\n<p><strong>Wir w\u00fcnschen allen Viertkl\u00e4sslerinnen und Viertkl\u00e4sslern einen guten Start an den weiterf\u00fchrenden Schulen und der gesamten Schulgemeinschaft<\/strong><\/p>\n<p><strong>TOLLE SOMMERFERIEN!<\/strong><\/p>\n<p>\u00a0<\/p>\n<p>\u00a0<\/p>\n","protected":false},"excerpt":{"rendered":"","protected":false},"author":1020,"featured_media":0,"parent":0,"menu_order":0,"comment_status":"closed","ping_status":"closed","template":"","meta":{"footnotes":""},"class_list":["post-3497","page","type-page","status-publish","hentry"],"_links":{"self":[{"href":"https:\/\/wordpress.nibis.de\/gswrestedt\/wp-json\/wp\/v2\/pages\/3497","targetHints":{"allow":["GET"]}}],"collection":[{"href":"https:\/\/wordpress.nibis.de\/gswrestedt\/wp-json\/wp\/v2\/pages"}],"about":[{"href":"https:\/\/wordpress.nibis.de\/gswrestedt\/wp-json\/wp\/v2\/types\/page"}],"author":[{"embeddable":true,"href":"https:\/\/wordpress.nibis.de\/gswrestedt\/wp-json\/wp\/v2\/users\/1020"}],"replies":[{"embeddable":true,"href":"https:\/\/wordpress.nibis.de\/gswrestedt\/wp-json\/wp\/v2\/comments?post=3497"}],"version-history":[{"count":1,"href":"https:\/\/wordpress.nibis.de\/gswrestedt\/wp-json\/wp\/v2\/pages\/3497\/revisions"}],"predecessor-version":[{"id":3501,"href":"https:\/\/wordpress.nibis.de\/gswrestedt\/wp-json\/wp\/v2\/pages\/3497\/revisions\/3501"}],"wp:attachment":[{"href":"https:\/\/wordpress.nibis.de\/gswrestedt\/wp-json\/wp\/v2\/media?parent=3497"}],"curies":[{"name":"wp","href":"https:\/\/api.w.org\/{rel}","templated":true}]}}

<p>Das Ende eines Schuljahres bedeutet neben vielen tollen Aktionen auch immer <strong>Abschied nehmen.</strong></p>
<p>Am Dienstag, dem <strong>01.07.2025</strong> haben sich <strong>unsere beiden vierten Klassen mit einem tollen Fest in der Turnhalle von der Schulgemeinschaft verabschiedet.</strong> Neben Tänzen und Liedern begeisterten die Viertklässler das Publikum mit einem selbst geschriebenen Theaterstück (4a) und einem Sketch (4b). Die Darbietungen ernteten <strong>viele Lacher und tosenden Applaus.</strong></p>
<div id="attachment_3498" style="width: 310px" class="wp-caption aligncenter"><a href="https://wordpress.nibis.de/gswrestedt/?attachment_id=3498" rel="attachment wp-att-3498"><img loading="lazy" decoding="async" aria-describedby="caption-attachment-3498" class="size-medium wp-image-3498" src="https://wordpress.nibis.de/gswrestedt/files/2025/07/IMG_0132-300x225.jpg" alt="" width="300" height="225" srcset="https://wordpress.nibis.de/gswrestedt/files/2025/07/IMG_0132-300x225.jpg 300w, https://wordpress.nibis.de/gswrestedt/files/2025/07/IMG_0132-768x576.jpg 768w, https://wordpress.nibis.de/gswrestedt/files/2025/07/IMG_0132.jpg 800w" sizes="auto, (max-width: 300px) 100vw, 300px" /></a><p id="caption-attachment-3498" class="wp-caption-text">Diese Schulklasse brachte ihre Lehrerin ganz schön auf die Palme!</p></div>
<div id="attachment_3499" style="width: 310px" class="wp-caption aligncenter"><a href="https://wordpress.nibis.de/gswrestedt/?attachment_id=3499" rel="attachment wp-att-3499"><img loading="lazy" decoding="async" aria-describedby="caption-attachment-3499" class="size-medium wp-image-3499" src="https://wordpress.nibis.de/gswrestedt/files/2025/07/IMG_0186-300x137.jpg" alt="" width="300" height="137" srcset="https://wordpress.nibis.de/gswrestedt/files/2025/07/IMG_0186-300x137.jpg 300w, https://wordpress.nibis.de/gswrestedt/files/2025/07/IMG_0186-768x349.jpg 768w, https://wordpress.nibis.de/gswrestedt/files/2025/07/IMG_0186.jpg 800w" sizes="auto, (max-width: 300px) 100vw, 300px" /></a><p id="caption-attachment-3499" class="wp-caption-text">Ein letztes Mal standen die vierten Klassen gemeinsam auf der Bühne und sangen ein Sommerlied.</p></div>
<p>Doch nicht nur von den Schülern und Schülerinnen der vierten Klassen mussten wir Abschied nehmen. Auch im Kollegium gibt es einige Veränderungen, denn die <strong>Abordnungen von Frau Kiesner, Frau Cohrs, Herrn Grönbold, Frau Meier, Frau Hauptstein und Frau Bonet enden zu den Sommerferien.</strong> Die stellvertretende Schulleiterin Frau Kaluza bedankte sich bei den abgeordneten Lehrkräften herzlich für ihre Unterstützung und ihr Engagement im vergangenen Schul(halb)jahr.</p>
<p><a href="https://wordpress.nibis.de/gswrestedt/?attachment_id=3500" rel="attachment wp-att-3500"><img loading="lazy" decoding="async" class="aligncenter size-medium wp-image-3500" src="https://wordpress.nibis.de/gswrestedt/files/2025/07/IMG_0120-300x210.jpg" alt="" width="300" height="210" srcset="https://wordpress.nibis.de/gswrestedt/files/2025/07/IMG_0120-300x210.jpg 300w, https://wordpress.nibis.de/gswrestedt/files/2025/07/IMG_0120-768x537.jpg 768w, https://wordpress.nibis.de/gswrestedt/files/2025/07/IMG_0120.jpg 800w" sizes="auto, (max-width: 300px) 100vw, 300px" /></a></p>
<p><strong>Wir wünschen allen Viertklässlerinnen und Viertklässlern einen guten Start an den weiterführenden Schulen und der gesamten Schulgemeinschaft</strong></p>
<p><strong>TOLLE SOMMERFERIEN!</strong></p>
<p> </p>
<p> </p>
