{"id":3507,"date":"2025-08-18T14:08:03","date_gmt":"2025-08-18T12:08:03","guid":{"rendered":"https:\/\/wordpress.nibis.de\/gswrestedt\/?page_id=3507"},"modified":"2025-08-18T14:08:03","modified_gmt":"2025-08-18T12:08:03","slug":"einschulung-2025","status":"publish","type":"page","link":"https:\/\/wordpress.nibis.de\/gswrestedt\/einschulung-2025\/","title":{"rendered":"Einschulung 2025"},"content":{"rendered":"\n<h1 class=\"entry-title\"><span style=\"font-size: 16px\">Am<\/span><strong style=\"font-size: 16px\"> 16.08.2025<\/strong><span style=\"font-size: 16px\">\u00a0wurden\u00a0<\/span><strong style=\"font-size: 16px\">34 Erstkl\u00e4sslerinnen und Erstkl\u00e4ssler in die Grundschule Wrestedt eingeschult.\u00a0<\/strong><\/h1>\n<p><img loading=\"lazy\" decoding=\"async\" class=\"aligncenter size-full wp-image-3511\" src=\"https:\/\/wordpress.nibis.de\/gswrestedt\/files\/2025\/08\/Tafel.jpg\" alt=\"\" width=\"800\" height=\"600\" srcset=\"https:\/\/wordpress.nibis.de\/gswrestedt\/files\/2025\/08\/Tafel.jpg 800w, https:\/\/wordpress.nibis.de\/gswrestedt\/files\/2025\/08\/Tafel-300x225.jpg 300w, https:\/\/wordpress.nibis.de\/gswrestedt\/files\/2025\/08\/Tafel-768x576.jpg 768w\" sizes=\"auto, (max-width: 800px) 100vw, 800px\" \/>Die Einschulungsfeier begann mit einem <strong>Gottesdienst<\/strong> der Christus-Gemeinde Nettelkamp und wurde anschlie\u00dfend auf unserem Schulhof fortgesetzt. Die kommissarische Schulleiterin <strong>Frau Kaluza begr\u00fc\u00dfte die Kinder und ihre Familien<\/strong>. Ein kleiner\u00a0<strong>\u201cEinschulungschor\u201d<\/strong>\u00a0unter der Leitung von Frau Voss und Frau Gall begleitete die Feier mit mehreren Liedern.\u00a0<\/p>\n<div class=\"entry-content\">\n<p>Die beiden\u00a0<strong>Klassenlehrerinnen Frau Ganzel und Frau Moritz<\/strong>\u00a0warteten voller Vorfreude auf ihre neuen Sch\u00fclerinnen und Sch\u00fcler, die nun aufgerufen wurden. Denn die Erstkl\u00e4ssler durften mit ihrer Klassenlehrerin zu ihrem zuk\u00fcnftigen Klassenraum gehen.<\/p>\n<p><a href=\"https:\/\/wordpress.nibis.de\/gswrestedt\/?attachment_id=3509\" rel=\"attachment wp-att-3509\"><img loading=\"lazy\" decoding=\"async\" class=\"wp-image-3509 size-medium alignleft\" src=\"https:\/\/wordpress.nibis.de\/gswrestedt\/files\/2025\/08\/Erdmaennchen-225x300.jpg\" alt=\"\" width=\"225\" height=\"300\" srcset=\"https:\/\/wordpress.nibis.de\/gswrestedt\/files\/2025\/08\/Erdmaennchen-225x300.jpg 225w, https:\/\/wordpress.nibis.de\/gswrestedt\/files\/2025\/08\/Erdmaennchen-768x1024.jpg 768w, https:\/\/wordpress.nibis.de\/gswrestedt\/files\/2025\/08\/Erdmaennchen.jpg 800w\" sizes=\"auto, (max-width: 225px) 100vw, 225px\" \/><\/a> <a href=\"https:\/\/wordpress.nibis.de\/gswrestedt\/?attachment_id=3510\" rel=\"attachment wp-att-3510\"><img loading=\"lazy\" decoding=\"async\" class=\"wp-image-3510 size-medium alignright\" src=\"https:\/\/wordpress.nibis.de\/gswrestedt\/files\/2025\/08\/Oktopus-300x225.jpg\" alt=\"\" width=\"300\" height=\"225\" srcset=\"https:\/\/wordpress.nibis.de\/gswrestedt\/files\/2025\/08\/Oktopus-300x225.jpg 300w, https:\/\/wordpress.nibis.de\/gswrestedt\/files\/2025\/08\/Oktopus-768x576.jpg 768w, https:\/\/wordpress.nibis.de\/gswrestedt\/files\/2025\/08\/Oktopus.jpg 800w\" sizes=\"auto, (max-width: 300px) 100vw, 300px\" \/><\/a><\/p>\n<p>\u00a0<\/p>\n<p>\u00a0<\/p>\n<p>\u00a0<\/p>\n<p>\u00a0<\/p>\n<p>\u00a0<\/p>\n<p>\u00a0<\/p>\n<p>\u00a0<\/p>\n<p>W\u00e4hrenddessen stellte sich der\u00a0<strong>Elternf\u00f6rderkreis<\/strong>\u00a0vor und sorgte f\u00fcr erfrischende Getr\u00e4nke und Snacks.<\/p>\n<p>Nachdem die Kinder mit ihrer Lehrerin den neuen Klassenraum kennen gelernt hatten, gab es auch endlich die<strong>\u00a0Schult\u00fcten<\/strong>.<\/p>\n<img loading=\"lazy\" decoding=\"async\" class=\"aligncenter size-full wp-image-3508\" src=\"https:\/\/wordpress.nibis.de\/gswrestedt\/files\/2025\/08\/Eingang.jpg\" alt=\"\" width=\"800\" height=\"565\" srcset=\"https:\/\/wordpress.nibis.de\/gswrestedt\/files\/2025\/08\/Eingang.jpg 800w, https:\/\/wordpress.nibis.de\/gswrestedt\/files\/2025\/08\/Eingang-300x212.jpg 300w, https:\/\/wordpress.nibis.de\/gswrestedt\/files\/2025\/08\/Eingang-768x542.jpg 768w\" sizes=\"auto, (max-width: 800px) 100vw, 800px\" \/><strong style=\"font-size: 16px\">Wir begr\u00fc\u00dfen die Oktopusklasse und die Erdm\u00e4nnchenklasse herzlich an unserer Schule und freuen uns auf eine tolle Grundschulzeit mit euch!<\/strong><\/div>\n","protected":false},"excerpt":{"rendered":"<p>Am 16.08.2025\u00a0wurden\u00a034 Erstkl\u00e4sslerinnen und Erstkl\u00e4ssler in die Grundschule Wrestedt eingeschult.\u00a0 Die Einschulungsfeier begann mit einem Gottesdienst der Christus-Gemeinde Nettelkamp und wurde anschlie\u00dfend auf unserem Schulhof fortgesetzt. Die kommissarische Schulleiterin Frau Kaluza begr\u00fc\u00dfte die Kinder und ihre Familien. Ein kleiner\u00a0\u201cEinschulungschor\u201d\u00a0unter der &hellip; <a href=\"https:\/\/wordpress.nibis.de\/gswrestedt\/einschulung-2025\/\">Weiterlesen <span class=\"meta-nav\">&rarr;<\/span><\/a><\/p>\n","protected":false},"author":1020,"featured_media":0,"parent":0,"menu_order":0,"comment_status":"closed","ping_status":"closed","template":"","meta":{"footnotes":""},"class_list":["post-3507","page","type-page","status-publish","hentry"],"_links":{"self":[{"href":"https:\/\/wordpress.nibis.de\/gswrestedt\/wp-json\/wp\/v2\/pages\/3507","targetHints":{"allow":["GET"]}}],"collection":[{"href":"https:\/\/wordpress.nibis.de\/gswrestedt\/wp-json\/wp\/v2\/pages"}],"about":[{"href":"https:\/\/wordpress.nibis.de\/gswrestedt\/wp-json\/wp\/v2\/types\/page"}],"author":[{"embeddable":true,"href":"https:\/\/wordpress.nibis.de\/gswrestedt\/wp-json\/wp\/v2\/users\/1020"}],"replies":[{"embeddable":true,"href":"https:\/\/wordpress.nibis.de\/gswrestedt\/wp-json\/wp\/v2\/comments?post=3507"}],"version-history":[{"count":3,"href":"https:\/\/wordpress.nibis.de\/gswrestedt\/wp-json\/wp\/v2\/pages\/3507\/revisions"}],"predecessor-version":[{"id":3515,"href":"https:\/\/wordpress.nibis.de\/gswrestedt\/wp-json\/wp\/v2\/pages\/3507\/revisions\/3515"}],"wp:attachment":[{"href":"https:\/\/wordpress.nibis.de\/gswrestedt\/wp-json\/wp\/v2\/media?parent=3507"}],"curies":[{"name":"wp","href":"https:\/\/api.w.org\/{rel}","templated":true}]}}