{"id":940,"date":"2017-12-01T17:12:18","date_gmt":"2017-12-01T16:12:18","guid":{"rendered":"http:\/\/wordpress.nibis.de\/gswrestedt\/?page_id=940"},"modified":"2023-12-01T12:44:16","modified_gmt":"2023-12-01T11:44:16","slug":"elternverein","status":"publish","type":"page","link":"https:\/\/wordpress.nibis.de\/gswrestedt\/elternverein\/","title":{"rendered":"Eltern-F\u00f6rderkreis am Basteltag"},"content":{"rendered":"<p>Auch in diesen Jahr stellten <strong>die Sch\u00fcler und Sch\u00fclerinnen<\/strong> zusammen mit dem <strong>Eltern-F\u00f6rderkreis der Schule<\/strong>\u00a0am Basteltag in der Grundschule Wrestedt <strong>&#8222;kleine Geschenke&#8220;<\/strong> her, die dann auf dem Weihnachtsmarkt in Wrestedt verkauft werden.<\/p>\n<p><img loading=\"lazy\" decoding=\"async\" class=\"aligncenter size-medium wp-image-3191\" src=\"https:\/\/wordpress.nibis.de\/gswrestedt\/files\/2023\/12\/IMG_6296-225x300.jpeg\" alt=\"\" width=\"225\" height=\"300\" srcset=\"https:\/\/wordpress.nibis.de\/gswrestedt\/files\/2023\/12\/IMG_6296-225x300.jpeg 225w, https:\/\/wordpress.nibis.de\/gswrestedt\/files\/2023\/12\/IMG_6296-768x1024.jpeg 768w, https:\/\/wordpress.nibis.de\/gswrestedt\/files\/2023\/12\/IMG_6296-1152x1536.jpeg 1152w, https:\/\/wordpress.nibis.de\/gswrestedt\/files\/2023\/12\/IMG_6296-1536x2048.jpeg 1536w, https:\/\/wordpress.nibis.de\/gswrestedt\/files\/2023\/12\/IMG_6296-scaled.jpeg 1920w\" sizes=\"auto, (max-width: 225px) 100vw, 225px\" \/><\/p>\n<p><img loading=\"lazy\" decoding=\"async\" class=\"aligncenter size-medium wp-image-3192\" src=\"https:\/\/wordpress.nibis.de\/gswrestedt\/files\/2023\/12\/IMG_6294-225x300.jpeg\" alt=\"\" width=\"225\" height=\"300\" srcset=\"https:\/\/wordpress.nibis.de\/gswrestedt\/files\/2023\/12\/IMG_6294-225x300.jpeg 225w, https:\/\/wordpress.nibis.de\/gswrestedt\/files\/2023\/12\/IMG_6294-768x1024.jpeg 768w, https:\/\/wordpress.nibis.de\/gswrestedt\/files\/2023\/12\/IMG_6294-1152x1536.jpeg 1152w, https:\/\/wordpress.nibis.de\/gswrestedt\/files\/2023\/12\/IMG_6294-1536x2048.jpeg 1536w, https:\/\/wordpress.nibis.de\/gswrestedt\/files\/2023\/12\/IMG_6294-scaled.jpeg 1920w\" sizes=\"auto, (max-width: 225px) 100vw, 225px\" \/><\/p>\n<p><img loading=\"lazy\" decoding=\"async\" class=\"aligncenter size-medium wp-image-3193\" src=\"https:\/\/wordpress.nibis.de\/gswrestedt\/files\/2023\/12\/IMG_6291-225x300.jpeg\" alt=\"\" width=\"225\" height=\"300\" srcset=\"https:\/\/wordpress.nibis.de\/gswrestedt\/files\/2023\/12\/IMG_6291-225x300.jpeg 225w, https:\/\/wordpress.nibis.de\/gswrestedt\/files\/2023\/12\/IMG_6291-768x1024.jpeg 768w, https:\/\/wordpress.nibis.de\/gswrestedt\/files\/2023\/12\/IMG_6291-1152x1536.jpeg 1152w, https:\/\/wordpress.nibis.de\/gswrestedt\/files\/2023\/12\/IMG_6291-1536x2048.jpeg 1536w, https:\/\/wordpress.nibis.de\/gswrestedt\/files\/2023\/12\/IMG_6291-scaled.jpeg 1920w\" sizes=\"auto, (max-width: 225px) 100vw, 225px\" \/><\/p>\n<p>\u00a0<\/p>\n<p>Das Basteln hat den Kindern und den Helfern vom F\u00f6rderkreis sehr viel Spa\u00df gemacht. Es haben viele Kinder aus allen Klassen am Bef\u00fcllen der verschiedenen Gl\u00e4ser teilgenommen.<\/p>\n<p>\u00a0<\/p>\n<p>\u00a0<\/p>\n\n\n<p>Am 2<strong>.12.2023<\/strong> werden die &#8222;kleinen Geschenke&#8220; auf<strong> dem Weihnachtsmarkt in Wrestedt verkauft<\/strong>.<\/p>\n","protected":false},"excerpt":{"rendered":"<p>Auch in diesen Jahr stellten die Sch\u00fcler und Sch\u00fclerinnen zusammen mit dem Eltern-F\u00f6rderkreis der Schule\u00a0am Basteltag in der Grundschule Wrestedt &#8222;kleine Geschenke&#8220; her, die dann auf dem Weihnachtsmarkt in Wrestedt verkauft werden. \u00a0 Das Basteln hat den Kindern und den &hellip; <a href=\"https:\/\/wordpress.nibis.de\/gswrestedt\/elternverein\/\">Weiterlesen <span class=\"meta-nav\">&rarr;<\/span><\/a><\/p>\n","protected":false},"author":1020,"featured_media":0,"parent":0,"menu_order":0,"comment_status":"closed","ping_status":"closed","template":"","meta":{"footnotes":""},"class_list":["post-940","page","type-page","status-publish","hentry"],"_links":{"self":[{"href":"https:\/\/wordpress.nibis.de\/gswrestedt\/wp-json\/wp\/v2\/pages\/940","targetHints":{"allow":["GET"]}}],"collection":[{"href":"https:\/\/wordpress.nibis.de\/gswrestedt\/wp-json\/wp\/v2\/pages"}],"about":[{"href":"https:\/\/wordpress.nibis.de\/gswrestedt\/wp-json\/wp\/v2\/types\/page"}],"author":[{"embeddable":true,"href":"https:\/\/wordpress.nibis.de\/gswrestedt\/wp-json\/wp\/v2\/users\/1020"}],"replies":[{"embeddable":true,"href":"https:\/\/wordpress.nibis.de\/gswrestedt\/wp-json\/wp\/v2\/comments?post=940"}],"version-history":[{"count":15,"href":"https:\/\/wordpress.nibis.de\/gswrestedt\/wp-json\/wp\/v2\/pages\/940\/revisions"}],"predecessor-version":[{"id":3194,"href":"https:\/\/wordpress.nibis.de\/gswrestedt\/wp-json\/wp\/v2\/pages\/940\/revisions\/3194"}],"wp:attachment":[{"href":"https:\/\/wordpress.nibis.de\/gswrestedt\/wp-json\/wp\/v2\/media?parent=940"}],"curies":[{"name":"wp","href":"https:\/\/api.w.org\/{rel}","templated":true}]}}