{"id":63,"date":"2019-04-16T16:54:55","date_gmt":"2019-04-16T14:54:55","guid":{"rendered":"https:\/\/wordpress.nibis.de\/gymdamme\/?page_id=63"},"modified":"2021-09-04T13:41:05","modified_gmt":"2021-09-04T11:41:05","slug":"ueber-uns","status":"publish","type":"page","link":"https:\/\/wordpress.nibis.de\/gymdamme\/ueber-uns\/","title":{"rendered":"\u00dcber uns"},"content":{"rendered":"<p><strong>Der WPU Journalismus<img loading=\"lazy\" decoding=\"async\" class=\"alignleft size-large wp-image-423\" src=\"https:\/\/wordpress.nibis.de\/gymdamme\/files\/2020\/08\/prfoto-wpu-tablet-900x600.jpg\" alt=\"\" width=\"640\" height=\"427\" srcset=\"https:\/\/wordpress.nibis.de\/gymdamme\/files\/2020\/08\/prfoto-wpu-tablet-900x600.jpg 900w, https:\/\/wordpress.nibis.de\/gymdamme\/files\/2020\/08\/prfoto-wpu-tablet-300x200.jpg 300w, https:\/\/wordpress.nibis.de\/gymdamme\/files\/2020\/08\/prfoto-wpu-tablet-768x512.jpg 768w, https:\/\/wordpress.nibis.de\/gymdamme\/files\/2020\/08\/prfoto-wpu-tablet.jpg 1024w\" sizes=\"auto, (max-width: 640px) 100vw, 640px\" \/><\/strong><\/p>\n<p>Im Schuljahr 2018\/19 hat das Dammer Gymnasium erstmals einen &#8222;Wahlpflichtunterricht Journalismus&#8220; angeboten. 19 Sch\u00fclerinnen und Sch\u00fcler aus dem Jahrgang 8 haben sich in ihrem ersten Lernjahr zun\u00e4chst mit den Grundlagen des Journalismus besch\u00e4ftigt. Kommentare wurden verfasst, Portr\u00e4ts geschrieben und vor allem: viele, viele Fragen wurden gestellt. Eine Praktikantin der Tageszeitung, ein Redakteur, der Schulleiter und vor allem die Sch\u00fcler aus der 5f wurden interviewt. Diese F\u00fcnftkl\u00e4ssler wurden in einem Langzeitprojekt w\u00e4hrend ihres ersten Jahres am Gymnasium mit dem Mikrofon begleitet, entstanden ist die Podcastserie <a href=\"https:\/\/wordpress.nibis.de\/gymdamme\/ankommen-am-gymnasium\/\">&#8222;Ankommen am Gymnasium&#8220;<\/a>.<br \/>\nIm zweiten Lernjahr haben die Kursteilnehmer &#8211; nun im Jahrgang 9 &#8211; verst\u00e4rkt an ihrem Schreibstil gefeilt, Fotoreportagen und <a href=\"https:\/\/www.youtube.com\/watch?v=30f0V1KCh0w\">Kurzfilme<\/a> produziert und weitere journalistische Darstellungsformen ausprobiert.<br \/>\nIm dritten und letzten Kursjahr erschlie\u00dfen die Nachwuchsjournalisten Kommunikationsstrategien im Internet und besch\u00e4ftigen sich mit der K\u00f6nigsdisziplin &#8222;Reportage&#8220;.<\/p>\n<p>Im <a href=\"https:\/\/www.oldenburger-muensterland.de\/artikel\/oho_5\/Oho_5_ist_da.php\">&#8222;Oho&#8220;-Magazin des Oldenburger M\u00fcnsterlandes<\/a> gibt es einen informativen Beitrag \u00fcber uns (S. 22-25).<\/p>\n","protected":false},"excerpt":{"rendered":"<p>Der WPU Journalismus Im Schuljahr 2018\/19 hat das Dammer Gymnasium erstmals einen &#8222;Wahlpflichtunterricht Journalismus&#8220; angeboten. 19 Sch\u00fclerinnen und Sch\u00fcler aus dem Jahrgang 8 haben sich in ihrem ersten Lernjahr zun\u00e4chst mit den Grundlagen des Journalismus besch\u00e4ftigt. Kommentare wurden verfasst, Portr\u00e4ts &hellip; <a href=\"https:\/\/wordpress.nibis.de\/gymdamme\/ueber-uns\/\">Weiterlesen <span class=\"meta-nav\">&rarr;<\/span><\/a><\/p>\n","protected":false},"author":9192822,"featured_media":0,"parent":0,"menu_order":0,"comment_status":"closed","ping_status":"closed","template":"","meta":{"footnotes":""},"class_list":["post-63","page","type-page","status-publish","hentry"],"_links":{"self":[{"href":"https:\/\/wordpress.nibis.de\/gymdamme\/wp-json\/wp\/v2\/pages\/63","targetHints":{"allow":["GET"]}}],"collection":[{"href":"https:\/\/wordpress.nibis.de\/gymdamme\/wp-json\/wp\/v2\/pages"}],"about":[{"href":"https:\/\/wordpress.nibis.de\/gymdamme\/wp-json\/wp\/v2\/types\/page"}],"author":[{"embeddable":true,"href":"https:\/\/wordpress.nibis.de\/gymdamme\/wp-json\/wp\/v2\/users\/9192822"}],"replies":[{"embeddable":true,"href":"https:\/\/wordpress.nibis.de\/gymdamme\/wp-json\/wp\/v2\/comments?post=63"}],"version-history":[{"count":11,"href":"https:\/\/wordpress.nibis.de\/gymdamme\/wp-json\/wp\/v2\/pages\/63\/revisions"}],"predecessor-version":[{"id":780,"href":"https:\/\/wordpress.nibis.de\/gymdamme\/wp-json\/wp\/v2\/pages\/63\/revisions\/780"}],"wp:attachment":[{"href":"https:\/\/wordpress.nibis.de\/gymdamme\/wp-json\/wp\/v2\/media?parent=63"}],"curies":[{"name":"wp","href":"https:\/\/api.w.org\/{rel}","templated":true}]}}

Über uns

<p><strong>Der WPU Journalismus<img loading="lazy" decoding="async" class="alignleft size-large wp-image-423" src="https://wordpress.nibis.de/gymdamme/files/2020/08/prfoto-wpu-tablet-900x600.jpg" alt="" width="640" height="427" srcset="https://wordpress.nibis.de/gymdamme/files/2020/08/prfoto-wpu-tablet-900x600.jpg 900w, https://wordpress.nibis.de/gymdamme/files/2020/08/prfoto-wpu-tablet-300x200.jpg 300w, https://wordpress.nibis.de/gymdamme/files/2020/08/prfoto-wpu-tablet-768x512.jpg 768w, https://wordpress.nibis.de/gymdamme/files/2020/08/prfoto-wpu-tablet.jpg 1024w" sizes="auto, (max-width: 640px) 100vw, 640px" /></strong></p>
<p>Im Schuljahr 2018/19 hat das Dammer Gymnasium erstmals einen &#8222;Wahlpflichtunterricht Journalismus&#8220; angeboten. 19 Schülerinnen und Schüler aus dem Jahrgang 8 haben sich in ihrem ersten Lernjahr zunächst mit den Grundlagen des Journalismus beschäftigt. Kommentare wurden verfasst, Porträts geschrieben und vor allem: viele, viele Fragen wurden gestellt. Eine Praktikantin der Tageszeitung, ein Redakteur, der Schulleiter und vor allem die Schüler aus der 5f wurden interviewt. Diese Fünftklässler wurden in einem Langzeitprojekt während ihres ersten Jahres am Gymnasium mit dem Mikrofon begleitet, entstanden ist die Podcastserie <a href="https://wordpress.nibis.de/gymdamme/ankommen-am-gymnasium/">&#8222;Ankommen am Gymnasium&#8220;</a>.<br />
Im zweiten Lernjahr haben die Kursteilnehmer &#8211; nun im Jahrgang 9 &#8211; verstärkt an ihrem Schreibstil gefeilt, Fotoreportagen und <a href="https://www.youtube.com/watch?v=30f0V1KCh0w">Kurzfilme</a> produziert und weitere journalistische Darstellungsformen ausprobiert.<br />
Im dritten und letzten Kursjahr erschließen die Nachwuchsjournalisten Kommunikationsstrategien im Internet und beschäftigen sich mit der Königsdisziplin &#8222;Reportage&#8220;.</p>
<p>Im <a href="https://www.oldenburger-muensterland.de/artikel/oho_5/Oho_5_ist_da.php">&#8222;Oho&#8220;-Magazin des Oldenburger Münsterlandes</a> gibt es einen informativen Beitrag über uns (S. 22-25).</p>

<p>Der WPU Journalismus Im Schuljahr 2018/19 hat das Dammer Gymnasium erstmals einen &#8222;Wahlpflichtunterricht Journalismus&#8220; angeboten. 19 Schülerinnen und Schüler aus dem Jahrgang 8 haben sich in ihrem ersten Lernjahr zunächst mit den Grundlagen des Journalismus beschäftigt. Kommentare wurden verfasst, Porträts &hellip; <a href="https://wordpress.nibis.de/gymdamme/ueber-uns/">Weiterlesen <span class="meta-nav">&rarr;</span></a></p>
