{"id":989,"date":"2024-01-08T08:31:02","date_gmt":"2024-01-08T07:31:02","guid":{"rendered":"https:\/\/wordpress.nibis.de\/gymdamme\/?page_id=989"},"modified":"2024-04-15T08:26:09","modified_gmt":"2024-04-15T06:26:09","slug":"be-smart-dont-start","status":"publish","type":"page","link":"https:\/\/wordpress.nibis.de\/gymdamme\/be-smart-dont-start\/","title":{"rendered":"Be smart, don\u00b4t start!"},"content":{"rendered":"<p><img loading=\"lazy\" decoding=\"async\" class=\"alignleft size-full wp-image-994\" src=\"https:\/\/wordpress.nibis.de\/gymdamme\/files\/2024\/02\/logo-1.jpg\" alt=\"\" width=\"293\" height=\"237\" \/>Das Logo \u201eBe Smart \u2013 Don&#8217;t Start\u201c ist im Besitz des Transport\u00a0<i>for<\/i> London und ein eingetragenes Warenzeichen.<\/p>\n<h2><strong>Der Wettbewerb f\u00fcr rauchfreie Schulklassen<\/strong><\/h2>\n<p>\u00a0<\/p>\n<p><img loading=\"lazy\" decoding=\"async\" class=\"aligncenter wp-image-1042 size-large\" src=\"https:\/\/wordpress.nibis.de\/gymdamme\/files\/2024\/04\/Titelfoto-900x511.jpg\" alt=\"\" width=\"640\" height=\"363\" srcset=\"https:\/\/wordpress.nibis.de\/gymdamme\/files\/2024\/04\/Titelfoto-900x511.jpg 900w, https:\/\/wordpress.nibis.de\/gymdamme\/files\/2024\/04\/Titelfoto-300x170.jpg 300w, https:\/\/wordpress.nibis.de\/gymdamme\/files\/2024\/04\/Titelfoto-768x436.jpg 768w, https:\/\/wordpress.nibis.de\/gymdamme\/files\/2024\/04\/Titelfoto-1536x872.jpg 1536w, https:\/\/wordpress.nibis.de\/gymdamme\/files\/2024\/04\/Titelfoto-2048x1163.jpg 2048w\" sizes=\"auto, (max-width: 640px) 100vw, 640px\" \/><\/p>\n<p>Be smart &#8211; was ist das \u00fcberhaupt f\u00fcr ein Wettbewerb? In diesem Audiobeitrag erfahrt ihr mehr \u00fcber unsere rauchfreie Klasse.\u00a0 \u00a0 \u00a0 \u00a0 \u00a0 \u00a0 \u00a0 \u00a0 <strong>Audiobeitrag<\/strong> (L\u00e4nge: 1:45)<\/p>\n<audio class=\"wp-audio-shortcode\" id=\"audio-989-1\" preload=\"none\" style=\"width: 100%;\" controls=\"controls\"><source type=\"audio\/mpeg\" src=\"https:\/\/wordpress.nibis.de\/gymdamme\/files\/2024\/04\/Audio_BE-SMART-DONT-START.m4a?_=1\" \/><a href=\"https:\/\/wordpress.nibis.de\/gymdamme\/files\/2024\/04\/Audio_BE-SMART-DONT-START.m4a\">https:\/\/wordpress.nibis.de\/gymdamme\/files\/2024\/04\/Audio_BE-SMART-DONT-START.m4a<\/a><\/audio>\n<p>\u00a0<\/p>\n<p><iframe loading=\"lazy\" title=\"Erkl\u00e4rfilm zu Sehnsucht und S\u00fcchten\" width=\"640\" height=\"360\" src=\"https:\/\/www.youtube.com\/embed\/Any6IKtqJS8?feature=oembed\" frameborder=\"0\" allow=\"accelerometer; autoplay; clipboard-write; encrypted-media; gyroscope; picture-in-picture; web-share\" referrerpolicy=\"strict-origin-when-cross-origin\" allowfullscreen><\/iframe><\/p>\n<p>\u00a0<\/p>\n<p><img loading=\"lazy\" decoding=\"async\" class=\"alignleft size-medium wp-image-1053\" src=\"https:\/\/wordpress.nibis.de\/gymdamme\/files\/2024\/04\/IMG_1363-300x200.jpeg\" alt=\"\" width=\"300\" height=\"200\" srcset=\"https:\/\/wordpress.nibis.de\/gymdamme\/files\/2024\/04\/IMG_1363-300x200.jpeg 300w, https:\/\/wordpress.nibis.de\/gymdamme\/files\/2024\/04\/IMG_1363-900x600.jpeg 900w, https:\/\/wordpress.nibis.de\/gymdamme\/files\/2024\/04\/IMG_1363-768x512.jpeg 768w, https:\/\/wordpress.nibis.de\/gymdamme\/files\/2024\/04\/IMG_1363-1536x1024.jpeg 1536w, https:\/\/wordpress.nibis.de\/gymdamme\/files\/2024\/04\/IMG_1363-2048x1365.jpeg 2048w\" sizes=\"auto, (max-width: 300px) 100vw, 300px\" \/><br \/>Manchmal geraten Kinder und Jugendliche unter Druck, wenn zum Beispiel die Freunde anfangen zu rauchen.\u00a0 <br \/>Wenn euch Vapes, E-Zigaretten oder normale Zigaretten angeboten werden: sagt NEIN! Fangt einfach gar nicht mit dem Rauchen an.<br \/><br \/><br \/>Die Klasse 7e hat sich verschiedene Arten, Nein zu sagen, \u00fcberlegt, bestimmt gibt es noch viele andere:<\/p>\n<div class=\"epyt-video-wrapper\"><iframe loading=\"lazy\"  id=\"_ytid_16527\"  width=\"640\" height=\"360\"  data-origwidth=\"640\" data-origheight=\"360\" src=\"https:\/\/www.youtube.com\/embed\/V4opAFhUdpg?enablejsapi=1&autoplay=0&cc_load_policy=0&cc_lang_pref=&iv_load_policy=1&loop=0&rel=0&fs=1&playsinline=0&autohide=2&theme=dark&color=red&controls=1&disablekb=0&\" class=\"__youtube_prefs__  no-lazyload\" title=\"YouTube player\"  allow=\"fullscreen; accelerometer; autoplay; clipboard-write; encrypted-media; gyroscope; picture-in-picture; web-share\" referrerpolicy=\"strict-origin-when-cross-origin\" allowfullscreen data-no-lazy=\"1\" data-skipgform_ajax_framebjll=\"\"><\/iframe><\/div>\n<p><strong><br \/>Tabakanbau: Fluch oder Segen f\u00fcr S\u00fcdafrika?<\/strong><\/p>\n\n\n<p>Die Tabakpflanze w\u00e4chst in den Tropen. Wir haben uns im Erdkundeunterricht mit der Frage  besch\u00e4ftigt, ob der Tabakanbau in S\u00fcdafrika eher ein Fluch oder ein Segen f\u00fcr das Land darstellt. Dazu haben wir ein sogenanntes &#8222;Nachhaltigkeitsdreieck&#8220; erstellt:<\/p>\n\n\n<p><img loading=\"lazy\" decoding=\"async\" class=\"aligncenter size-medium wp-image-1048\" src=\"https:\/\/wordpress.nibis.de\/gymdamme\/files\/2024\/04\/IMG_3955-2024-04-11-13_05_28-286x300.jpg\" alt=\"\" width=\"286\" height=\"300\" srcset=\"https:\/\/wordpress.nibis.de\/gymdamme\/files\/2024\/04\/IMG_3955-2024-04-11-13_05_28-286x300.jpg 286w, https:\/\/wordpress.nibis.de\/gymdamme\/files\/2024\/04\/IMG_3955-2024-04-11-13_05_28-572x600.jpg 572w, https:\/\/wordpress.nibis.de\/gymdamme\/files\/2024\/04\/IMG_3955-2024-04-11-13_05_28.jpg 703w\" sizes=\"auto, (max-width: 286px) 100vw, 286px\" \/><\/p>\n\n\n<p>Aus \u00f6kologischer Sicht ist der Tabakanbau eher ein Fluch, da viele W\u00e4lder abgeholzt werden. Oftmals kann sich der Boden nicht mehr erholen. Nimmt man die soziale Perspektive in den Blick, erscheint die Gewinnung von Arbeitspl\u00e4tzen als Vorteil, die Aspekte &#8222;Kinderarbeit&#8220; und &#8222;Nikotinvergiftung&#8220; stellen Nachteile dar. Aus \u00f6konomischer Sicht kann der Tabakanbau ein Segen f\u00fcr S\u00fcdafrika sein, denn es werden gro\u00dfe Einnahmen gemacht.<\/p>\n\n\n\n<div class=\"wp-block-columns is-layout-flex wp-container-core-columns-is-layout-abceabcf wp-block-columns-is-layout-flex\">\n<div class=\"wp-block-column is-layout-flow wp-block-column-is-layout-flow\" style=\"--col-width:100%;flex-basis:100%\">\n<p><strong><a href=\"https:\/\/wordpress.nibis.de\/gymdamme\/files\/2024\/04\/pdf_Comic.pdf\">pdf_Comic<\/a>\u00a0 \u00a0 \u00a0 \u00a0 \u00a0 \u00a0 \u00a0 \u00a0 \u00a0 \u00a0Rauchen sch\u00e4digt deiner Gesundheit!<br \/><img loading=\"lazy\" decoding=\"async\" class=\"alignleft size-medium wp-image-1057\" src=\"https:\/\/wordpress.nibis.de\/gymdamme\/files\/2024\/04\/0_Comic-300x250.jpg\" alt=\"\" width=\"300\" height=\"250\" srcset=\"https:\/\/wordpress.nibis.de\/gymdamme\/files\/2024\/04\/0_Comic-300x250.jpg 300w, https:\/\/wordpress.nibis.de\/gymdamme\/files\/2024\/04\/0_Comic-719x600.jpg 719w, https:\/\/wordpress.nibis.de\/gymdamme\/files\/2024\/04\/0_Comic-768x641.jpg 768w, https:\/\/wordpress.nibis.de\/gymdamme\/files\/2024\/04\/0_Comic.jpg 1080w\" sizes=\"auto, (max-width: 300px) 100vw, 300px\" \/><br \/><\/strong><\/p>\n<\/div>\n<\/div>\n\n\n\n<p><\/p>\n","protected":false},"excerpt":{"rendered":"<p>Das Logo \u201eBe Smart \u2013 Don&#8217;t Start\u201c ist im Besitz des Transport\u00a0for London und ein eingetragenes Warenzeichen. Der Wettbewerb f\u00fcr rauchfreie Schulklassen \u00a0 Be smart &#8211; was ist das \u00fcberhaupt f\u00fcr ein Wettbewerb? In diesem Audiobeitrag erfahrt ihr mehr \u00fcber &hellip; <a href=\"https:\/\/wordpress.nibis.de\/gymdamme\/be-smart-dont-start\/\">Weiterlesen <span class=\"meta-nav\">&rarr;<\/span><\/a><\/p>\n","protected":false},"author":9192822,"featured_media":0,"parent":0,"menu_order":0,"comment_status":"closed","ping_status":"closed","template":"","meta":{"footnotes":""},"class_list":["post-989","page","type-page","status-publish","hentry"],"_links":{"self":[{"href":"https:\/\/wordpress.nibis.de\/gymdamme\/wp-json\/wp\/v2\/pages\/989","targetHints":{"allow":["GET"]}}],"collection":[{"href":"https:\/\/wordpress.nibis.de\/gymdamme\/wp-json\/wp\/v2\/pages"}],"about":[{"href":"https:\/\/wordpress.nibis.de\/gymdamme\/wp-json\/wp\/v2\/types\/page"}],"author":[{"embeddable":true,"href":"https:\/\/wordpress.nibis.de\/gymdamme\/wp-json\/wp\/v2\/users\/9192822"}],"replies":[{"embeddable":true,"href":"https:\/\/wordpress.nibis.de\/gymdamme\/wp-json\/wp\/v2\/comments?post=989"}],"version-history":[{"count":29,"href":"https:\/\/wordpress.nibis.de\/gymdamme\/wp-json\/wp\/v2\/pages\/989\/revisions"}],"predecessor-version":[{"id":1066,"href":"https:\/\/wordpress.nibis.de\/gymdamme\/wp-json\/wp\/v2\/pages\/989\/revisions\/1066"}],"wp:attachment":[{"href":"https:\/\/wordpress.nibis.de\/gymdamme\/wp-json\/wp\/v2\/media?parent=989"}],"curies":[{"name":"wp","href":"https:\/\/api.w.org\/{rel}","templated":true}]}}