{"id":1090,"date":"2018-12-04T20:43:03","date_gmt":"2018-12-04T19:43:03","guid":{"rendered":"http:\/\/wordpress.nibis.de\/gymharen\/?page_id=1090"},"modified":"2018-12-04T22:17:18","modified_gmt":"2018-12-04T21:17:18","slug":"soziales-lernen","status":"publish","type":"page","link":"https:\/\/wordpress.nibis.de\/gymharen\/soziales-lernen\/","title":{"rendered":"[:de]Soziales Lernen[:]"},"content":{"rendered":"<p>[:de]<strong>LEITGEDANKE<\/strong><\/p>\n<p align=\"justify\">Den Ort der Schule begreifen wir als Gymnasium Haren als einen, an dem alle Mitglieder der Schulgemeinschaft miteinander und voneinander lernen k\u00f6nnen. Um das gew\u00e4hrleisten zu k\u00f6nnen, braucht es als elementare Grundgr\u00f6\u00dfen gleicherma\u00dfen den fachlichen Diskurs wie das pers\u00f6nliche Wort. Kein Gespr\u00e4ch aber kann gelingen, wenn es nicht grunds\u00e4tzlich vom Respekt f\u00fcr das Denken und Sprechen des Gegen\u00fcbers gezeichnet ist. Gerade das aber stellt zugleich und besonders in Konfliktmomenten zuweilen die gr\u00f6\u00dfte Herausforderung dar. Umgekehrt l\u00e4sst sich genau daran aber immer wieder messen, inwiefern es uns gelingt anzunehmen, dass der Andere anders ist und als solcher eine Herausforderung darstellt, die mich zur Auseinandersetzung auffordern und zu neuen Sichtweisen bef\u00e4higen kann.<\/p>\n<ul>\n<li>Die Andersheit des Anderen respektieren und sich ihr stellen.<\/li>\n<li>Kritisch Stellung beziehen und den differenzierten Blick schulen.<\/li>\n<li>Eigene Schw\u00e4chen erkennen und in St\u00e4rken verwandeln.<\/li>\n<li>St\u00e4rken loben und als Einmaligkeit der jeweiligen Pers\u00f6nlichkeit sch\u00e4tzen.<\/li>\n<li>Pers\u00f6nlichkeiten f\u00f6rdern und zur Verantwortungs\u00fcbernahme im Leben bef\u00e4higen.<\/li>\n<\/ul>\n<p style=\"text-align: justify\" align=\"justify\">Diese Leitgedanken pr\u00e4gen unser Konzept des Sozialen Lernens, um an unserer Schule eine \u201eKultur der Wertsch\u00e4tzung\u201c zu leben.<\/p>\n<p align=\"justify\"><a href=\"http:\/\/wordpress.nibis.de\/gymharen\/soziales-lernen\/\"><img loading=\"lazy\" decoding=\"async\" class=\"alignnone size-full wp-image-1132\" src=\"http:\/\/wordpress.nibis.de\/gymharen\/files\/2018\/12\/dach.jpg\" alt=\"\" width=\"405\" height=\"62\" srcset=\"https:\/\/wordpress.nibis.de\/gymharen\/files\/2018\/12\/dach.jpg 405w, https:\/\/wordpress.nibis.de\/gymharen\/files\/2018\/12\/dach-250x38.jpg 250w\" sizes=\"auto, (max-width: 405px) 100vw, 405px\" \/><\/a><\/p>\n<p style=\"text-align: justify\" align=\"justify\"><a href=\"http:\/\/wordpress.nibis.de\/gymharen\/soziales-lernen\/schulgemeinschaftstage-clemenswerth\/\"><img loading=\"lazy\" decoding=\"async\" class=\"alignnone size-full wp-image-1121\" src=\"http:\/\/wordpress.nibis.de\/gymharen\/files\/2018\/12\/saeule1.jpg\" alt=\"\" width=\"64\" height=\"297\" \/><\/a> <a href=\"http:\/\/wordpress.nibis.de\/gymharen\/soziales-lernen\/generationsuebergreifendes-lernen\/\"><img loading=\"lazy\" decoding=\"async\" class=\"alignnone size-full wp-image-1122\" src=\"http:\/\/wordpress.nibis.de\/gymharen\/files\/2018\/12\/saeule2.jpg\" alt=\"\" width=\"64\" height=\"297\" \/><\/a> <a href=\"http:\/\/wordpress.nibis.de\/gymharen\/soziales-lernen\/soziales-lernen-suchtpraevention\/\"><img loading=\"lazy\" decoding=\"async\" class=\"alignnone size-full wp-image-1123\" src=\"http:\/\/wordpress.nibis.de\/gymharen\/files\/2018\/12\/saeule3.jpg\" alt=\"\" width=\"64\" height=\"297\" \/><\/a> <a href=\"http:\/\/wordpress.nibis.de\/gymharen\/soziales-lernen\/soziales-lernen-konfliktmanagement-und-gewaltpraevention\/\"><img loading=\"lazy\" decoding=\"async\" class=\"alignnone size-full wp-image-1124\" src=\"http:\/\/wordpress.nibis.de\/gymharen\/files\/2018\/12\/saeule4.jpg\" alt=\"\" width=\"64\" height=\"297\" \/><\/a> <a href=\"http:\/\/wordpress.nibis.de\/gymharen\/soziales-lernen\/soziales-lernen-humanitaere-schule\/\"><img loading=\"lazy\" decoding=\"async\" class=\"alignnone size-full wp-image-1125\" src=\"http:\/\/wordpress.nibis.de\/gymharen\/files\/2018\/12\/saeule5.jpg\" alt=\"\" width=\"64\" height=\"297\" \/><\/a> <a href=\"http:\/\/wordpress.nibis.de\/gymharen\/soziales-lernen\/soziales-lernen-weitergedacht\/\"><img loading=\"lazy\" decoding=\"async\" class=\"alignnone size-full wp-image-1126\" src=\"http:\/\/wordpress.nibis.de\/gymharen\/files\/2018\/12\/saeule6.jpg\" alt=\"\" width=\"64\" height=\"297\" \/><\/a><\/p>\n<p>[:]<\/p>\n","protected":false},"excerpt":{"rendered":"<p>[:de]LEITGEDANKE Den Ort der Schule begreifen wir als Gymnasium Haren als einen, an dem alle Mitglieder der Schulgemeinschaft miteinander und voneinander lernen k\u00f6nnen. Um das gew\u00e4hrleisten zu k\u00f6nnen, braucht es als elementare Grundgr\u00f6\u00dfen gleicherma\u00dfen den fachlichen Diskurs wie das pers\u00f6nliche<\/p>\n","protected":false},"author":1256,"featured_media":0,"parent":0,"menu_order":62,"comment_status":"closed","ping_status":"closed","template":"","meta":{"footnotes":""},"class_list":["post-1090","page","type-page","status-publish","hentry"],"_links":{"self":[{"href":"https:\/\/wordpress.nibis.de\/gymharen\/wp-json\/wp\/v2\/pages\/1090","targetHints":{"allow":["GET"]}}],"collection":[{"href":"https:\/\/wordpress.nibis.de\/gymharen\/wp-json\/wp\/v2\/pages"}],"about":[{"href":"https:\/\/wordpress.nibis.de\/gymharen\/wp-json\/wp\/v2\/types\/page"}],"author":[{"embeddable":true,"href":"https:\/\/wordpress.nibis.de\/gymharen\/wp-json\/wp\/v2\/users\/1256"}],"replies":[{"embeddable":true,"href":"https:\/\/wordpress.nibis.de\/gymharen\/wp-json\/wp\/v2\/comments?post=1090"}],"version-history":[{"count":7,"href":"https:\/\/wordpress.nibis.de\/gymharen\/wp-json\/wp\/v2\/pages\/1090\/revisions"}],"predecessor-version":[{"id":1136,"href":"https:\/\/wordpress.nibis.de\/gymharen\/wp-json\/wp\/v2\/pages\/1090\/revisions\/1136"}],"wp:attachment":[{"href":"https:\/\/wordpress.nibis.de\/gymharen\/wp-json\/wp\/v2\/media?parent=1090"}],"curies":[{"name":"wp","href":"https:\/\/api.w.org\/{rel}","templated":true}]}}

<p>[:de]<strong>LEITGEDANKE</strong></p>
<p align="justify">Den Ort der Schule begreifen wir als Gymnasium Haren als einen, an dem alle Mitglieder der Schulgemeinschaft miteinander und voneinander lernen können. Um das gewährleisten zu können, braucht es als elementare Grundgrößen gleichermaßen den fachlichen Diskurs wie das persönliche Wort. Kein Gespräch aber kann gelingen, wenn es nicht grundsätzlich vom Respekt für das Denken und Sprechen des Gegenübers gezeichnet ist. Gerade das aber stellt zugleich und besonders in Konfliktmomenten zuweilen die größte Herausforderung dar. Umgekehrt lässt sich genau daran aber immer wieder messen, inwiefern es uns gelingt anzunehmen, dass der Andere anders ist und als solcher eine Herausforderung darstellt, die mich zur Auseinandersetzung auffordern und zu neuen Sichtweisen befähigen kann.</p>
<ul>
<li>Die Andersheit des Anderen respektieren und sich ihr stellen.</li>
<li>Kritisch Stellung beziehen und den differenzierten Blick schulen.</li>
<li>Eigene Schwächen erkennen und in Stärken verwandeln.</li>
<li>Stärken loben und als Einmaligkeit der jeweiligen Persönlichkeit schätzen.</li>
<li>Persönlichkeiten fördern und zur Verantwortungsübernahme im Leben befähigen.</li>
</ul>
<p style="text-align: justify" align="justify">Diese Leitgedanken prägen unser Konzept des Sozialen Lernens, um an unserer Schule eine „Kultur der Wertschätzung“ zu leben.</p>
<p align="justify"><a href="http://wordpress.nibis.de/gymharen/soziales-lernen/"><img loading="lazy" decoding="async" class="alignnone size-full wp-image-1132" src="http://wordpress.nibis.de/gymharen/files/2018/12/dach.jpg" alt="" width="405" height="62" srcset="https://wordpress.nibis.de/gymharen/files/2018/12/dach.jpg 405w, https://wordpress.nibis.de/gymharen/files/2018/12/dach-250x38.jpg 250w" sizes="auto, (max-width: 405px) 100vw, 405px" /></a></p>
<p style="text-align: justify" align="justify"><a href="http://wordpress.nibis.de/gymharen/soziales-lernen/schulgemeinschaftstage-clemenswerth/"><img loading="lazy" decoding="async" class="alignnone size-full wp-image-1121" src="http://wordpress.nibis.de/gymharen/files/2018/12/saeule1.jpg" alt="" width="64" height="297" /></a> <a href="http://wordpress.nibis.de/gymharen/soziales-lernen/generationsuebergreifendes-lernen/"><img loading="lazy" decoding="async" class="alignnone size-full wp-image-1122" src="http://wordpress.nibis.de/gymharen/files/2018/12/saeule2.jpg" alt="" width="64" height="297" /></a> <a href="http://wordpress.nibis.de/gymharen/soziales-lernen/soziales-lernen-suchtpraevention/"><img loading="lazy" decoding="async" class="alignnone size-full wp-image-1123" src="http://wordpress.nibis.de/gymharen/files/2018/12/saeule3.jpg" alt="" width="64" height="297" /></a> <a href="http://wordpress.nibis.de/gymharen/soziales-lernen/soziales-lernen-konfliktmanagement-und-gewaltpraevention/"><img loading="lazy" decoding="async" class="alignnone size-full wp-image-1124" src="http://wordpress.nibis.de/gymharen/files/2018/12/saeule4.jpg" alt="" width="64" height="297" /></a> <a href="http://wordpress.nibis.de/gymharen/soziales-lernen/soziales-lernen-humanitaere-schule/"><img loading="lazy" decoding="async" class="alignnone size-full wp-image-1125" src="http://wordpress.nibis.de/gymharen/files/2018/12/saeule5.jpg" alt="" width="64" height="297" /></a> <a href="http://wordpress.nibis.de/gymharen/soziales-lernen/soziales-lernen-weitergedacht/"><img loading="lazy" decoding="async" class="alignnone size-full wp-image-1126" src="http://wordpress.nibis.de/gymharen/files/2018/12/saeule6.jpg" alt="" width="64" height="297" /></a></p>
<p>[:]</p>

<p>[:de]LEITGEDANKE Den Ort der Schule begreifen wir als Gymnasium Haren als einen, an dem alle Mitglieder der Schulgemeinschaft miteinander und voneinander lernen können. Um das gewährleisten zu können, braucht es als elementare Grundgrößen gleichermaßen den fachlichen Diskurs wie das persönliche</p>
