{"id":1093,"date":"2018-12-04T20:46:05","date_gmt":"2018-12-04T19:46:05","guid":{"rendered":"http:\/\/wordpress.nibis.de\/gymharen\/?page_id=1093"},"modified":"2019-09-27T17:06:45","modified_gmt":"2019-09-27T15:06:45","slug":"schulgemeinschaftstage-clemenswerth","status":"publish","type":"page","link":"https:\/\/wordpress.nibis.de\/gymharen\/soziales-lernen\/schulgemeinschaftstage-clemenswerth\/","title":{"rendered":"[:de]Soziales Lernen &#8211; Schulgemeinschaftstage Clemenswerth (Jg. 5)[:]"},"content":{"rendered":"<p>[:de]<\/p>\n<div align=\"justify\">\n<p><strong>LEITGEDANKE<\/strong><\/p>\n<p>Sich nach dem Schulwechsel von der Grundschule an das Gymnasium Haren in den neuen Schulr\u00e4umen zurecht zu finden, bedeutet nicht nur, neue Wege in Klassen- und Fachr\u00e4ume, zum Lehrerzimmer und ins Sekretariat zu finden. Es gilt auch, den Weg zu den Mitsch\u00fclern zu finden, Neue kennenzulernen, den eigenen Platz in der neuen Klassengemeinschaft zu finden und neue Regeln und Vorgehensweisen zu verstehen und sich an sie zu gew\u00f6hnen.<\/p>\n<p>Damit dies von Anfang an gelingen kann, Schwierigkeiten oder Sorgen beseitigt und erste H\u00fcrden gemeinsam gemeistert werden k\u00f6nnen, veranstalten wir in Kooperation mit dem Marstall Clemenswerth in S\u00f6gel f\u00fcr unsere F\u00fcnftkl\u00e4ssler in ihrem ersten Halbjahr eine dreit\u00e4gige Klassenfahrt zu den Schulgemeinschaftstagen in den Marstall. Bei vielen lebhaften Spielen, lebendiger Aufregung, manchmal spannenden N\u00e4chten und bei jeder Menge Spa\u00df gilt es, sich als neue Klasse besser kennenzulernen, um gest\u00e4rkt in die weitere gemeinsame Schullaufbahn zu starten.<\/p>\n<p align=\"justify\"><a href=\"http:\/\/wordpress.nibis.de\/gymharen\/soziales-lernen\/\"><img loading=\"lazy\" decoding=\"async\" class=\"alignnone size-full wp-image-1132 aligncenter\" src=\"http:\/\/wordpress.nibis.de\/gymharen\/files\/2018\/12\/dach.jpg\" alt=\"\" width=\"405\" height=\"62\" srcset=\"https:\/\/wordpress.nibis.de\/gymharen\/files\/2018\/12\/dach.jpg 405w, https:\/\/wordpress.nibis.de\/gymharen\/files\/2018\/12\/dach-250x38.jpg 250w\" sizes=\"auto, (max-width: 405px) 100vw, 405px\" \/><\/a><\/p>\n<p style=\"text-align: center\" align=\"justify\"><a href=\"http:\/\/wordpress.nibis.de\/gymharen\/soziales-lernen\/schulgemeinschaftstage-clemenswerth\/\"><img loading=\"lazy\" decoding=\"async\" class=\"alignnone size-full wp-image-1121\" src=\"http:\/\/wordpress.nibis.de\/gymharen\/files\/2018\/12\/saeule1.jpg\" alt=\"\" width=\"64\" height=\"297\" \/><\/a> <a href=\"http:\/\/wordpress.nibis.de\/gymharen\/soziales-lernen\/generationsuebergreifendes-lernen\/\"><img loading=\"lazy\" decoding=\"async\" class=\"alignnone size-full wp-image-1122\" src=\"http:\/\/wordpress.nibis.de\/gymharen\/files\/2018\/12\/saeule2.jpg\" alt=\"\" width=\"64\" height=\"297\" \/><\/a> <a href=\"http:\/\/wordpress.nibis.de\/gymharen\/soziales-lernen\/soziales-lernen-suchtpraevention\/\"><img loading=\"lazy\" decoding=\"async\" class=\"alignnone size-full wp-image-1123\" src=\"http:\/\/wordpress.nibis.de\/gymharen\/files\/2018\/12\/saeule3.jpg\" alt=\"\" width=\"64\" height=\"297\" \/><\/a> <a href=\"http:\/\/wordpress.nibis.de\/gymharen\/soziales-lernen\/soziales-lernen-konfliktmanagement-und-gewaltpraevention\/\"><img loading=\"lazy\" decoding=\"async\" class=\"alignnone size-full wp-image-1124\" src=\"http:\/\/wordpress.nibis.de\/gymharen\/files\/2018\/12\/saeule4.jpg\" alt=\"\" width=\"64\" height=\"297\" \/><\/a> <a href=\"http:\/\/wordpress.nibis.de\/gymharen\/soziales-lernen\/soziales-lernen-humanitaere-schule\/\"><img loading=\"lazy\" decoding=\"async\" class=\"alignnone size-full wp-image-1125\" src=\"http:\/\/wordpress.nibis.de\/gymharen\/files\/2018\/12\/saeule5.jpg\" alt=\"\" width=\"64\" height=\"297\" \/><\/a> <a href=\"http:\/\/wordpress.nibis.de\/gymharen\/soziales-lernen\/soziales-lernen-weitergedacht\/\"><img loading=\"lazy\" decoding=\"async\" class=\"alignnone size-full wp-image-1126\" src=\"http:\/\/wordpress.nibis.de\/gymharen\/files\/2018\/12\/saeule6.jpg\" alt=\"\" width=\"64\" height=\"297\" \/><\/a><\/p>\n<\/div>\n<p>[:]<\/p>\n","protected":false},"excerpt":{"rendered":"<p>[:de] LEITGEDANKE Sich nach dem Schulwechsel von der Grundschule an das Gymnasium Haren in den neuen Schulr\u00e4umen zurecht zu finden, bedeutet nicht nur, neue Wege in Klassen- und Fachr\u00e4ume, zum Lehrerzimmer und ins Sekretariat zu finden. Es gilt auch, den<\/p>\n","protected":false},"author":1256,"featured_media":0,"parent":1090,"menu_order":61,"comment_status":"closed","ping_status":"closed","template":"","meta":{"footnotes":""},"class_list":["post-1093","page","type-page","status-publish","hentry"],"_links":{"self":[{"href":"https:\/\/wordpress.nibis.de\/gymharen\/wp-json\/wp\/v2\/pages\/1093","targetHints":{"allow":["GET"]}}],"collection":[{"href":"https:\/\/wordpress.nibis.de\/gymharen\/wp-json\/wp\/v2\/pages"}],"about":[{"href":"https:\/\/wordpress.nibis.de\/gymharen\/wp-json\/wp\/v2\/types\/page"}],"author":[{"embeddable":true,"href":"https:\/\/wordpress.nibis.de\/gymharen\/wp-json\/wp\/v2\/users\/1256"}],"replies":[{"embeddable":true,"href":"https:\/\/wordpress.nibis.de\/gymharen\/wp-json\/wp\/v2\/comments?post=1093"}],"version-history":[{"count":5,"href":"https:\/\/wordpress.nibis.de\/gymharen\/wp-json\/wp\/v2\/pages\/1093\/revisions"}],"predecessor-version":[{"id":2545,"href":"https:\/\/wordpress.nibis.de\/gymharen\/wp-json\/wp\/v2\/pages\/1093\/revisions\/2545"}],"up":[{"embeddable":true,"href":"https:\/\/wordpress.nibis.de\/gymharen\/wp-json\/wp\/v2\/pages\/1090"}],"wp:attachment":[{"href":"https:\/\/wordpress.nibis.de\/gymharen\/wp-json\/wp\/v2\/media?parent=1093"}],"curies":[{"name":"wp","href":"https:\/\/api.w.org\/{rel}","templated":true}]}}

<p>[:de]</p>
<div align="justify">
<p><strong>LEITGEDANKE</strong></p>
<p>Sich nach dem Schulwechsel von der Grundschule an das Gymnasium Haren in den neuen Schulräumen zurecht zu finden, bedeutet nicht nur, neue Wege in Klassen- und Fachräume, zum Lehrerzimmer und ins Sekretariat zu finden. Es gilt auch, den Weg zu den Mitschülern zu finden, Neue kennenzulernen, den eigenen Platz in der neuen Klassengemeinschaft zu finden und neue Regeln und Vorgehensweisen zu verstehen und sich an sie zu gewöhnen.</p>
<p>Damit dies von Anfang an gelingen kann, Schwierigkeiten oder Sorgen beseitigt und erste Hürden gemeinsam gemeistert werden können, veranstalten wir in Kooperation mit dem Marstall Clemenswerth in Sögel für unsere Fünftklässler in ihrem ersten Halbjahr eine dreitägige Klassenfahrt zu den Schulgemeinschaftstagen in den Marstall. Bei vielen lebhaften Spielen, lebendiger Aufregung, manchmal spannenden Nächten und bei jeder Menge Spaß gilt es, sich als neue Klasse besser kennenzulernen, um gestärkt in die weitere gemeinsame Schullaufbahn zu starten.</p>
<p align="justify"><a href="http://wordpress.nibis.de/gymharen/soziales-lernen/"><img loading="lazy" decoding="async" class="alignnone size-full wp-image-1132 aligncenter" src="http://wordpress.nibis.de/gymharen/files/2018/12/dach.jpg" alt="" width="405" height="62" srcset="https://wordpress.nibis.de/gymharen/files/2018/12/dach.jpg 405w, https://wordpress.nibis.de/gymharen/files/2018/12/dach-250x38.jpg 250w" sizes="auto, (max-width: 405px) 100vw, 405px" /></a></p>
<p style="text-align: center" align="justify"><a href="http://wordpress.nibis.de/gymharen/soziales-lernen/schulgemeinschaftstage-clemenswerth/"><img loading="lazy" decoding="async" class="alignnone size-full wp-image-1121" src="http://wordpress.nibis.de/gymharen/files/2018/12/saeule1.jpg" alt="" width="64" height="297" /></a> <a href="http://wordpress.nibis.de/gymharen/soziales-lernen/generationsuebergreifendes-lernen/"><img loading="lazy" decoding="async" class="alignnone size-full wp-image-1122" src="http://wordpress.nibis.de/gymharen/files/2018/12/saeule2.jpg" alt="" width="64" height="297" /></a> <a href="http://wordpress.nibis.de/gymharen/soziales-lernen/soziales-lernen-suchtpraevention/"><img loading="lazy" decoding="async" class="alignnone size-full wp-image-1123" src="http://wordpress.nibis.de/gymharen/files/2018/12/saeule3.jpg" alt="" width="64" height="297" /></a> <a href="http://wordpress.nibis.de/gymharen/soziales-lernen/soziales-lernen-konfliktmanagement-und-gewaltpraevention/"><img loading="lazy" decoding="async" class="alignnone size-full wp-image-1124" src="http://wordpress.nibis.de/gymharen/files/2018/12/saeule4.jpg" alt="" width="64" height="297" /></a> <a href="http://wordpress.nibis.de/gymharen/soziales-lernen/soziales-lernen-humanitaere-schule/"><img loading="lazy" decoding="async" class="alignnone size-full wp-image-1125" src="http://wordpress.nibis.de/gymharen/files/2018/12/saeule5.jpg" alt="" width="64" height="297" /></a> <a href="http://wordpress.nibis.de/gymharen/soziales-lernen/soziales-lernen-weitergedacht/"><img loading="lazy" decoding="async" class="alignnone size-full wp-image-1126" src="http://wordpress.nibis.de/gymharen/files/2018/12/saeule6.jpg" alt="" width="64" height="297" /></a></p>
</div>
<p>[:]</p>

<p>[:de] LEITGEDANKE Sich nach dem Schulwechsel von der Grundschule an das Gymnasium Haren in den neuen Schulräumen zurecht zu finden, bedeutet nicht nur, neue Wege in Klassen- und Fachräume, zum Lehrerzimmer und ins Sekretariat zu finden. Es gilt auch, den</p>
