{"id":1095,"date":"2018-12-04T20:47:01","date_gmt":"2018-12-04T19:47:01","guid":{"rendered":"http:\/\/wordpress.nibis.de\/gymharen\/?page_id=1095"},"modified":"2018-12-04T22:18:00","modified_gmt":"2018-12-04T21:18:00","slug":"generationsuebergreifendes-lernen","status":"publish","type":"page","link":"https:\/\/wordpress.nibis.de\/gymharen\/soziales-lernen\/generationsuebergreifendes-lernen\/","title":{"rendered":"[:de]Soziales Lernen &#8211; Generations\u00fcbergreifendes Lernen (Jg. 6 + 9)[:]"},"content":{"rendered":"<p>[:de]<strong><span class=\"Stil34\">LEITGEDANKE<\/span><\/strong><\/p>\n<p style=\"text-align: justify\">Sich im sozialen Miteinander f\u00fcreinander einzusetzen ist etwas, das unserer Schulgemeinschaft ein besonderes Anliegen ist und nicht an den Schulmauern enden soll. Stattdessen wissen wir uns lebendig verbunden mit der Stadt Haren und ihren B\u00fcrgern. Auch hier gibt es, wie in unserer Schule, Menschen mit St\u00e4rken und Schw\u00e4chen, von denen wir lernen k\u00f6nnen oder denen wir zuweilen helfen k\u00f6nnen. Orientiert an diesem Gedanken ist es uns im Rahmen des generations\u00fcbergreifenden Lernens ein Anliegen, einen Raum der Begegnung zu schaffen zwischen den Senioren im Stadtgebiet Haren und den Sch\u00fclerinnen und Sch\u00fclern unserer Jahrg\u00e4nge 6 und 9. Im Sommerhalbjahr eines Schuljahres veranstalten wir daher einen etwa halbj\u00e4hrigen freiwilligen Besuchsdienst, bei dem sich unsere Sch\u00fclerinnen und Sch\u00fcler einmal im Monat bei ihnen zugeteilten Senioren im Martinusstift Haren oder in ihrem jeweiligen zu Hause einfinden f\u00fcr eine gemeinsame Zeit des Spielens, Vorlesens, Helfens im Garten oder beim Einkauf oder einfach nur zum Erz\u00e4hlen. Ein abschlie\u00dfendes Zertifikat bescheinigt allen Teilnehmern ihr soziales Engagement.<\/p>\n<p align=\"justify\">\n<p align=\"justify\"><a href=\"http:\/\/wordpress.nibis.de\/gymharen\/soziales-lernen\/\"><img loading=\"lazy\" decoding=\"async\" class=\"alignnone size-full wp-image-1132\" src=\"http:\/\/wordpress.nibis.de\/gymharen\/files\/2018\/12\/dach.jpg\" alt=\"\" width=\"405\" height=\"62\" srcset=\"https:\/\/wordpress.nibis.de\/gymharen\/files\/2018\/12\/dach.jpg 405w, https:\/\/wordpress.nibis.de\/gymharen\/files\/2018\/12\/dach-250x38.jpg 250w\" sizes=\"auto, (max-width: 405px) 100vw, 405px\" \/><\/a><\/p>\n<p align=\"justify\"><a href=\"http:\/\/wordpress.nibis.de\/gymharen\/soziales-lernen\/schulgemeinschaftstage-clemenswerth\/\"><img loading=\"lazy\" decoding=\"async\" class=\"alignnone size-full wp-image-1121\" src=\"http:\/\/wordpress.nibis.de\/gymharen\/files\/2018\/12\/saeule1.jpg\" alt=\"\" width=\"64\" height=\"297\" \/><\/a> <a href=\"http:\/\/wordpress.nibis.de\/gymharen\/soziales-lernen\/generationsuebergreifendes-lernen\/\"><img loading=\"lazy\" decoding=\"async\" class=\"alignnone size-full wp-image-1122\" src=\"http:\/\/wordpress.nibis.de\/gymharen\/files\/2018\/12\/saeule2.jpg\" alt=\"\" width=\"64\" height=\"297\" \/><\/a> <a href=\"http:\/\/wordpress.nibis.de\/gymharen\/soziales-lernen\/soziales-lernen-suchtpraevention\/\"><img loading=\"lazy\" decoding=\"async\" class=\"alignnone size-full wp-image-1123\" src=\"http:\/\/wordpress.nibis.de\/gymharen\/files\/2018\/12\/saeule3.jpg\" alt=\"\" width=\"64\" height=\"297\" \/><\/a> <a href=\"http:\/\/wordpress.nibis.de\/gymharen\/soziales-lernen\/soziales-lernen-konfliktmanagement-und-gewaltpraevention\/\"><img loading=\"lazy\" decoding=\"async\" class=\"alignnone size-full wp-image-1124\" src=\"http:\/\/wordpress.nibis.de\/gymharen\/files\/2018\/12\/saeule4.jpg\" alt=\"\" width=\"64\" height=\"297\" \/><\/a> <a href=\"http:\/\/wordpress.nibis.de\/gymharen\/soziales-lernen\/soziales-lernen-humanitaere-schule\/\"><img loading=\"lazy\" decoding=\"async\" class=\"alignnone size-full wp-image-1125\" src=\"http:\/\/wordpress.nibis.de\/gymharen\/files\/2018\/12\/saeule5.jpg\" alt=\"\" width=\"64\" height=\"297\" \/><\/a> <a href=\"http:\/\/wordpress.nibis.de\/gymharen\/soziales-lernen\/soziales-lernen-weitergedacht\/\"><img loading=\"lazy\" decoding=\"async\" class=\"alignnone size-full wp-image-1126\" src=\"http:\/\/wordpress.nibis.de\/gymharen\/files\/2018\/12\/saeule6.jpg\" alt=\"\" width=\"64\" height=\"297\" \/><\/a><\/p>\n<p>[:]<\/p>\n","protected":false},"excerpt":{"rendered":"<p>[:de]LEITGEDANKE Sich im sozialen Miteinander f\u00fcreinander einzusetzen ist etwas, das unserer Schulgemeinschaft ein besonderes Anliegen ist und nicht an den Schulmauern enden soll. Stattdessen wissen wir uns lebendig verbunden mit der Stadt Haren und ihren B\u00fcrgern. Auch hier gibt es,<\/p>\n","protected":false},"author":1256,"featured_media":0,"parent":1090,"menu_order":60,"comment_status":"closed","ping_status":"closed","template":"","meta":{"footnotes":""},"class_list":["post-1095","page","type-page","status-publish","hentry"],"_links":{"self":[{"href":"https:\/\/wordpress.nibis.de\/gymharen\/wp-json\/wp\/v2\/pages\/1095","targetHints":{"allow":["GET"]}}],"collection":[{"href":"https:\/\/wordpress.nibis.de\/gymharen\/wp-json\/wp\/v2\/pages"}],"about":[{"href":"https:\/\/wordpress.nibis.de\/gymharen\/wp-json\/wp\/v2\/types\/page"}],"author":[{"embeddable":true,"href":"https:\/\/wordpress.nibis.de\/gymharen\/wp-json\/wp\/v2\/users\/1256"}],"replies":[{"embeddable":true,"href":"https:\/\/wordpress.nibis.de\/gymharen\/wp-json\/wp\/v2\/comments?post=1095"}],"version-history":[{"count":4,"href":"https:\/\/wordpress.nibis.de\/gymharen\/wp-json\/wp\/v2\/pages\/1095\/revisions"}],"predecessor-version":[{"id":1138,"href":"https:\/\/wordpress.nibis.de\/gymharen\/wp-json\/wp\/v2\/pages\/1095\/revisions\/1138"}],"up":[{"embeddable":true,"href":"https:\/\/wordpress.nibis.de\/gymharen\/wp-json\/wp\/v2\/pages\/1090"}],"wp:attachment":[{"href":"https:\/\/wordpress.nibis.de\/gymharen\/wp-json\/wp\/v2\/media?parent=1095"}],"curies":[{"name":"wp","href":"https:\/\/api.w.org\/{rel}","templated":true}]}}

[:de]Soziales Lernen &#8211; Generationsübergreifendes Lernen (Jg. 6 + 9)[:]

<p>[:de]<strong><span class="Stil34">LEITGEDANKE</span></strong></p>
<p style="text-align: justify">Sich im sozialen Miteinander füreinander einzusetzen ist etwas, das unserer Schulgemeinschaft ein besonderes Anliegen ist und nicht an den Schulmauern enden soll. Stattdessen wissen wir uns lebendig verbunden mit der Stadt Haren und ihren Bürgern. Auch hier gibt es, wie in unserer Schule, Menschen mit Stärken und Schwächen, von denen wir lernen können oder denen wir zuweilen helfen können. Orientiert an diesem Gedanken ist es uns im Rahmen des generationsübergreifenden Lernens ein Anliegen, einen Raum der Begegnung zu schaffen zwischen den Senioren im Stadtgebiet Haren und den Schülerinnen und Schülern unserer Jahrgänge 6 und 9. Im Sommerhalbjahr eines Schuljahres veranstalten wir daher einen etwa halbjährigen freiwilligen Besuchsdienst, bei dem sich unsere Schülerinnen und Schüler einmal im Monat bei ihnen zugeteilten Senioren im Martinusstift Haren oder in ihrem jeweiligen zu Hause einfinden für eine gemeinsame Zeit des Spielens, Vorlesens, Helfens im Garten oder beim Einkauf oder einfach nur zum Erzählen. Ein abschließendes Zertifikat bescheinigt allen Teilnehmern ihr soziales Engagement.</p>
<p align="justify">
<p align="justify"><a href="http://wordpress.nibis.de/gymharen/soziales-lernen/"><img loading="lazy" decoding="async" class="alignnone size-full wp-image-1132" src="http://wordpress.nibis.de/gymharen/files/2018/12/dach.jpg" alt="" width="405" height="62" srcset="https://wordpress.nibis.de/gymharen/files/2018/12/dach.jpg 405w, https://wordpress.nibis.de/gymharen/files/2018/12/dach-250x38.jpg 250w" sizes="auto, (max-width: 405px) 100vw, 405px" /></a></p>
<p align="justify"><a href="http://wordpress.nibis.de/gymharen/soziales-lernen/schulgemeinschaftstage-clemenswerth/"><img loading="lazy" decoding="async" class="alignnone size-full wp-image-1121" src="http://wordpress.nibis.de/gymharen/files/2018/12/saeule1.jpg" alt="" width="64" height="297" /></a> <a href="http://wordpress.nibis.de/gymharen/soziales-lernen/generationsuebergreifendes-lernen/"><img loading="lazy" decoding="async" class="alignnone size-full wp-image-1122" src="http://wordpress.nibis.de/gymharen/files/2018/12/saeule2.jpg" alt="" width="64" height="297" /></a> <a href="http://wordpress.nibis.de/gymharen/soziales-lernen/soziales-lernen-suchtpraevention/"><img loading="lazy" decoding="async" class="alignnone size-full wp-image-1123" src="http://wordpress.nibis.de/gymharen/files/2018/12/saeule3.jpg" alt="" width="64" height="297" /></a> <a href="http://wordpress.nibis.de/gymharen/soziales-lernen/soziales-lernen-konfliktmanagement-und-gewaltpraevention/"><img loading="lazy" decoding="async" class="alignnone size-full wp-image-1124" src="http://wordpress.nibis.de/gymharen/files/2018/12/saeule4.jpg" alt="" width="64" height="297" /></a> <a href="http://wordpress.nibis.de/gymharen/soziales-lernen/soziales-lernen-humanitaere-schule/"><img loading="lazy" decoding="async" class="alignnone size-full wp-image-1125" src="http://wordpress.nibis.de/gymharen/files/2018/12/saeule5.jpg" alt="" width="64" height="297" /></a> <a href="http://wordpress.nibis.de/gymharen/soziales-lernen/soziales-lernen-weitergedacht/"><img loading="lazy" decoding="async" class="alignnone size-full wp-image-1126" src="http://wordpress.nibis.de/gymharen/files/2018/12/saeule6.jpg" alt="" width="64" height="297" /></a></p>
<p>[:]</p>

<p>[:de]LEITGEDANKE Sich im sozialen Miteinander füreinander einzusetzen ist etwas, das unserer Schulgemeinschaft ein besonderes Anliegen ist und nicht an den Schulmauern enden soll. Stattdessen wissen wir uns lebendig verbunden mit der Stadt Haren und ihren Bürgern. Auch hier gibt es,</p>
