{"id":1098,"date":"2018-12-04T20:48:08","date_gmt":"2018-12-04T19:48:08","guid":{"rendered":"http:\/\/wordpress.nibis.de\/gymharen\/?page_id=1098"},"modified":"2019-09-19T08:56:32","modified_gmt":"2019-09-19T06:56:32","slug":"soziales-lernen-konfliktmanagement-und-gewaltpraevention","status":"publish","type":"page","link":"https:\/\/wordpress.nibis.de\/gymharen\/soziales-lernen\/soziales-lernen-konfliktmanagement-und-gewaltpraevention\/","title":{"rendered":"[:de]Soziales Lernen &#8211; Konfliktmanagement und Gewaltpr\u00e4vention (Jg. 10)[:]"},"content":{"rendered":"<p>[:de]<strong><span class=\"Stil34\">LEITGEDANKE<\/span><\/strong><\/p>\n<div align=\"justify\">\n<p><strong>\u201eSzene(n)wechsel f\u00fcr den Jahrgang 10 \u2013 Umgangsweisen mit Konflikten und Gewalt\u201c <\/strong><\/p>\n<p>Anders als zu Zeiten des Jahrgangs 5 kennen sich im Jahrgang 10 viele Sch\u00fcler bereits, Freundschaften und Gruppen haben sich gebildet. M\u00f6glicherweise haben sich aber auch Vorurteile gegen andere oder alte Streiterfahrungen festgesetzt, die das Miteinander manchmal blockieren k\u00f6nnen, obwohl oder gerade weil sich alle weiter entwickelt haben. Dabei ist so mancher offener und aufgeschlossener geworden und kann sich gut in die neue Gemeinschaft integrieren, ein anderer ist laut und so temperamentvoll, dass andere daneben schnell aus dem Blick geraten, wieder ein anderer ist eher zur\u00fcckhaltend, scheint sich manchmal zu isolieren und ist oft nur schwer einzusch\u00e4tzen. Solche Dimensionen sind f\u00fcr (neue) Gemeinschaften nicht selten, aber sie stellen immer wieder eine Herausforderung dar, bei der es gilt, einen friedlichen Weg zueinander und in Konfliktsituationen zielgerichtete Umgangsweisen miteinander zu finden, bei denen die eigene Andersheit und die des Anderen respektiert werden, um sich nicht gegenseitig zu isolieren, sondern die Unterschiedlichkeiten in die Gemeinschaft zu integrieren und das gegenseitige Verstehen zu erm\u00f6glichen. Gewalt und tiefgreifende Konflikte zu vermeiden, bedeutet also viel mehr als zu verstehen, warum nicht die Faust gegen, sondern das Wort f\u00fcr den anderen die L\u00f6sung erm\u00f6glicht. Es braucht vor allem einen ehrlichen und zugleich sensiblen wie respektierenden Umgang mit sich selbst und mit dem Gegen\u00fcber. Vor diesem Hintergrund ist es uns wichtig, den Sch\u00fclerinnen und Sch\u00fclern des Jahrgangs 10 die M\u00f6glichkeit zu einem Szene(n)wechsel zu geben und gemeinsam sowie unter Nutzung des au\u00dferschulischen Lernortes Marstall Clemenswerth mit externen Referenten die verschiedenen Facetten rund um das Thema Gewalt und Konflikte zu thematisieren und zu be-greifen. Dieses Angebot an den Beginn der gemeinsamen Oberstufenzeit zu setzen soll zudem erm\u00f6glichen, den gemeinsamen Weg zum Abitur mit einer Z\u00e4sur zu zeichnen, die das Selbstverst\u00e4ndnis als Jahrgang st\u00e4rken soll.<\/p>\n<p align=\"justify\">\n<p align=\"justify\"><a href=\"http:\/\/wordpress.nibis.de\/gymharen\/soziales-lernen\/\"><img loading=\"lazy\" decoding=\"async\" class=\"alignnone size-full wp-image-1132\" src=\"http:\/\/wordpress.nibis.de\/gymharen\/files\/2018\/12\/dach.jpg\" alt=\"\" width=\"405\" height=\"62\" srcset=\"https:\/\/wordpress.nibis.de\/gymharen\/files\/2018\/12\/dach.jpg 405w, https:\/\/wordpress.nibis.de\/gymharen\/files\/2018\/12\/dach-250x38.jpg 250w\" sizes=\"auto, (max-width: 405px) 100vw, 405px\" \/><\/a><\/p>\n<p align=\"justify\"><a href=\"http:\/\/wordpress.nibis.de\/gymharen\/soziales-lernen\/schulgemeinschaftstage-clemenswerth\/\"><img loading=\"lazy\" decoding=\"async\" class=\"alignnone size-full wp-image-1121\" src=\"http:\/\/wordpress.nibis.de\/gymharen\/files\/2018\/12\/saeule1.jpg\" alt=\"\" width=\"64\" height=\"297\" \/><\/a> <a href=\"http:\/\/wordpress.nibis.de\/gymharen\/soziales-lernen\/generationsuebergreifendes-lernen\/\"><img loading=\"lazy\" decoding=\"async\" class=\"alignnone size-full wp-image-1122\" src=\"http:\/\/wordpress.nibis.de\/gymharen\/files\/2018\/12\/saeule2.jpg\" alt=\"\" width=\"64\" height=\"297\" \/><\/a> <a href=\"http:\/\/wordpress.nibis.de\/gymharen\/soziales-lernen\/soziales-lernen-suchtpraevention\/\"><img loading=\"lazy\" decoding=\"async\" class=\"alignnone size-full wp-image-1123\" src=\"http:\/\/wordpress.nibis.de\/gymharen\/files\/2018\/12\/saeule3.jpg\" alt=\"\" width=\"64\" height=\"297\" \/><\/a> <a href=\"http:\/\/wordpress.nibis.de\/gymharen\/soziales-lernen\/soziales-lernen-konfliktmanagement-und-gewaltpraevention\/\"><img loading=\"lazy\" decoding=\"async\" class=\"alignnone size-full wp-image-1124\" src=\"http:\/\/wordpress.nibis.de\/gymharen\/files\/2018\/12\/saeule4.jpg\" alt=\"\" width=\"64\" height=\"297\" \/><\/a> <a href=\"http:\/\/wordpress.nibis.de\/gymharen\/soziales-lernen\/soziales-lernen-humanitaere-schule\/\"><img loading=\"lazy\" decoding=\"async\" class=\"alignnone size-full wp-image-1125\" src=\"http:\/\/wordpress.nibis.de\/gymharen\/files\/2018\/12\/saeule5.jpg\" alt=\"\" width=\"64\" height=\"297\" \/><\/a> <a href=\"http:\/\/wordpress.nibis.de\/gymharen\/soziales-lernen\/soziales-lernen-weitergedacht\/\"><img loading=\"lazy\" decoding=\"async\" class=\"alignnone size-full wp-image-1126\" src=\"http:\/\/wordpress.nibis.de\/gymharen\/files\/2018\/12\/saeule6.jpg\" alt=\"\" width=\"64\" height=\"297\" \/><\/a><\/p>\n<\/div>\n<p>[:]<\/p>\n","protected":false},"excerpt":{"rendered":"<p>[:de]LEITGEDANKE \u201eSzene(n)wechsel f\u00fcr den Jahrgang 10 \u2013 Umgangsweisen mit Konflikten und Gewalt\u201c Anders als zu Zeiten des Jahrgangs 5 kennen sich im Jahrgang 10 viele Sch\u00fcler bereits, Freundschaften und Gruppen haben sich gebildet. M\u00f6glicherweise haben sich aber auch Vorurteile gegen<\/p>\n","protected":false},"author":1256,"featured_media":0,"parent":1090,"menu_order":59,"comment_status":"closed","ping_status":"closed","template":"","meta":{"footnotes":""},"class_list":["post-1098","page","type-page","status-publish","hentry"],"_links":{"self":[{"href":"https:\/\/wordpress.nibis.de\/gymharen\/wp-json\/wp\/v2\/pages\/1098","targetHints":{"allow":["GET"]}}],"collection":[{"href":"https:\/\/wordpress.nibis.de\/gymharen\/wp-json\/wp\/v2\/pages"}],"about":[{"href":"https:\/\/wordpress.nibis.de\/gymharen\/wp-json\/wp\/v2\/types\/page"}],"author":[{"embeddable":true,"href":"https:\/\/wordpress.nibis.de\/gymharen\/wp-json\/wp\/v2\/users\/1256"}],"replies":[{"embeddable":true,"href":"https:\/\/wordpress.nibis.de\/gymharen\/wp-json\/wp\/v2\/comments?post=1098"}],"version-history":[{"count":6,"href":"https:\/\/wordpress.nibis.de\/gymharen\/wp-json\/wp\/v2\/pages\/1098\/revisions"}],"predecessor-version":[{"id":2510,"href":"https:\/\/wordpress.nibis.de\/gymharen\/wp-json\/wp\/v2\/pages\/1098\/revisions\/2510"}],"up":[{"embeddable":true,"href":"https:\/\/wordpress.nibis.de\/gymharen\/wp-json\/wp\/v2\/pages\/1090"}],"wp:attachment":[{"href":"https:\/\/wordpress.nibis.de\/gymharen\/wp-json\/wp\/v2\/media?parent=1098"}],"curies":[{"name":"wp","href":"https:\/\/api.w.org\/{rel}","templated":true}]}}

[:de]Soziales Lernen &#8211; Konfliktmanagement und Gewaltprävention (Jg. 10)[:]

<p>[:de]<strong><span class="Stil34">LEITGEDANKE</span></strong></p>
<div align="justify">
<p><strong>„Szene(n)wechsel für den Jahrgang 10 – Umgangsweisen mit Konflikten und Gewalt“ </strong></p>
<p>Anders als zu Zeiten des Jahrgangs 5 kennen sich im Jahrgang 10 viele Schüler bereits, Freundschaften und Gruppen haben sich gebildet. Möglicherweise haben sich aber auch Vorurteile gegen andere oder alte Streiterfahrungen festgesetzt, die das Miteinander manchmal blockieren können, obwohl oder gerade weil sich alle weiter entwickelt haben. Dabei ist so mancher offener und aufgeschlossener geworden und kann sich gut in die neue Gemeinschaft integrieren, ein anderer ist laut und so temperamentvoll, dass andere daneben schnell aus dem Blick geraten, wieder ein anderer ist eher zurückhaltend, scheint sich manchmal zu isolieren und ist oft nur schwer einzuschätzen. Solche Dimensionen sind für (neue) Gemeinschaften nicht selten, aber sie stellen immer wieder eine Herausforderung dar, bei der es gilt, einen friedlichen Weg zueinander und in Konfliktsituationen zielgerichtete Umgangsweisen miteinander zu finden, bei denen die eigene Andersheit und die des Anderen respektiert werden, um sich nicht gegenseitig zu isolieren, sondern die Unterschiedlichkeiten in die Gemeinschaft zu integrieren und das gegenseitige Verstehen zu ermöglichen. Gewalt und tiefgreifende Konflikte zu vermeiden, bedeutet also viel mehr als zu verstehen, warum nicht die Faust gegen, sondern das Wort für den anderen die Lösung ermöglicht. Es braucht vor allem einen ehrlichen und zugleich sensiblen wie respektierenden Umgang mit sich selbst und mit dem Gegenüber. Vor diesem Hintergrund ist es uns wichtig, den Schülerinnen und Schülern des Jahrgangs 10 die Möglichkeit zu einem Szene(n)wechsel zu geben und gemeinsam sowie unter Nutzung des außerschulischen Lernortes Marstall Clemenswerth mit externen Referenten die verschiedenen Facetten rund um das Thema Gewalt und Konflikte zu thematisieren und zu be-greifen. Dieses Angebot an den Beginn der gemeinsamen Oberstufenzeit zu setzen soll zudem ermöglichen, den gemeinsamen Weg zum Abitur mit einer Zäsur zu zeichnen, die das Selbstverständnis als Jahrgang stärken soll.</p>
<p align="justify">
<p align="justify"><a href="http://wordpress.nibis.de/gymharen/soziales-lernen/"><img loading="lazy" decoding="async" class="alignnone size-full wp-image-1132" src="http://wordpress.nibis.de/gymharen/files/2018/12/dach.jpg" alt="" width="405" height="62" srcset="https://wordpress.nibis.de/gymharen/files/2018/12/dach.jpg 405w, https://wordpress.nibis.de/gymharen/files/2018/12/dach-250x38.jpg 250w" sizes="auto, (max-width: 405px) 100vw, 405px" /></a></p>
<p align="justify"><a href="http://wordpress.nibis.de/gymharen/soziales-lernen/schulgemeinschaftstage-clemenswerth/"><img loading="lazy" decoding="async" class="alignnone size-full wp-image-1121" src="http://wordpress.nibis.de/gymharen/files/2018/12/saeule1.jpg" alt="" width="64" height="297" /></a> <a href="http://wordpress.nibis.de/gymharen/soziales-lernen/generationsuebergreifendes-lernen/"><img loading="lazy" decoding="async" class="alignnone size-full wp-image-1122" src="http://wordpress.nibis.de/gymharen/files/2018/12/saeule2.jpg" alt="" width="64" height="297" /></a> <a href="http://wordpress.nibis.de/gymharen/soziales-lernen/soziales-lernen-suchtpraevention/"><img loading="lazy" decoding="async" class="alignnone size-full wp-image-1123" src="http://wordpress.nibis.de/gymharen/files/2018/12/saeule3.jpg" alt="" width="64" height="297" /></a> <a href="http://wordpress.nibis.de/gymharen/soziales-lernen/soziales-lernen-konfliktmanagement-und-gewaltpraevention/"><img loading="lazy" decoding="async" class="alignnone size-full wp-image-1124" src="http://wordpress.nibis.de/gymharen/files/2018/12/saeule4.jpg" alt="" width="64" height="297" /></a> <a href="http://wordpress.nibis.de/gymharen/soziales-lernen/soziales-lernen-humanitaere-schule/"><img loading="lazy" decoding="async" class="alignnone size-full wp-image-1125" src="http://wordpress.nibis.de/gymharen/files/2018/12/saeule5.jpg" alt="" width="64" height="297" /></a> <a href="http://wordpress.nibis.de/gymharen/soziales-lernen/soziales-lernen-weitergedacht/"><img loading="lazy" decoding="async" class="alignnone size-full wp-image-1126" src="http://wordpress.nibis.de/gymharen/files/2018/12/saeule6.jpg" alt="" width="64" height="297" /></a></p>
</div>
<p>[:]</p>

<p>[:de]LEITGEDANKE „Szene(n)wechsel für den Jahrgang 10 – Umgangsweisen mit Konflikten und Gewalt“ Anders als zu Zeiten des Jahrgangs 5 kennen sich im Jahrgang 10 viele Schüler bereits, Freundschaften und Gruppen haben sich gebildet. Möglicherweise haben sich aber auch Vorurteile gegen</p>
