{"id":1104,"date":"2018-12-04T20:50:26","date_gmt":"2018-12-04T19:50:26","guid":{"rendered":"http:\/\/wordpress.nibis.de\/gymharen\/?page_id=1104"},"modified":"2018-12-04T22:18:15","modified_gmt":"2018-12-04T21:18:15","slug":"soziales-lernen-suchtpraevention","status":"publish","type":"page","link":"https:\/\/wordpress.nibis.de\/gymharen\/soziales-lernen\/soziales-lernen-suchtpraevention\/","title":{"rendered":"[:de]Soziales Lernen &#8211; Suchtpr\u00e4vention (Jg. 8)[:]"},"content":{"rendered":"<p>[:de]<strong><span class=\"Stil34\">LEITGEDANKE<\/span><\/strong><\/p>\n<p style=\"text-align: justify\">Gesamtgesellschaftlich zeigt sich die Entwicklung, dass mittlerweile jedes zweite Kind im Alter von 11-12 Jahren bereits erste Erfahrungen mit Alkohol gemacht hat, obwohl das Jugendschutzgesetz den Verkauf jeglichen Alkohols an Kinder unter 16 Jahren verbietet. Zwar ist es kaum m\u00f6glich, den Alkohol als Bestandteil gesellschaftlichen Lebens zu isolieren, sehr wohl aber ist es uns als Schulgemeinschaft wichtig, dass unsere Sch\u00fcler rechtzeitig erfassen, was es bedeutet, einen verantwortungsvollen Umgang mit Alkohol zu zeigen. Daher beteiligen wir uns seit dem Schuljahr 2007\/2008 am Projekt \u201eEs geht um Alk\u201c zur Suchtpr\u00e4vention in Jugendarbeit und Schulen. In Kooperation mit dem Pr\u00e4ventionsrat der Stadt, mit dem Arbeitskreis Alkoholpr\u00e4vention sowie mit der Polizei und dem Kreuzbund ist es das Ziel, die Sch\u00fcler der Jahrg\u00e4nge 8 und 9 f\u00fcr einen selbstbestimmten und zugleich verantwortungsvollen Umgang mit Alkohol zu sensibilisieren, Gefahren des Alkohols zu erfassen, zwischen Genuss und Missbrauch\/ Abh\u00e4ngigkeit zu unterscheiden und mit Gruppendruck besser umzugehen. Insbesondere die Gespr\u00e4che mit den Vertretern des Kreuzbundes sowie die Berichte und Gespr\u00e4che mit Vertretern der Polizei erm\u00f6glichen es den Sch\u00fclern zu erkennen, wie realistisch und nah die Sucht- und Missbrauchsgefahr durch Alkohol im eigenen Leben sein kann.<\/p>\n<p align=\"justify\">\n<p align=\"justify\"><a href=\"http:\/\/wordpress.nibis.de\/gymharen\/soziales-lernen\/\"><img loading=\"lazy\" decoding=\"async\" class=\"alignnone size-full wp-image-1132\" src=\"http:\/\/wordpress.nibis.de\/gymharen\/files\/2018\/12\/dach.jpg\" alt=\"\" width=\"405\" height=\"62\" srcset=\"https:\/\/wordpress.nibis.de\/gymharen\/files\/2018\/12\/dach.jpg 405w, https:\/\/wordpress.nibis.de\/gymharen\/files\/2018\/12\/dach-250x38.jpg 250w\" sizes=\"auto, (max-width: 405px) 100vw, 405px\" \/><\/a><\/p>\n<p align=\"justify\"><a href=\"http:\/\/wordpress.nibis.de\/gymharen\/soziales-lernen\/schulgemeinschaftstage-clemenswerth\/\"><img loading=\"lazy\" decoding=\"async\" class=\"alignnone size-full wp-image-1121\" src=\"http:\/\/wordpress.nibis.de\/gymharen\/files\/2018\/12\/saeule1.jpg\" alt=\"\" width=\"64\" height=\"297\" \/><\/a> <a href=\"http:\/\/wordpress.nibis.de\/gymharen\/soziales-lernen\/generationsuebergreifendes-lernen\/\"><img loading=\"lazy\" decoding=\"async\" class=\"alignnone size-full wp-image-1122\" src=\"http:\/\/wordpress.nibis.de\/gymharen\/files\/2018\/12\/saeule2.jpg\" alt=\"\" width=\"64\" height=\"297\" \/><\/a> <a href=\"http:\/\/wordpress.nibis.de\/gymharen\/soziales-lernen\/soziales-lernen-suchtpraevention\/\"><img loading=\"lazy\" decoding=\"async\" class=\"alignnone size-full wp-image-1123\" src=\"http:\/\/wordpress.nibis.de\/gymharen\/files\/2018\/12\/saeule3.jpg\" alt=\"\" width=\"64\" height=\"297\" \/><\/a> <a href=\"http:\/\/wordpress.nibis.de\/gymharen\/soziales-lernen\/soziales-lernen-konfliktmanagement-und-gewaltpraevention\/\"><img loading=\"lazy\" decoding=\"async\" class=\"alignnone size-full wp-image-1124\" src=\"http:\/\/wordpress.nibis.de\/gymharen\/files\/2018\/12\/saeule4.jpg\" alt=\"\" width=\"64\" height=\"297\" \/><\/a> <a href=\"http:\/\/wordpress.nibis.de\/gymharen\/soziales-lernen\/soziales-lernen-humanitaere-schule\/\"><img loading=\"lazy\" decoding=\"async\" class=\"alignnone size-full wp-image-1125\" src=\"http:\/\/wordpress.nibis.de\/gymharen\/files\/2018\/12\/saeule5.jpg\" alt=\"\" width=\"64\" height=\"297\" \/><\/a> <a href=\"http:\/\/wordpress.nibis.de\/gymharen\/soziales-lernen\/soziales-lernen-weitergedacht\/\"><img loading=\"lazy\" decoding=\"async\" class=\"alignnone size-full wp-image-1126\" src=\"http:\/\/wordpress.nibis.de\/gymharen\/files\/2018\/12\/saeule6.jpg\" alt=\"\" width=\"64\" height=\"297\" \/><\/a><\/p>\n<p>[:]<\/p>\n","protected":false},"excerpt":{"rendered":"<p>[:de]LEITGEDANKE Gesamtgesellschaftlich zeigt sich die Entwicklung, dass mittlerweile jedes zweite Kind im Alter von 11-12 Jahren bereits erste Erfahrungen mit Alkohol gemacht hat, obwohl das Jugendschutzgesetz den Verkauf jeglichen Alkohols an Kinder unter 16 Jahren verbietet. Zwar ist es kaum<\/p>\n","protected":false},"author":1256,"featured_media":0,"parent":1090,"menu_order":57,"comment_status":"closed","ping_status":"closed","template":"","meta":{"footnotes":""},"class_list":["post-1104","page","type-page","status-publish","hentry"],"_links":{"self":[{"href":"https:\/\/wordpress.nibis.de\/gymharen\/wp-json\/wp\/v2\/pages\/1104","targetHints":{"allow":["GET"]}}],"collection":[{"href":"https:\/\/wordpress.nibis.de\/gymharen\/wp-json\/wp\/v2\/pages"}],"about":[{"href":"https:\/\/wordpress.nibis.de\/gymharen\/wp-json\/wp\/v2\/types\/page"}],"author":[{"embeddable":true,"href":"https:\/\/wordpress.nibis.de\/gymharen\/wp-json\/wp\/v2\/users\/1256"}],"replies":[{"embeddable":true,"href":"https:\/\/wordpress.nibis.de\/gymharen\/wp-json\/wp\/v2\/comments?post=1104"}],"version-history":[{"count":3,"href":"https:\/\/wordpress.nibis.de\/gymharen\/wp-json\/wp\/v2\/pages\/1104\/revisions"}],"predecessor-version":[{"id":1139,"href":"https:\/\/wordpress.nibis.de\/gymharen\/wp-json\/wp\/v2\/pages\/1104\/revisions\/1139"}],"up":[{"embeddable":true,"href":"https:\/\/wordpress.nibis.de\/gymharen\/wp-json\/wp\/v2\/pages\/1090"}],"wp:attachment":[{"href":"https:\/\/wordpress.nibis.de\/gymharen\/wp-json\/wp\/v2\/media?parent=1104"}],"curies":[{"name":"wp","href":"https:\/\/api.w.org\/{rel}","templated":true}]}}

[:de]Soziales Lernen &#8211; Suchtprävention (Jg. 8)[:]

<p>[:de]<strong><span class="Stil34">LEITGEDANKE</span></strong></p>
<p style="text-align: justify">Gesamtgesellschaftlich zeigt sich die Entwicklung, dass mittlerweile jedes zweite Kind im Alter von 11-12 Jahren bereits erste Erfahrungen mit Alkohol gemacht hat, obwohl das Jugendschutzgesetz den Verkauf jeglichen Alkohols an Kinder unter 16 Jahren verbietet. Zwar ist es kaum möglich, den Alkohol als Bestandteil gesellschaftlichen Lebens zu isolieren, sehr wohl aber ist es uns als Schulgemeinschaft wichtig, dass unsere Schüler rechtzeitig erfassen, was es bedeutet, einen verantwortungsvollen Umgang mit Alkohol zu zeigen. Daher beteiligen wir uns seit dem Schuljahr 2007/2008 am Projekt „Es geht um Alk“ zur Suchtprävention in Jugendarbeit und Schulen. In Kooperation mit dem Präventionsrat der Stadt, mit dem Arbeitskreis Alkoholprävention sowie mit der Polizei und dem Kreuzbund ist es das Ziel, die Schüler der Jahrgänge 8 und 9 für einen selbstbestimmten und zugleich verantwortungsvollen Umgang mit Alkohol zu sensibilisieren, Gefahren des Alkohols zu erfassen, zwischen Genuss und Missbrauch/ Abhängigkeit zu unterscheiden und mit Gruppendruck besser umzugehen. Insbesondere die Gespräche mit den Vertretern des Kreuzbundes sowie die Berichte und Gespräche mit Vertretern der Polizei ermöglichen es den Schülern zu erkennen, wie realistisch und nah die Sucht- und Missbrauchsgefahr durch Alkohol im eigenen Leben sein kann.</p>
<p align="justify">
<p align="justify"><a href="http://wordpress.nibis.de/gymharen/soziales-lernen/"><img loading="lazy" decoding="async" class="alignnone size-full wp-image-1132" src="http://wordpress.nibis.de/gymharen/files/2018/12/dach.jpg" alt="" width="405" height="62" srcset="https://wordpress.nibis.de/gymharen/files/2018/12/dach.jpg 405w, https://wordpress.nibis.de/gymharen/files/2018/12/dach-250x38.jpg 250w" sizes="auto, (max-width: 405px) 100vw, 405px" /></a></p>
<p align="justify"><a href="http://wordpress.nibis.de/gymharen/soziales-lernen/schulgemeinschaftstage-clemenswerth/"><img loading="lazy" decoding="async" class="alignnone size-full wp-image-1121" src="http://wordpress.nibis.de/gymharen/files/2018/12/saeule1.jpg" alt="" width="64" height="297" /></a> <a href="http://wordpress.nibis.de/gymharen/soziales-lernen/generationsuebergreifendes-lernen/"><img loading="lazy" decoding="async" class="alignnone size-full wp-image-1122" src="http://wordpress.nibis.de/gymharen/files/2018/12/saeule2.jpg" alt="" width="64" height="297" /></a> <a href="http://wordpress.nibis.de/gymharen/soziales-lernen/soziales-lernen-suchtpraevention/"><img loading="lazy" decoding="async" class="alignnone size-full wp-image-1123" src="http://wordpress.nibis.de/gymharen/files/2018/12/saeule3.jpg" alt="" width="64" height="297" /></a> <a href="http://wordpress.nibis.de/gymharen/soziales-lernen/soziales-lernen-konfliktmanagement-und-gewaltpraevention/"><img loading="lazy" decoding="async" class="alignnone size-full wp-image-1124" src="http://wordpress.nibis.de/gymharen/files/2018/12/saeule4.jpg" alt="" width="64" height="297" /></a> <a href="http://wordpress.nibis.de/gymharen/soziales-lernen/soziales-lernen-humanitaere-schule/"><img loading="lazy" decoding="async" class="alignnone size-full wp-image-1125" src="http://wordpress.nibis.de/gymharen/files/2018/12/saeule5.jpg" alt="" width="64" height="297" /></a> <a href="http://wordpress.nibis.de/gymharen/soziales-lernen/soziales-lernen-weitergedacht/"><img loading="lazy" decoding="async" class="alignnone size-full wp-image-1126" src="http://wordpress.nibis.de/gymharen/files/2018/12/saeule6.jpg" alt="" width="64" height="297" /></a></p>
<p>[:]</p>
