{"id":1106,"date":"2018-12-04T20:51:18","date_gmt":"2018-12-04T19:51:18","guid":{"rendered":"http:\/\/wordpress.nibis.de\/gymharen\/?page_id=1106"},"modified":"2018-12-04T22:19:17","modified_gmt":"2018-12-04T21:19:17","slug":"soziales-lernen-weitergedacht","status":"publish","type":"page","link":"https:\/\/wordpress.nibis.de\/gymharen\/soziales-lernen\/soziales-lernen-weitergedacht\/","title":{"rendered":"[:de]Soziales Lernen &#8211; Weitergedacht [:]"},"content":{"rendered":"<p>[:de]<strong><span class=\"Stil34\">LEITGEDANKE<\/span><\/strong><\/p>\n<p style=\"text-align: justify\">Gemeinsam im Austausch dar\u00fcber zu bleiben, was das soziale Miteinander einer Schulgemeinschaft und der Gesellschaft, in der wir alle leben, eigentlich bedeutet und wozu es verpflichtet, f\u00fchrt bei vielen Sch\u00fclerinnen und Sch\u00fclern dazu, dass sie sehr aufmerksam und sensibel vieles im t\u00e4glichen Weltgeschehen verfolgen. Stark geworden sind sie dabei darin, Ungerechtigkeiten, menschliche N\u00f6te und \u00c4ngste nicht nur wahrzunehmen, sondern auch immer mehr selbst\u00e4ndig und mit viel Engagement nach Antworten darauf zu suchen. Das f\u00fchrt dazu, dass es neben dem Wirken im Rahmen der f\u00fcnf S\u00e4ulen immer wieder Anfragen der Sch\u00fcler aller Jahrg\u00e4nge zu Einzelprojekten gibt, mit denen schnell und unkompliziert geholfen werden soll. Beispiele daf\u00fcr sind ein Chorkonzert zu Weihnachten, mit dem eine ehemalige Abiturientin finanziell unterst\u00fctzt werden sollte bei ihrem Einsatz in einer Schule in Sambia oder auch der spontane Kuchenverkauf einer siebten Klasse, die mit dem Erl\u00f6s Opfer der Erdbebenkatastrophe in Japan im M\u00e4rz 2011 unterst\u00fctzen wollte. Wenn man erfahren und erkannt hat, dass das Leben nicht gleichg\u00fcltig ist und wenn eine Vision vorhanden ist, die uns weiterdenken l\u00e4sst, dann ist man in der Lage, an der Ver\u00e4nderung dieser Welt mitzuarbeiten. Von solchen Projekten erz\u00e4hlt diese S\u00e4ule des Sozialen Lernens.<\/p>\n<p align=\"justify\">\n<p align=\"justify\"><a href=\"http:\/\/wordpress.nibis.de\/gymharen\/soziales-lernen\/\"><img loading=\"lazy\" decoding=\"async\" class=\"alignnone size-full wp-image-1132\" src=\"http:\/\/wordpress.nibis.de\/gymharen\/files\/2018\/12\/dach.jpg\" alt=\"\" width=\"405\" height=\"62\" srcset=\"https:\/\/wordpress.nibis.de\/gymharen\/files\/2018\/12\/dach.jpg 405w, https:\/\/wordpress.nibis.de\/gymharen\/files\/2018\/12\/dach-250x38.jpg 250w\" sizes=\"auto, (max-width: 405px) 100vw, 405px\" \/><\/a><\/p>\n<p align=\"justify\"><a href=\"http:\/\/wordpress.nibis.de\/gymharen\/soziales-lernen\/schulgemeinschaftstage-clemenswerth\/\"><img loading=\"lazy\" decoding=\"async\" class=\"alignnone size-full wp-image-1121\" src=\"http:\/\/wordpress.nibis.de\/gymharen\/files\/2018\/12\/saeule1.jpg\" alt=\"\" width=\"64\" height=\"297\" \/><\/a> <a href=\"http:\/\/wordpress.nibis.de\/gymharen\/soziales-lernen\/generationsuebergreifendes-lernen\/\"><img loading=\"lazy\" decoding=\"async\" class=\"alignnone size-full wp-image-1122\" src=\"http:\/\/wordpress.nibis.de\/gymharen\/files\/2018\/12\/saeule2.jpg\" alt=\"\" width=\"64\" height=\"297\" \/><\/a> <a href=\"http:\/\/wordpress.nibis.de\/gymharen\/soziales-lernen\/soziales-lernen-suchtpraevention\/\"><img loading=\"lazy\" decoding=\"async\" class=\"alignnone size-full wp-image-1123\" src=\"http:\/\/wordpress.nibis.de\/gymharen\/files\/2018\/12\/saeule3.jpg\" alt=\"\" width=\"64\" height=\"297\" \/><\/a> <a href=\"http:\/\/wordpress.nibis.de\/gymharen\/soziales-lernen\/soziales-lernen-konfliktmanagement-und-gewaltpraevention\/\"><img loading=\"lazy\" decoding=\"async\" class=\"alignnone size-full wp-image-1124\" src=\"http:\/\/wordpress.nibis.de\/gymharen\/files\/2018\/12\/saeule4.jpg\" alt=\"\" width=\"64\" height=\"297\" \/><\/a> <a href=\"http:\/\/wordpress.nibis.de\/gymharen\/soziales-lernen\/soziales-lernen-humanitaere-schule\/\"><img loading=\"lazy\" decoding=\"async\" class=\"alignnone size-full wp-image-1125\" src=\"http:\/\/wordpress.nibis.de\/gymharen\/files\/2018\/12\/saeule5.jpg\" alt=\"\" width=\"64\" height=\"297\" \/><\/a> <a href=\"http:\/\/wordpress.nibis.de\/gymharen\/soziales-lernen\/soziales-lernen-weitergedacht\/\"><img loading=\"lazy\" decoding=\"async\" class=\"alignnone size-full wp-image-1126\" src=\"http:\/\/wordpress.nibis.de\/gymharen\/files\/2018\/12\/saeule6.jpg\" alt=\"\" width=\"64\" height=\"297\" \/><\/a><\/p>\n<p>[:]<\/p>\n","protected":false},"excerpt":{"rendered":"<p>[:de]LEITGEDANKE Gemeinsam im Austausch dar\u00fcber zu bleiben, was das soziale Miteinander einer Schulgemeinschaft und der Gesellschaft, in der wir alle leben, eigentlich bedeutet und wozu es verpflichtet, f\u00fchrt bei vielen Sch\u00fclerinnen und Sch\u00fclern dazu, dass sie sehr aufmerksam und sensibel<\/p>\n","protected":false},"author":1256,"featured_media":0,"parent":1090,"menu_order":56,"comment_status":"closed","ping_status":"closed","template":"","meta":{"footnotes":""},"class_list":["post-1106","page","type-page","status-publish","hentry"],"_links":{"self":[{"href":"https:\/\/wordpress.nibis.de\/gymharen\/wp-json\/wp\/v2\/pages\/1106","targetHints":{"allow":["GET"]}}],"collection":[{"href":"https:\/\/wordpress.nibis.de\/gymharen\/wp-json\/wp\/v2\/pages"}],"about":[{"href":"https:\/\/wordpress.nibis.de\/gymharen\/wp-json\/wp\/v2\/types\/page"}],"author":[{"embeddable":true,"href":"https:\/\/wordpress.nibis.de\/gymharen\/wp-json\/wp\/v2\/users\/1256"}],"replies":[{"embeddable":true,"href":"https:\/\/wordpress.nibis.de\/gymharen\/wp-json\/wp\/v2\/comments?post=1106"}],"version-history":[{"count":2,"href":"https:\/\/wordpress.nibis.de\/gymharen\/wp-json\/wp\/v2\/pages\/1106\/revisions"}],"predecessor-version":[{"id":1142,"href":"https:\/\/wordpress.nibis.de\/gymharen\/wp-json\/wp\/v2\/pages\/1106\/revisions\/1142"}],"up":[{"embeddable":true,"href":"https:\/\/wordpress.nibis.de\/gymharen\/wp-json\/wp\/v2\/pages\/1090"}],"wp:attachment":[{"href":"https:\/\/wordpress.nibis.de\/gymharen\/wp-json\/wp\/v2\/media?parent=1106"}],"curies":[{"name":"wp","href":"https:\/\/api.w.org\/{rel}","templated":true}]}}

<p>[:de]<strong><span class="Stil34">LEITGEDANKE</span></strong></p>
<p style="text-align: justify">Gemeinsam im Austausch darüber zu bleiben, was das soziale Miteinander einer Schulgemeinschaft und der Gesellschaft, in der wir alle leben, eigentlich bedeutet und wozu es verpflichtet, führt bei vielen Schülerinnen und Schülern dazu, dass sie sehr aufmerksam und sensibel vieles im täglichen Weltgeschehen verfolgen. Stark geworden sind sie dabei darin, Ungerechtigkeiten, menschliche Nöte und Ängste nicht nur wahrzunehmen, sondern auch immer mehr selbständig und mit viel Engagement nach Antworten darauf zu suchen. Das führt dazu, dass es neben dem Wirken im Rahmen der fünf Säulen immer wieder Anfragen der Schüler aller Jahrgänge zu Einzelprojekten gibt, mit denen schnell und unkompliziert geholfen werden soll. Beispiele dafür sind ein Chorkonzert zu Weihnachten, mit dem eine ehemalige Abiturientin finanziell unterstützt werden sollte bei ihrem Einsatz in einer Schule in Sambia oder auch der spontane Kuchenverkauf einer siebten Klasse, die mit dem Erlös Opfer der Erdbebenkatastrophe in Japan im März 2011 unterstützen wollte. Wenn man erfahren und erkannt hat, dass das Leben nicht gleichgültig ist und wenn eine Vision vorhanden ist, die uns weiterdenken lässt, dann ist man in der Lage, an der Veränderung dieser Welt mitzuarbeiten. Von solchen Projekten erzählt diese Säule des Sozialen Lernens.</p>
<p align="justify">
<p align="justify"><a href="http://wordpress.nibis.de/gymharen/soziales-lernen/"><img loading="lazy" decoding="async" class="alignnone size-full wp-image-1132" src="http://wordpress.nibis.de/gymharen/files/2018/12/dach.jpg" alt="" width="405" height="62" srcset="https://wordpress.nibis.de/gymharen/files/2018/12/dach.jpg 405w, https://wordpress.nibis.de/gymharen/files/2018/12/dach-250x38.jpg 250w" sizes="auto, (max-width: 405px) 100vw, 405px" /></a></p>
<p align="justify"><a href="http://wordpress.nibis.de/gymharen/soziales-lernen/schulgemeinschaftstage-clemenswerth/"><img loading="lazy" decoding="async" class="alignnone size-full wp-image-1121" src="http://wordpress.nibis.de/gymharen/files/2018/12/saeule1.jpg" alt="" width="64" height="297" /></a> <a href="http://wordpress.nibis.de/gymharen/soziales-lernen/generationsuebergreifendes-lernen/"><img loading="lazy" decoding="async" class="alignnone size-full wp-image-1122" src="http://wordpress.nibis.de/gymharen/files/2018/12/saeule2.jpg" alt="" width="64" height="297" /></a> <a href="http://wordpress.nibis.de/gymharen/soziales-lernen/soziales-lernen-suchtpraevention/"><img loading="lazy" decoding="async" class="alignnone size-full wp-image-1123" src="http://wordpress.nibis.de/gymharen/files/2018/12/saeule3.jpg" alt="" width="64" height="297" /></a> <a href="http://wordpress.nibis.de/gymharen/soziales-lernen/soziales-lernen-konfliktmanagement-und-gewaltpraevention/"><img loading="lazy" decoding="async" class="alignnone size-full wp-image-1124" src="http://wordpress.nibis.de/gymharen/files/2018/12/saeule4.jpg" alt="" width="64" height="297" /></a> <a href="http://wordpress.nibis.de/gymharen/soziales-lernen/soziales-lernen-humanitaere-schule/"><img loading="lazy" decoding="async" class="alignnone size-full wp-image-1125" src="http://wordpress.nibis.de/gymharen/files/2018/12/saeule5.jpg" alt="" width="64" height="297" /></a> <a href="http://wordpress.nibis.de/gymharen/soziales-lernen/soziales-lernen-weitergedacht/"><img loading="lazy" decoding="async" class="alignnone size-full wp-image-1126" src="http://wordpress.nibis.de/gymharen/files/2018/12/saeule6.jpg" alt="" width="64" height="297" /></a></p>
<p>[:]</p>

<p>[:de]LEITGEDANKE Gemeinsam im Austausch darüber zu bleiben, was das soziale Miteinander einer Schulgemeinschaft und der Gesellschaft, in der wir alle leben, eigentlich bedeutet und wozu es verpflichtet, führt bei vielen Schülerinnen und Schülern dazu, dass sie sehr aufmerksam und sensibel</p>
