{"id":1024,"date":"2020-01-13T14:01:17","date_gmt":"2020-01-13T13:01:17","guid":{"rendered":"https:\/\/wordpress.nibis.de\/gymlox\/?page_id=1024"},"modified":"2022-11-13T20:28:30","modified_gmt":"2022-11-13T19:28:30","slug":"latein-unterrichtsergebnisse","status":"publish","type":"page","link":"https:\/\/wordpress.nibis.de\/gymlox\/latein-unterrichtsergebnisse\/","title":{"rendered":"Latein &#8211; Unterrichtsergebnisse"},"content":{"rendered":"\n<p><strong>Lateinunterricht im 6. Jahrgang:\u00a0\u00a0\u00a0\u00a0<\/strong>\u00a0\u00a0\u00a0\u00a0\u00a0\u00a0\u00a0\u00a0\u00a0\u00a0\u00a0\u00a0\u00a0\u00a0\u00a0\u00a0\u00a0\u00a0\u00a0\u00a0\u00a0\u00a0\u00a0\u00a0\u00a0\u00a0\u00a0\u00a0\u00a0\u00a0\u00a0\u00a0\u00a0\u00a0\u00a0\u00a0\u00a0\u00a0\u00a0\u00a0\u00a0\u00a0\u00a0\u00a0\u00a0\u00a0\u00a0\u00a0\u00a0\u00a0\u00a0\u00a0\u00a0\u00a0\u00a0\u00a0<\/p>\n\n\n\n<p>Im Lehrbuch Adeamus wird in der 2. Lektion die Bildung bei den R\u00f6mern behandelt. Wie schrieben die Sch\u00fcler damals und wie verlief die Elementarschule?<\/p>\n\n\n\n<p>Die Sch\u00fcler und Sch\u00fclerinnen spielen kleine Szenen aus dem r\u00f6mischen Schulalltag. Der mit der Toga bekleidete \u201emagister\u201c gibt seinen Sch\u00fclern in lateinischer Sprache Auftr\u00e4ge. Mit Wachstafeln und Schreibgriffeln erf\u00fcllen die \u201ediscipuli\u201c ihre Aufgaben.<\/p>\n\n\n\n<p>Herbst 2022, M. Sibberns<\/p>\n\n\n\n<p><\/p>\n\n\n\n<figure class=\"wp-block-gallery has-nested-images columns-default is-cropped wp-block-gallery-1 is-layout-flex wp-block-gallery-is-layout-flex\">\n<figure class=\"wp-block-image size-full\"><img loading=\"lazy\" decoding=\"async\" width=\"2560\" height=\"1920\" data-id=\"1736\" src=\"https:\/\/wordpress.nibis.de\/gymlox\/files\/2022\/11\/2022_10_Sb_La_Unterricht_Jg.6_Bild-2-scaled.jpeg\" alt=\"\" class=\"wp-image-1736\" srcset=\"https:\/\/wordpress.nibis.de\/gymlox\/files\/2022\/11\/2022_10_Sb_La_Unterricht_Jg.6_Bild-2-scaled.jpeg 2560w, https:\/\/wordpress.nibis.de\/gymlox\/files\/2022\/11\/2022_10_Sb_La_Unterricht_Jg.6_Bild-2-768x576.jpeg 768w, https:\/\/wordpress.nibis.de\/gymlox\/files\/2022\/11\/2022_10_Sb_La_Unterricht_Jg.6_Bild-2-1536x1152.jpeg 1536w, https:\/\/wordpress.nibis.de\/gymlox\/files\/2022\/11\/2022_10_Sb_La_Unterricht_Jg.6_Bild-2-2048x1536.jpeg 2048w\" sizes=\"auto, (max-width: 2560px) 100vw, 2560px\" \/><\/figure>\n\n\n\n<figure class=\"wp-block-image size-full\"><img loading=\"lazy\" decoding=\"async\" width=\"2560\" height=\"1920\" data-id=\"1737\" src=\"https:\/\/wordpress.nibis.de\/gymlox\/files\/2022\/11\/2022_10_Sb_La_Unterricht_Jg.6_Bild1-scaled.jpeg\" alt=\"\" class=\"wp-image-1737\" srcset=\"https:\/\/wordpress.nibis.de\/gymlox\/files\/2022\/11\/2022_10_Sb_La_Unterricht_Jg.6_Bild1-scaled.jpeg 2560w, https:\/\/wordpress.nibis.de\/gymlox\/files\/2022\/11\/2022_10_Sb_La_Unterricht_Jg.6_Bild1-768x576.jpeg 768w, https:\/\/wordpress.nibis.de\/gymlox\/files\/2022\/11\/2022_10_Sb_La_Unterricht_Jg.6_Bild1-1536x1152.jpeg 1536w, https:\/\/wordpress.nibis.de\/gymlox\/files\/2022\/11\/2022_10_Sb_La_Unterricht_Jg.6_Bild1-2048x1536.jpeg 2048w\" sizes=\"auto, (max-width: 2560px) 100vw, 2560px\" \/><\/figure>\n<\/figure>\n\n\n\n<p><strong>Jahrgang 6:<\/strong><\/p>\n\n\n\n<p>Das Thema der Lektion 6 im Lehrbuch Adeamus ist das Essen bei den R\u00f6mern.<\/p>\n\n\n\n<p>In einem kleinen Einf\u00fchrungstext gibt es ein Gastmahl mit Anfangsschwierigkeiten.<\/p>\n\n\n\n<p>Die Sch\u00fcler und Sch\u00fclerinnender 6c haben diese Szene nachgespielt und dazu die Toga angelegt und ein Triklinium (Speisezimmer) aufgebaut.<\/p>\n\n\n\n<p>April 2022,&nbsp;Sibberns<\/p>\n\n\n\n<figure class=\"wp-block-gallery has-nested-images columns-default is-cropped wp-block-gallery-2 is-layout-flex wp-block-gallery-is-layout-flex\">\n<figure class=\"wp-block-image size-large\"><img decoding=\"async\" data-id=\"1516\" src=\"https:\/\/wordpress.nibis.de\/gymlox\/files\/2022\/05\/2022-04-27-6c-2_-1200x675.jpg\" alt=\"\" class=\"wp-image-1516\" \/><\/figure>\n\n\n\n<figure class=\"wp-block-image size-large\"><img decoding=\"async\" data-id=\"1517\" src=\"https:\/\/wordpress.nibis.de\/gymlox\/files\/2022\/05\/2022-04-27-La-6c-1-1200x675.jpeg\" alt=\"\" class=\"wp-image-1517\" \/><\/figure>\n\n\n\n<figure class=\"wp-block-image size-large\"><img decoding=\"async\" data-id=\"1518\" src=\"https:\/\/wordpress.nibis.de\/gymlox\/files\/2022\/05\/2022-04-27-La-6c-3-1200x675.jpeg\" alt=\"\" class=\"wp-image-1518\" \/><\/figure>\n<\/figure>\n\n\n\n<figure class=\"wp-block-gallery has-nested-images columns-default is-cropped wp-block-gallery-3 is-layout-flex wp-block-gallery-is-layout-flex\">\n<figure class=\"wp-block-image size-large\"><img decoding=\"async\" data-id=\"1519\" src=\"https:\/\/wordpress.nibis.de\/gymlox\/files\/2022\/05\/2022-04-27-La-6c-4-1200x675.jpeg\" alt=\"\" class=\"wp-image-1519\" \/><\/figure>\n\n\n\n<figure class=\"wp-block-image size-large\"><img decoding=\"async\" data-id=\"1520\" src=\"https:\/\/wordpress.nibis.de\/gymlox\/files\/2022\/05\/2022-04-27-La-6c-5-1-1200x675.jpg\" alt=\"\" class=\"wp-image-1520\" \/><\/figure>\n\n\n\n<figure class=\"wp-block-image size-large\"><img decoding=\"async\" data-id=\"1521\" src=\"https:\/\/wordpress.nibis.de\/gymlox\/files\/2022\/05\/2022-04-27-La-6c-6-1200x675.jpg\" alt=\"\" class=\"wp-image-1521\" \/><\/figure>\n<\/figure>\n\n\n\n<p><\/p>\n\n\n\n<p><strong>Jahrgang 10:&nbsp;&nbsp;&nbsp;&nbsp;&nbsp;&nbsp;&nbsp;&nbsp;&nbsp;&nbsp;&nbsp;&nbsp;&nbsp;<\/strong><\/p>\n\n\n\n<p><strong>Ergebnisse der Gruppenarbeiten zu den Fabeln des Phaedrus<\/strong><\/p>\n\n\n\n<p>Die Sch\u00fcler und Sch\u00fclerinnen haben zum Abschluss der Einheit in Partner- bzw. Gruppenarbeit eine selbstgew\u00e4hlte Fabel des Phaedrus vorgestellt.&nbsp;<\/p>\n\n\n\n<p>F\u00fcr die kreative Darstellung haben die Gruppen Rollenspiele, eine Zeitungsmeldung und eine Comic-Version pr\u00e4sentiert. Auch die sp\u00e4tere Umgestaltung der Fabeln durch K\u00fcnstler und Schriftsteller wurde angesprochen. Die Ergebnissicherung f\u00fcr die Mitsch\u00fcler erfolgte auf Folie und durch Kopien.<\/p>\n\n\n\n<figure class=\"wp-block-image\"><img decoding=\"async\" src=\"https:\/\/wordpress.nibis.de\/gymlox\/files\/2020\/01\/image-4.png\" alt=\"\" class=\"wp-image-1031\" \/><\/figure>\n\n\n\n<figure class=\"wp-block-image\"><img decoding=\"async\" src=\"https:\/\/wordpress.nibis.de\/gymlox\/files\/2020\/01\/image-5.png\" alt=\"\" class=\"wp-image-1032\" \/><\/figure>\n\n\n\n<figure class=\"wp-block-image\"><img decoding=\"async\" src=\"https:\/\/wordpress.nibis.de\/gymlox\/files\/2020\/01\/image.png\" alt=\"\" class=\"wp-image-1027\" \/><\/figure>\n\n\n\n<figure class=\"wp-block-image\"><img decoding=\"async\" src=\"https:\/\/wordpress.nibis.de\/gymlox\/files\/2020\/01\/image-1.png\" alt=\"\" class=\"wp-image-1028\" \/><\/figure>\n\n\n\n<figure class=\"wp-block-image\"><img decoding=\"async\" src=\"https:\/\/wordpress.nibis.de\/gymlox\/files\/2020\/01\/image-2.png\" alt=\"\" class=\"wp-image-1029\" \/><\/figure>\n\n\n\n<figure class=\"wp-block-image\"><img decoding=\"async\" src=\"https:\/\/wordpress.nibis.de\/gymlox\/files\/2020\/01\/image-3.png\" alt=\"\" class=\"wp-image-1030\" \/><\/figure>\n\n\n\n<p><br><\/p>\n\n\n\n<p><\/p>\n","protected":false},"excerpt":{"rendered":"<p>Lateinunterricht im 6. Jahrgang:\u00a0\u00a0\u00a0\u00a0\u00a0\u00a0\u00a0\u00a0\u00a0\u00a0\u00a0\u00a0\u00a0\u00a0\u00a0\u00a0\u00a0\u00a0\u00a0\u00a0\u00a0\u00a0\u00a0\u00a0\u00a0\u00a0\u00a0\u00a0\u00a0\u00a0\u00a0\u00a0\u00a0\u00a0\u00a0\u00a0\u00a0\u00a0\u00a0\u00a0\u00a0\u00a0\u00a0\u00a0\u00a0\u00a0\u00a0\u00a0\u00a0\u00a0\u00a0\u00a0\u00a0\u00a0\u00a0\u00a0\u00a0\u00a0\u00a0\u00a0 Im Lehrbuch Adeamus wird in der 2. Lektion die Bildung bei den R\u00f6mern behandelt. Wie schrieben die Sch\u00fcler damals und wie verlief die Elementarschule? Die Sch\u00fcler und Sch\u00fclerinnen spielen kleine Szenen aus dem r\u00f6mischen Schulalltag. Der &hellip; <a href=\"https:\/\/wordpress.nibis.de\/gymlox\/latein-unterrichtsergebnisse\/\">Weiterlesen <span class=\"meta-nav\">&rarr;<\/span><\/a><\/p>\n","protected":false},"author":1356,"featured_media":0,"parent":0,"menu_order":0,"comment_status":"closed","ping_status":"closed","template":"","meta":{"footnotes":""},"class_list":["post-1024","page","type-page","status-publish","hentry"],"_links":{"self":[{"href":"https:\/\/wordpress.nibis.de\/gymlox\/wp-json\/wp\/v2\/pages\/1024","targetHints":{"allow":["GET"]}}],"collection":[{"href":"https:\/\/wordpress.nibis.de\/gymlox\/wp-json\/wp\/v2\/pages"}],"about":[{"href":"https:\/\/wordpress.nibis.de\/gymlox\/wp-json\/wp\/v2\/types\/page"}],"author":[{"embeddable":true,"href":"https:\/\/wordpress.nibis.de\/gymlox\/wp-json\/wp\/v2\/users\/1356"}],"replies":[{"embeddable":true,"href":"https:\/\/wordpress.nibis.de\/gymlox\/wp-json\/wp\/v2\/comments?post=1024"}],"version-history":[{"count":4,"href":"https:\/\/wordpress.nibis.de\/gymlox\/wp-json\/wp\/v2\/pages\/1024\/revisions"}],"predecessor-version":[{"id":1738,"href":"https:\/\/wordpress.nibis.de\/gymlox\/wp-json\/wp\/v2\/pages\/1024\/revisions\/1738"}],"wp:attachment":[{"href":"https:\/\/wordpress.nibis.de\/gymlox\/wp-json\/wp\/v2\/media?parent=1024"}],"curies":[{"name":"wp","href":"https:\/\/api.w.org\/{rel}","templated":true}]}}