{"id":140,"date":"2019-01-28T10:58:01","date_gmt":"2019-01-28T09:58:01","guid":{"rendered":"http:\/\/wordpress.nibis.de\/gymlox\/?page_id=140"},"modified":"2024-02-27T09:26:02","modified_gmt":"2024-02-27T08:26:02","slug":"deutsch","status":"publish","type":"page","link":"https:\/\/wordpress.nibis.de\/gymlox\/deutsch\/","title":{"rendered":"Deutsch"},"content":{"rendered":"\n<p><strong>Das Fach Deutsch<\/strong><\/p>\n\n\n\n<p>Im\nUnterrichtsfach Deutsch werden eine Vielzahl an Kompetenzen vermittelt, die\nalle im Zusammenhang mit dem Umgang &nbsp;mit der\ndeutschen Sprache stehen. Dazu geh\u00f6ren:<\/p>\n\n\n\n<ul class=\"wp-block-list\"><li>Lesen<\/li><li>Schreiben<\/li><li>Grammatik<\/li><li>Zeichensetzung<\/li><li>Texte verfassen<\/li><li>Texte interpretieren<\/li><li>Lekt\u00fcre<\/li><li>Kommunikation <\/li><\/ul>\n\n\n\n<p>Gro\u00dfen\nWert legen wir auf die F\u00f6rderung der Lese- und Rechtschreib-kompetenz. Daher\nhaben wir hierzu ein eigenes F\u00f6rderkonzept entwickelt und arbeiten von Klasse 5\nan kontinuierlich an diesem Schwerpunkt. Teil dieser Arbeit sind Wochendiktate\nund binnendifferenziertes Lese- und Rechtschreibtraining. F\u00fcr Kinder mit\nbesonderem F\u00f6rderbedarf gibt es F\u00f6rderkurse mit maximal sechs Teilnehmern. <\/p>\n\n\n\n<p>Ein\nweiteres Standbein unserer Arbeit ist die Lesef\u00f6rderung in Form von Besuchen unserer\nSchulbibliothek, Autorenlesungen&nbsp; in\nKooperation mit der Gemeindebibliothek und dem j\u00e4hrlich in Klasse sechs\nstattfindenden Lesewettbewerb des deutschen Buchhandels. <\/p>\n\n\n\n<p>Sehr\nwichtig ist uns au\u00dferdem, dass die Sch\u00fcler und Sch\u00fclerinnen mindestens einmal\npro Schuljahr die M\u00f6glichkeit zu einem altersad\u00e4quaten Theatererlebnis\nerhalten. So besuchen wir klassen- oder jahrgangsweise regelm\u00e4\u00dfig Auff\u00fchrungen\nder Theater in Bremerhaven oder Bremen und organisieren professionelle\nTheaterauff\u00fchrungen in unserer Schule.<\/p>\n\n\n\n<p>Unser Kollegium besteht aktuell aus sieben Kolleginnen und Kollegen: Frau Sientje Clau\u00dfen, Frau Anika Dreher, Frau Janina Otto, Herrn Lutz Pollmann, Frau Susanne Seifert, Herrn Uwe Stockmeier (Schulleiter) und Frau Helga Wolthoff.<\/p>\n\n\n\n<p><\/p>\n\n\n\n<p><strong>Veranstaltungen der Fachschaft\nDeutsch des Gymnasiums Loxstedt<\/strong><\/p>\n\n\n\n<p><strong>Autorenlesungen<\/strong><\/p>\n\n\n\n<p>In jedem\nSchuljahr werden in Kooperation mit der Gemeindebibliothek Loxstedt zwei\nAutorenlesungen f\u00fcr j\u00fcngere und \u00e4ltere Sch\u00fclerinnen und Sch\u00fcler durchgef\u00fchrt.\nBekannte Autoren begehrter Jugendromane stellen in der Gemeindebibliothek ihre\nWerke vor und erl\u00e4utern ihren Schaffensprozess. Auch andere interessante\nAspekte der Entstehungsgeschichte eines Buches werden den Sch\u00fclern\nnahegebracht. So sind diese beliebten Veranstaltungen auch ein Beitrag zur\nLesef\u00f6rderung.<\/p>\n\n\n\n<p><strong>Vorlesewettbewerbe<\/strong><\/p>\n\n\n\n<p>Einen\nweiteren Beitrag zur Lesef\u00f6rderung stellen die Vorlesewettbewerbe dar: Jedes\nJahr nimmt der 6. Jahrgang unserer Schule am Lesewettbewerb des B\u00f6rsenvereins\ndes Deutschen Buchhandels teil. Dort lesen unsere jungen Leser aus\naltersangemessenen Jugendromanen vor. Zun\u00e4chst werden nach den Herbstferien\njeweils zwei Klassensieger ermittelt. Anfang Dezember stellen sich diese\nKlassensieger dem Schulentscheid, aus dem der oder die SchulsiegerIn\nhervorgeht. Anschlie\u00dfend wird auf regionaler Ebene der bzw. die beste\nVorleserIn auf Kreisebene ermittelt. Wer hier erfolgreich ist, kann an dem\nnachfolgenden Regionalwettbewerb&nbsp;\nteilnehmen. Wir dr\u00fccken die Daumen, dass unsere Schulsieger&nbsp; auch einmal erfolgreich am Landes- oder gar\nam Bundesentscheid teilnehmen werden.<\/p>\n\n\n\n<p><strong>Theatervorstellungen<\/strong><\/p>\n\n\n\n<p>In den letzten Jahren haben wir f\u00fcr die Jahrgangsstufen 8-10 in jedem Schuljahr professionelle Theaterschauspieler eingeladen. Gespielt wurde \u201emodernes\u201c Theater als auch \u201eKlassisches\u201c. Schon oft haben sich unsere Sch\u00fclerinnen und Sch\u00fcler f\u00fcr das \u201ealte\u201c Medium Theater begeistern&nbsp; lassen und konnten dar\u00fcber auch \u201everstaubten\u201c St\u00fccken inhaltlich Neues abgewinnen. Seit Schuljahr 2018\/19 besuchen unsere Sch\u00fclerinnen und Sch\u00fcler der Jahrgangsstufe 8-10 (verbindlich) die umliegenden Schauspielh\u00e4user, um auch einmal pro Schuljahr \u201ereale\u201c Theaterluft zu schnuppern. Die Jahrgangsstufe 9 besuchte das Junge Theater in Bremerhaven. Es wurde in beeindruckender Weise \u201eJakob der L\u00fcgner\u201c von Jurek Becker gespielt. In der Weltb\u00fchne des Gymnasiums CvO in Bremerhaven wurde das Tagebuch von Anne Frank inszeniert; die Auff\u00fchrung ber\u00fchrte die Sch\u00fcler des 7. Jahrgangs sehr. \u201eNathan der Weise\u201c von Lessing wird im Schn\u00fcrschuhtheater in Bremen dargeboten und von der Jahrgangsstufe 10 besucht.&nbsp; <\/p>\n\n\n\n<p><em>Die curricularen Vorgaben im Fach Deutsch sind auf dem Nieders\u00e4chsischen Bildungsserver zu finden: <\/em><a rel=\"noreferrer noopener\" aria-label=\" (\u00f6ffnet in neuem Tab)\" href=\"https:\/\/db2.nibis.de\/1db\/cuvo\/datei\/de_gym_si_kc_druck.pdf\" target=\"_blank\"><em>Kerncurriculum Deutsch<\/em><\/a><em>.<\/em><\/p>\n","protected":false},"excerpt":{"rendered":"<p>Das Fach Deutsch Im Unterrichtsfach Deutsch werden eine Vielzahl an Kompetenzen vermittelt, die alle im Zusammenhang mit dem Umgang &nbsp;mit der deutschen Sprache stehen. Dazu geh\u00f6ren: Lesen Schreiben Grammatik Zeichensetzung Texte verfassen Texte interpretieren Lekt\u00fcre Kommunikation Gro\u00dfen Wert legen wir &hellip; <a href=\"https:\/\/wordpress.nibis.de\/gymlox\/deutsch\/\">Weiterlesen <span class=\"meta-nav\">&rarr;<\/span><\/a><\/p>\n","protected":false},"author":1356,"featured_media":0,"parent":0,"menu_order":0,"comment_status":"closed","ping_status":"closed","template":"","meta":{"footnotes":""},"class_list":["post-140","page","type-page","status-publish","hentry"],"_links":{"self":[{"href":"https:\/\/wordpress.nibis.de\/gymlox\/wp-json\/wp\/v2\/pages\/140","targetHints":{"allow":["GET"]}}],"collection":[{"href":"https:\/\/wordpress.nibis.de\/gymlox\/wp-json\/wp\/v2\/pages"}],"about":[{"href":"https:\/\/wordpress.nibis.de\/gymlox\/wp-json\/wp\/v2\/types\/page"}],"author":[{"embeddable":true,"href":"https:\/\/wordpress.nibis.de\/gymlox\/wp-json\/wp\/v2\/users\/1356"}],"replies":[{"embeddable":true,"href":"https:\/\/wordpress.nibis.de\/gymlox\/wp-json\/wp\/v2\/comments?post=140"}],"version-history":[{"count":9,"href":"https:\/\/wordpress.nibis.de\/gymlox\/wp-json\/wp\/v2\/pages\/140\/revisions"}],"predecessor-version":[{"id":1979,"href":"https:\/\/wordpress.nibis.de\/gymlox\/wp-json\/wp\/v2\/pages\/140\/revisions\/1979"}],"wp:attachment":[{"href":"https:\/\/wordpress.nibis.de\/gymlox\/wp-json\/wp\/v2\/media?parent=140"}],"curies":[{"name":"wp","href":"https:\/\/api.w.org\/{rel}","templated":true}]}}

<p><strong>Das Fach Deutsch</strong></p>



<p>Im
Unterrichtsfach Deutsch werden eine Vielzahl an Kompetenzen vermittelt, die
alle im Zusammenhang mit dem Umgang &nbsp;mit der
deutschen Sprache stehen. Dazu gehören:</p>



<ul class="wp-block-list"><li>Lesen</li><li>Schreiben</li><li>Grammatik</li><li>Zeichensetzung</li><li>Texte verfassen</li><li>Texte interpretieren</li><li>Lektüre</li><li>Kommunikation </li></ul>



<p>Großen
Wert legen wir auf die Förderung der Lese- und Rechtschreib-kompetenz. Daher
haben wir hierzu ein eigenes Förderkonzept entwickelt und arbeiten von Klasse 5
an kontinuierlich an diesem Schwerpunkt. Teil dieser Arbeit sind Wochendiktate
und binnendifferenziertes Lese- und Rechtschreibtraining. Für Kinder mit
besonderem Förderbedarf gibt es Förderkurse mit maximal sechs Teilnehmern. </p>



<p>Ein
weiteres Standbein unserer Arbeit ist die Leseförderung in Form von Besuchen unserer
Schulbibliothek, Autorenlesungen&nbsp; in
Kooperation mit der Gemeindebibliothek und dem jährlich in Klasse sechs
stattfindenden Lesewettbewerb des deutschen Buchhandels. </p>



<p>Sehr
wichtig ist uns außerdem, dass die Schüler und Schülerinnen mindestens einmal
pro Schuljahr die Möglichkeit zu einem altersadäquaten Theatererlebnis
erhalten. So besuchen wir klassen- oder jahrgangsweise regelmäßig Aufführungen
der Theater in Bremerhaven oder Bremen und organisieren professionelle
Theateraufführungen in unserer Schule.</p>



<p>Unser Kollegium besteht aktuell aus sieben Kolleginnen und Kollegen: Frau Sientje Claußen, Frau Anika Dreher, Frau Janina Otto, Herrn Lutz Pollmann, Frau Susanne Seifert, Herrn Uwe Stockmeier (Schulleiter) und Frau Helga Wolthoff.</p>



<p></p>



<p><strong>Veranstaltungen der Fachschaft
Deutsch des Gymnasiums Loxstedt</strong></p>



<p><strong>Autorenlesungen</strong></p>



<p>In jedem
Schuljahr werden in Kooperation mit der Gemeindebibliothek Loxstedt zwei
Autorenlesungen für jüngere und ältere Schülerinnen und Schüler durchgeführt.
Bekannte Autoren begehrter Jugendromane stellen in der Gemeindebibliothek ihre
Werke vor und erläutern ihren Schaffensprozess. Auch andere interessante
Aspekte der Entstehungsgeschichte eines Buches werden den Schülern
nahegebracht. So sind diese beliebten Veranstaltungen auch ein Beitrag zur
Leseförderung.</p>



<p><strong>Vorlesewettbewerbe</strong></p>



<p>Einen
weiteren Beitrag zur Leseförderung stellen die Vorlesewettbewerbe dar: Jedes
Jahr nimmt der 6. Jahrgang unserer Schule am Lesewettbewerb des Börsenvereins
des Deutschen Buchhandels teil. Dort lesen unsere jungen Leser aus
altersangemessenen Jugendromanen vor. Zunächst werden nach den Herbstferien
jeweils zwei Klassensieger ermittelt. Anfang Dezember stellen sich diese
Klassensieger dem Schulentscheid, aus dem der oder die SchulsiegerIn
hervorgeht. Anschließend wird auf regionaler Ebene der bzw. die beste
VorleserIn auf Kreisebene ermittelt. Wer hier erfolgreich ist, kann an dem
nachfolgenden Regionalwettbewerb&nbsp;
teilnehmen. Wir drücken die Daumen, dass unsere Schulsieger&nbsp; auch einmal erfolgreich am Landes- oder gar
am Bundesentscheid teilnehmen werden.</p>



<p><strong>Theatervorstellungen</strong></p>



<p>In den letzten Jahren haben wir für die Jahrgangsstufen 8-10 in jedem Schuljahr professionelle Theaterschauspieler eingeladen. Gespielt wurde „modernes“ Theater als auch „Klassisches“. Schon oft haben sich unsere Schülerinnen und Schüler für das „alte“ Medium Theater begeistern&nbsp; lassen und konnten darüber auch „verstaubten“ Stücken inhaltlich Neues abgewinnen. Seit Schuljahr 2018/19 besuchen unsere Schülerinnen und Schüler der Jahrgangsstufe 8-10 (verbindlich) die umliegenden Schauspielhäuser, um auch einmal pro Schuljahr „reale“ Theaterluft zu schnuppern. Die Jahrgangsstufe 9 besuchte das Junge Theater in Bremerhaven. Es wurde in beeindruckender Weise „Jakob der Lügner“ von Jurek Becker gespielt. In der Weltbühne des Gymnasiums CvO in Bremerhaven wurde das Tagebuch von Anne Frank inszeniert; die Aufführung berührte die Schüler des 7. Jahrgangs sehr. „Nathan der Weise“ von Lessing wird im Schnürschuhtheater in Bremen dargeboten und von der Jahrgangsstufe 10 besucht.&nbsp; </p>



<p><em>Die curricularen Vorgaben im Fach Deutsch sind auf dem Niedersächsischen Bildungsserver zu finden: </em><a rel="noreferrer noopener" aria-label=" (öffnet in neuem Tab)" href="https://db2.nibis.de/1db/cuvo/datei/de_gym_si_kc_druck.pdf" target="_blank"><em>Kerncurriculum Deutsch</em></a><em>.</em></p>

<p>Das Fach Deutsch Im Unterrichtsfach Deutsch werden eine Vielzahl an Kompetenzen vermittelt, die alle im Zusammenhang mit dem Umgang &nbsp;mit der deutschen Sprache stehen. Dazu gehören: Lesen Schreiben Grammatik Zeichensetzung Texte verfassen Texte interpretieren Lektüre Kommunikation Großen Wert legen wir &hellip; <a href="https://wordpress.nibis.de/gymlox/deutsch/">Weiterlesen <span class="meta-nav">&rarr;</span></a></p>
