{"id":154,"date":"2019-01-28T10:59:07","date_gmt":"2019-01-28T09:59:07","guid":{"rendered":"http:\/\/wordpress.nibis.de\/gymlox\/?page_id=154"},"modified":"2024-03-14T12:47:34","modified_gmt":"2024-03-14T11:47:34","slug":"mathematik","status":"publish","type":"page","link":"https:\/\/wordpress.nibis.de\/gymlox\/mathematik\/","title":{"rendered":"Mathematik"},"content":{"rendered":"\n<p><em>&#8222;Unsere Kultur entwickelt unterschiedliche Zug\u00e4nge, die Welt zu verstehen; diese sind nicht wechselseitig ersetzbar. Ein Zugang wird durch die Denkweise der Mathematik er\u00f6ffnet. Sch\u00fclerinnen und Sch\u00fcler k\u00f6nnen in der Auseinandersetzung mit mathematischen Fragestellungen \u2013 \u00fcber die Aneignung lebensn\u00fctzlicher Inhalte hinaus \u2013 eine zeitgem\u00e4\u00dfe Allgemeinbildung erwerben.&#8220;<\/em> (Nieders\u00e4chsisches Kultusministerium: Kerncurriculum Mathematik f\u00fcr das Gymnasium, Schuljahrg\u00e4nge 5-10)<\/p>\n\n\n\n<div class=\"wp-block-image\"><figure class=\"aligncenter\"><img loading=\"lazy\" decoding=\"async\" width=\"450\" height=\"158\" src=\"https:\/\/wordpress.nibis.de\/gymlox\/files\/2019\/08\/mathe.png\" alt=\"\" class=\"wp-image-606\" \/><figcaption>xkcd \u00a9 Randall Munroe; \u00dcbersetzung\/Grafik \u00a9 Peter Schl\u00f6mer. Freigegeben unter der  Creative-Commons-Lizenz <a href=\"http:\/\/creativecommons.org\/licenses\/by-nc\/2.5\/deed.de\">CC-by-nc-2.5<\/a><\/figcaption><\/figure><\/div>\n\n\n\n<p>Das Fach Mathematik wird in den meisten Jahrg\u00e4ngen mit vier Wochenstunden unterrichtet. Als Lehrwerk ist die Reihe Lambacher-Schweizer (Klett-Verlag) eingef\u00fchrt, neben dem Lehrbuch wird auch das dazugeh\u00f6rige Arbeitsheft verwendet. <\/p>\n\n\n\n<p>Alle Sch\u00fclerinnen und Sch\u00fcler der 5. Klassen sowie Interessierte aus h\u00f6heren Jahrg\u00e4ngen nehmen am Wettbewerb &#8222;K\u00e4nguru der Mathematik&#8220; (<a rel=\"noreferrer noopener\" aria-label=\" (\u00f6ffnet in neuem Tab)\" href=\"http:\/\/www.mathe-kaenguru.de\/wettbewerb\/index.html\" target=\"_blank\">http:\/\/www.mathe-kaenguru.de\/wettbewerb\/index.html<\/a>) teil.<\/p>\n\n\n\n<p><em>Die curricularen Vorgaben im Fach Mathematik sind auf dem Nieders\u00e4chsischen Bildungsserver zu finden: <a href=\"https:\/\/db2.nibis.de\/1db\/cuvo\/datei\/ma_gym_si_kc_druck.pdf\" target=\"_blank\" rel=\"noreferrer noopener\" aria-label=\" (\u00f6ffnet in neuem Tab)\">Kerncurriculum Mathematik<\/a><\/em><\/p>\n","protected":false},"excerpt":{"rendered":"<p>&#8222;Unsere Kultur entwickelt unterschiedliche Zug\u00e4nge, die Welt zu verstehen; diese sind nicht wechselseitig ersetzbar. Ein Zugang wird durch die Denkweise der Mathematik er\u00f6ffnet. Sch\u00fclerinnen und Sch\u00fcler k\u00f6nnen in der Auseinandersetzung mit mathematischen Fragestellungen \u2013 \u00fcber die Aneignung lebensn\u00fctzlicher Inhalte hinaus &hellip; <a href=\"https:\/\/wordpress.nibis.de\/gymlox\/mathematik\/\">Weiterlesen <span class=\"meta-nav\">&rarr;<\/span><\/a><\/p>\n","protected":false},"author":1356,"featured_media":0,"parent":0,"menu_order":0,"comment_status":"closed","ping_status":"closed","template":"","meta":{"footnotes":""},"class_list":["post-154","page","type-page","status-publish","hentry"],"_links":{"self":[{"href":"https:\/\/wordpress.nibis.de\/gymlox\/wp-json\/wp\/v2\/pages\/154","targetHints":{"allow":["GET"]}}],"collection":[{"href":"https:\/\/wordpress.nibis.de\/gymlox\/wp-json\/wp\/v2\/pages"}],"about":[{"href":"https:\/\/wordpress.nibis.de\/gymlox\/wp-json\/wp\/v2\/types\/page"}],"author":[{"embeddable":true,"href":"https:\/\/wordpress.nibis.de\/gymlox\/wp-json\/wp\/v2\/users\/1356"}],"replies":[{"embeddable":true,"href":"https:\/\/wordpress.nibis.de\/gymlox\/wp-json\/wp\/v2\/comments?post=154"}],"version-history":[{"count":14,"href":"https:\/\/wordpress.nibis.de\/gymlox\/wp-json\/wp\/v2\/pages\/154\/revisions"}],"predecessor-version":[{"id":1995,"href":"https:\/\/wordpress.nibis.de\/gymlox\/wp-json\/wp\/v2\/pages\/154\/revisions\/1995"}],"wp:attachment":[{"href":"https:\/\/wordpress.nibis.de\/gymlox\/wp-json\/wp\/v2\/media?parent=154"}],"curies":[{"name":"wp","href":"https:\/\/api.w.org\/{rel}","templated":true}]}}