{"id":188,"date":"2019-01-28T11:05:50","date_gmt":"2019-01-28T10:05:50","guid":{"rendered":"http:\/\/wordpress.nibis.de\/gymlox\/?page_id=188"},"modified":"2019-11-18T11:49:59","modified_gmt":"2019-11-18T10:49:59","slug":"lions-quest","status":"publish","type":"page","link":"https:\/\/wordpress.nibis.de\/gymlox\/lions-quest\/","title":{"rendered":"Lions Quest"},"content":{"rendered":"\n<p>Lions Quest &#8211; Erwachsen werden<\/p>\n\n\n\n<p>\u201eBei Lions-Quest \u201aErwachsen werden\u2018 werden die <strong>Pers\u00f6nlichkeit <\/strong>und <strong>soziale<\/strong>, <strong>emotionale <\/strong>und <strong>kommunikative Kompetenzen <\/strong>bei Sch\u00fclerinnen und Sch\u00fclern der Klasse 5 bis 8\/9 aktiv gef\u00f6rdert.<\/p>\n\n\n\n<p>Lions-Quest \u201aErwachsen werden\u2018 verbessert durch die Lebenskompetenzf\u00f6rderung nachweislich das Miteinander im Klassenverband, die Lernerfolge und das Klassenklima.\u201c<\/p>\n\n\n\n<p>\u201eJunge Menschen lernen mit Lions-Quest \u201aErwachsen werden\u2018, <strong>Konflikt- und Risikosituationen <\/strong>erfolgreich zu begegnen und f\u00fcr Probleme zielf\u00fchrende L\u00f6sungen zu finden. Lions-Quest \u201aErwachsen werden\u2018 hilft bei der Entwicklung der <strong>pers\u00f6nlichen Identit\u00e4t<\/strong>, bei der <strong>Ausdrucksf\u00e4higkeit <\/strong>eigener und der Wahrnehmung fremder Emotionen und unterst\u00fctzt beim <strong>toleranten Umgang <\/strong>mit unterschiedlichen lebensbiografischen Aspekten. Mit Lions-Quest \u201aErwachsen werden\u2018 im Schulcurriculum wird die <strong>Gesundheit <\/strong>und <strong>Resilienz (psychische Widerstandskraft) <\/strong>bei Sch\u00fclerinnen und Sch\u00fclern gef\u00f6rdert. <\/p>\n\n\n\n<p>Sie sind eher in der Lage Grenzen, St\u00e4rken und Schw\u00e4chen sachlicher einzusch\u00e4tzen und zu bewerten.\u201c<\/p>\n\n\n\n<p>Mehr Informationen finden Sie auf der <a href=\"https:\/\/www.lions-quest.de\/\" target=\"_blank\" rel=\"noreferrer noopener\" aria-label=\" (\u00f6ffnet in neuem Tab)\">Lions-Quest-Internetseite<\/a>.<a href=\"https:\/\/www.lions-quest.de\/\"><\/a><\/p>\n\n\n\n<p>Bei uns am Gymnasium Loxstedt wird das Fach Lions Quest (LQ) bisher in der Jahrgangsstufe 5 unterrichtet.<\/p>\n","protected":false},"excerpt":{"rendered":"<p>Lions Quest &#8211; Erwachsen werden \u201eBei Lions-Quest \u201aErwachsen werden\u2018 werden die Pers\u00f6nlichkeit und soziale, emotionale und kommunikative Kompetenzen bei Sch\u00fclerinnen und Sch\u00fclern der Klasse 5 bis 8\/9 aktiv gef\u00f6rdert. Lions-Quest \u201aErwachsen werden\u2018 verbessert durch die Lebenskompetenzf\u00f6rderung nachweislich das Miteinander im &hellip; <a href=\"https:\/\/wordpress.nibis.de\/gymlox\/lions-quest\/\">Weiterlesen <span class=\"meta-nav\">&rarr;<\/span><\/a><\/p>\n","protected":false},"author":1356,"featured_media":0,"parent":0,"menu_order":0,"comment_status":"closed","ping_status":"closed","template":"","meta":{"footnotes":""},"class_list":["post-188","page","type-page","status-publish","hentry"],"_links":{"self":[{"href":"https:\/\/wordpress.nibis.de\/gymlox\/wp-json\/wp\/v2\/pages\/188","targetHints":{"allow":["GET"]}}],"collection":[{"href":"https:\/\/wordpress.nibis.de\/gymlox\/wp-json\/wp\/v2\/pages"}],"about":[{"href":"https:\/\/wordpress.nibis.de\/gymlox\/wp-json\/wp\/v2\/types\/page"}],"author":[{"embeddable":true,"href":"https:\/\/wordpress.nibis.de\/gymlox\/wp-json\/wp\/v2\/users\/1356"}],"replies":[{"embeddable":true,"href":"https:\/\/wordpress.nibis.de\/gymlox\/wp-json\/wp\/v2\/comments?post=188"}],"version-history":[{"count":7,"href":"https:\/\/wordpress.nibis.de\/gymlox\/wp-json\/wp\/v2\/pages\/188\/revisions"}],"predecessor-version":[{"id":990,"href":"https:\/\/wordpress.nibis.de\/gymlox\/wp-json\/wp\/v2\/pages\/188\/revisions\/990"}],"wp:attachment":[{"href":"https:\/\/wordpress.nibis.de\/gymlox\/wp-json\/wp\/v2\/media?parent=188"}],"curies":[{"name":"wp","href":"https:\/\/api.w.org\/{rel}","templated":true}]}}