{"id":194,"date":"2019-01-28T11:06:27","date_gmt":"2019-01-28T10:06:27","guid":{"rendered":"http:\/\/wordpress.nibis.de\/gymlox\/?page_id=194"},"modified":"2025-04-24T11:03:07","modified_gmt":"2025-04-24T09:03:07","slug":"theater","status":"publish","type":"page","link":"https:\/\/wordpress.nibis.de\/gymlox\/theater\/","title":{"rendered":"Theater-AG"},"content":{"rendered":"\n<p>Die Geschichte der Theater-AG am Gymnasium Loxstedt weist keine konstante Linie auf. In den Anf\u00e4ngen dieser Schule gab es f\u00fcr ein paar Jahre eine Theater-AG. Die AG fuhr auch zu Schultheatertreffen und f\u00fchrte dort ihre St\u00fccke auf. In den Achtzigern gab es dann immer wieder sporadisch mal eine AG, dann wieder keine. Dies lag mit Sicherheit an fehlenden Lehrerstunden und vielleicht auch an der fehlenden Bereitschaft, eine solch zeitaufw\u00e4ndige AG anzubieten. 2005 hat dann Frau Wolthoff versucht, die AG wiederzubeleben und f\u00fchrte das f\u00fcr ein Sekundarstufen I \u2013 Gymnasium anspruchsvolle St\u00fcck \u201eDie Physiker\u201c von Friedrich D\u00fcrrenmatt erfolgreich auf. Leider konnte sie aus schulorganisationstechnischen Gr\u00fcnden die AG nicht weiterf\u00fchren. 2008 \u00fcbernahm dann Herr Meyer f\u00fcr ein Jahr die AG und brachte den Theaterklassiker \u201eArsen und Spitzenh\u00e4ubchen\u201c auf die B\u00fchne. Da in den darauffolgenden Jahren wieder Lehrerstunden fehlten, war wieder keine Konstanz, die eine Theater-AG aber unbedingt braucht, vorhanden. Seit dem Schuljahr 2014\/2015 gibt es die jetzt aktuelle Theater-AG unter der Leitung von Herrn Meyer und es scheint, dass sie auch in den n\u00e4chsten Jahren stattfinden wird. In 2014\/2015 wurde eine Adaption von Defoes \u201eRobinson Crusoe\u201c aufgef\u00fchrt, 2015\/2016 \u201eDer Zauberer von Oz\u201c, Schuljahr 2016\/2017 wurde intensiv an \u201eDer Kaiserin neue Kleider\u201c, frei nach dem M\u00e4rchen von Hans Christian Andersen, geprobt und fast zur Auff\u00fchrung gebracht. Dieses anspruchsvolle St\u00fcck konnte aber leider bis zum Ende des Schuljahres nicht in die Tat umgesetzt werden. Schade! Seit dem Schuljahr 2017\/2018 existieren im Prinzip \u201ezwei\u201c Theater-AGs, die mittwochs 14t\u00e4gig im Wechsel proben: Eine Theatergruppe rekrutiert sich aus Sch\u00fclerinnen und Sch\u00fclern des 5. &amp; 6. Jahrgangs, die andere besteht aus Theaterinteressierten ab Jahrgang 7. So kann den unterschiedlichen Interessen und Pers\u00f6nlichkeitsentwicklungen junger Menschen innerhalb der zur Verf\u00fcgung stehenden Theaterst\u00fccke Rechnung getragen werden. Es wurden das Reimtheaterst\u00fcck \u201eDer arme Herr Braun\u201c von James Kr\u00fcss und eine St\u00fcck \u00fcber Mobbing in der Schule \u201eIch habe nichts getan\u201c im Rahmen des 1. Theater- und Kunstabends des Gymnasiums aufgef\u00fchrt. Im Schuljahr 2018\/2019 gab es erstmals insgesamt drei Auff\u00fchrungen an zwei Tagen! Eine gro\u00dfe Kraftanstrengung aller Beteiligten, die mit Bravour gemeistert wurde. Gespielt wurde \u201eWie das Elefantenkind&nbsp; zu seinem R\u00fcssel kam\u201c, ein Maskentheaterst\u00fcck nach dem M\u00e4rchen von Rudyard Kipling und eine moderne Adaption des Theaterklassikers \u201eRomeo und Julia\u201c von William Shakespeare, als reines M\u00e4dchentheaterst\u00fcck namens \u201eJULIA und Romeo\u201c. Der Abendauftritt am 2. Theater- und Kunstabend zum Schuljahresende war ein gro\u00dfer Erfolg, erstmals konnten mehr als 100 Besucher begr\u00fc\u00dft werden.<\/p>\n\n\n\n<p>Theaterspielen hei\u00dft Spa\u00df, in andere Rollen und Emotionen zu\nschl\u00fcpfen, bedeutet aber auch viel Arbeit und manchmal Frust. Dennoch bereitet\nes allen Beteiligten ein gro\u00dfes Vergn\u00fcgen, die Proben zu absolvieren und vor\nallem, vor Publikum aufzutreten und das sch\u00f6nste Ger\u00e4usch zu h\u00f6ren, dass es f\u00fcr\nSchauspieler gibt: den Applaus! Die Theater-AG \u00fcberlegt und fertigt gemeinsam\ndas B\u00fchnenbild an und f\u00fchrt auch zusammen mit Herrn Meyer Regie, nur so kann\ndas St\u00fcck zum eigenen St\u00fcck werden. <\/p>\n\n\n\n<p>Was wird im neuen Schuljahr 2025\/2026 aufgef\u00fchrt? Das ist noch ein Geheimnis \u2026<\/p>\n\n\n\n<p class=\"has-text-align-right\">Torsten Meyer <\/p>\n","protected":false},"excerpt":{"rendered":"<p>Die Geschichte der Theater-AG am Gymnasium Loxstedt weist keine konstante Linie auf. In den Anf\u00e4ngen dieser Schule gab es f\u00fcr ein paar Jahre eine Theater-AG. Die AG fuhr auch zu Schultheatertreffen und f\u00fchrte dort ihre St\u00fccke auf. In den Achtzigern &hellip; <a href=\"https:\/\/wordpress.nibis.de\/gymlox\/theater\/\">Weiterlesen <span class=\"meta-nav\">&rarr;<\/span><\/a><\/p>\n","protected":false},"author":1356,"featured_media":0,"parent":0,"menu_order":0,"comment_status":"closed","ping_status":"closed","template":"","meta":{"footnotes":""},"class_list":["post-194","page","type-page","status-publish","hentry"],"_links":{"self":[{"href":"https:\/\/wordpress.nibis.de\/gymlox\/wp-json\/wp\/v2\/pages\/194","targetHints":{"allow":["GET"]}}],"collection":[{"href":"https:\/\/wordpress.nibis.de\/gymlox\/wp-json\/wp\/v2\/pages"}],"about":[{"href":"https:\/\/wordpress.nibis.de\/gymlox\/wp-json\/wp\/v2\/types\/page"}],"author":[{"embeddable":true,"href":"https:\/\/wordpress.nibis.de\/gymlox\/wp-json\/wp\/v2\/users\/1356"}],"replies":[{"embeddable":true,"href":"https:\/\/wordpress.nibis.de\/gymlox\/wp-json\/wp\/v2\/comments?post=194"}],"version-history":[{"count":6,"href":"https:\/\/wordpress.nibis.de\/gymlox\/wp-json\/wp\/v2\/pages\/194\/revisions"}],"predecessor-version":[{"id":2218,"href":"https:\/\/wordpress.nibis.de\/gymlox\/wp-json\/wp\/v2\/pages\/194\/revisions\/2218"}],"wp:attachment":[{"href":"https:\/\/wordpress.nibis.de\/gymlox\/wp-json\/wp\/v2\/media?parent=194"}],"curies":[{"name":"wp","href":"https:\/\/api.w.org\/{rel}","templated":true}]}}