{"id":43,"date":"2019-01-28T09:07:08","date_gmt":"2019-01-28T08:07:08","guid":{"rendered":"http:\/\/wordpress.nibis.de\/gymlox\/?page_id=43"},"modified":"2024-03-14T11:53:59","modified_gmt":"2024-03-14T10:53:59","slug":"schuldaten","status":"publish","type":"page","link":"https:\/\/wordpress.nibis.de\/gymlox\/schuldaten\/","title":{"rendered":"Schuldaten"},"content":{"rendered":"<p>375 Sch\u00fclerinnen und Sch\u00fcler (187 M\u00e4dchen und 188 Jungen)<\/p>\n<ul>\n<li>16 Klassen<\/li>\n<li>in der Regel dreiz\u00fcgig<\/li>\n<li>30 Lehrerinnen und Lehrer<\/li>\n<\/ul>\n\n\n<p><em>Stand: 1. M\u00e4rz 202<\/em>4<\/p>\n\n\n","protected":false},"excerpt":{"rendered":"<p>375 Sch\u00fclerinnen und Sch\u00fcler (187 M\u00e4dchen und 188 Jungen) 16 Klassen in der Regel dreiz\u00fcgig 30 Lehrerinnen und Lehrer Stand: 1. M\u00e4rz 2024<\/p>\n","protected":false},"author":1356,"featured_media":0,"parent":0,"menu_order":0,"comment_status":"closed","ping_status":"closed","template":"","meta":{"footnotes":""},"class_list":["post-43","page","type-page","status-publish","hentry"],"_links":{"self":[{"href":"https:\/\/wordpress.nibis.de\/gymlox\/wp-json\/wp\/v2\/pages\/43","targetHints":{"allow":["GET"]}}],"collection":[{"href":"https:\/\/wordpress.nibis.de\/gymlox\/wp-json\/wp\/v2\/pages"}],"about":[{"href":"https:\/\/wordpress.nibis.de\/gymlox\/wp-json\/wp\/v2\/types\/page"}],"author":[{"embeddable":true,"href":"https:\/\/wordpress.nibis.de\/gymlox\/wp-json\/wp\/v2\/users\/1356"}],"replies":[{"embeddable":true,"href":"https:\/\/wordpress.nibis.de\/gymlox\/wp-json\/wp\/v2\/comments?post=43"}],"version-history":[{"count":5,"href":"https:\/\/wordpress.nibis.de\/gymlox\/wp-json\/wp\/v2\/pages\/43\/revisions"}],"predecessor-version":[{"id":1992,"href":"https:\/\/wordpress.nibis.de\/gymlox\/wp-json\/wp\/v2\/pages\/43\/revisions\/1992"}],"wp:attachment":[{"href":"https:\/\/wordpress.nibis.de\/gymlox\/wp-json\/wp\/v2\/media?parent=43"}],"curies":[{"name":"wp","href":"https:\/\/api.w.org\/{rel}","templated":true}]}}