{"id":456,"date":"2019-08-03T14:39:51","date_gmt":"2019-08-03T12:39:51","guid":{"rendered":"https:\/\/wordpress.nibis.de\/gymlox\/?page_id=456"},"modified":"2019-08-05T10:54:41","modified_gmt":"2019-08-05T08:54:41","slug":"smiley","status":"publish","type":"page","link":"https:\/\/wordpress.nibis.de\/gymlox\/smiley\/","title":{"rendered":"Pr\u00e4vention- Smiley"},"content":{"rendered":"\n<p>Ein\nwichtiger Baustein unserer Pr\u00e4ventionsarbeit sind die j\u00e4hrlich in Jahrgang 6\ndurchgef\u00fchrten Workshops zum Thema Medienkompetenz.<\/p>\n\n\n\n<p>Kooperationspartner\nhierf\u00fcr ist der Verein \u201esmiley e.V.\u201c <\/p>\n\n\n\n<p><strong>smiley e.V. existiert seit 2005 als\ngemeinn\u00fctziger Verein und bietet verschiedene Veranstaltungen und Angebote an,\nin denen unterschiedlichen Gruppen Medienkompetenz vermittelt wird.<\/strong><\/p>\n\n\n\n<p><strong>Zu den Inhalten des Workshops: <\/strong><\/p>\n\n\n\n<p><strong>Medienkompetenz jetzt! Klassenworkshop I:<br>\nZurechtfinden in der Welt von sozialen Netzwerken, Smartphones und\nOnline-Spielen.<\/strong>&nbsp;<br>\n(Zielgruppe: Jahrgang 6)<br>\n<br>\nMehr als 200 Nachrichten am Tag in verschiedenen\nWhatsApp-Gruppen &#8211; die meisten mitunter im Klassenchat: das berichten uns immer\nwieder Sch\u00fclerinnen und Sch\u00fcler in unseren Workshops. Nicht selten nerven die\nKlassenchats. Die Frage nach den Hausaufgaben geht unter zwischen Emojis,\nlustigen Videos und verschiedenen Fotos. Doch ein Verzicht auf WhatsApp stellt\nf\u00fcr viele keine Alternative dar. Wie also umgehen mit der Nachrichtenflut,\nKonflikten bis hin zu Cybermobbing? Diese und andere Fragen diskutiert smiley\ne.V. mit den 6. Klassen und stellt dabei immer wieder fest: Das Bauchgef\u00fchl der\nKinder ist gro\u00dfartig, nicht selten entstehen in konstruktiven Diskussionen\ngro\u00dfartige Strategien f\u00fcr das Miteinander online. Doch dabei geht nicht nur um\nWhatsApp. Wie wichtig sind Likes bei Instagram? Wie sch\u00fctze ich meine\nPrivatsph\u00e4re in sozialen Medien? Was veranlasst Menschen, stundenlang online zu\nspielen? Und nicht zuletzt: Was macht das Smartphone w\u00e4hrend den Hausaufgaben\noder beim Schlafengehen?<br>\n<br>\nIn diesem Klassenworkshop wird bedarfsgerecht\nund bed\u00fcrfnisorientiert gemeinsam mit den Sch\u00fclern ein gesunder Umgang mit\nInternet, Computerspielen und Handy erarbeitet. Hierbei wird methodisch darauf\ngeachtet, dass bei den Sch\u00fclern ihrer individuellen Nutzungsweise entsprochen\nwird, um keine Bed\u00fcrfnisse zu wecken, die ggf. nicht angemessen sind.&nbsp;<\/p>\n\n\n\n<p>Die\nKosten f\u00fcr die Klassenworkshops wurden in den letzten Jahren freundlicherweise\nvom Schulverein Loxstedt getragen. <\/p>\n\n\n\n<p>In\nregelm\u00e4\u00dfigen Abst\u00e4nden veranstalten wir zu diesem Thema auch Eltern-\nInformationsveranstaltungen mit Referenten von smiley e.V.<\/p>\n\n\n\n<p><a href=\"https:\/\/smiley-ev.de\">https:\/\/smiley-ev.de<\/a><\/p>\n","protected":false},"excerpt":{"rendered":"<p>Ein wichtiger Baustein unserer Pr\u00e4ventionsarbeit sind die j\u00e4hrlich in Jahrgang 6 durchgef\u00fchrten Workshops zum Thema Medienkompetenz. Kooperationspartner hierf\u00fcr ist der Verein \u201esmiley e.V.\u201c smiley e.V. existiert seit 2005 als gemeinn\u00fctziger Verein und bietet verschiedene Veranstaltungen und Angebote an, in denen &hellip; <a href=\"https:\/\/wordpress.nibis.de\/gymlox\/smiley\/\">Weiterlesen <span class=\"meta-nav\">&rarr;<\/span><\/a><\/p>\n","protected":false},"author":1356,"featured_media":0,"parent":0,"menu_order":0,"comment_status":"closed","ping_status":"closed","template":"","meta":{"footnotes":""},"class_list":["post-456","page","type-page","status-publish","hentry"],"_links":{"self":[{"href":"https:\/\/wordpress.nibis.de\/gymlox\/wp-json\/wp\/v2\/pages\/456","targetHints":{"allow":["GET"]}}],"collection":[{"href":"https:\/\/wordpress.nibis.de\/gymlox\/wp-json\/wp\/v2\/pages"}],"about":[{"href":"https:\/\/wordpress.nibis.de\/gymlox\/wp-json\/wp\/v2\/types\/page"}],"author":[{"embeddable":true,"href":"https:\/\/wordpress.nibis.de\/gymlox\/wp-json\/wp\/v2\/users\/1356"}],"replies":[{"embeddable":true,"href":"https:\/\/wordpress.nibis.de\/gymlox\/wp-json\/wp\/v2\/comments?post=456"}],"version-history":[{"count":2,"href":"https:\/\/wordpress.nibis.de\/gymlox\/wp-json\/wp\/v2\/pages\/456\/revisions"}],"predecessor-version":[{"id":512,"href":"https:\/\/wordpress.nibis.de\/gymlox\/wp-json\/wp\/v2\/pages\/456\/revisions\/512"}],"wp:attachment":[{"href":"https:\/\/wordpress.nibis.de\/gymlox\/wp-json\/wp\/v2\/media?parent=456"}],"curies":[{"name":"wp","href":"https:\/\/api.w.org\/{rel}","templated":true}]}}