{"id":574,"date":"2019-08-07T22:17:48","date_gmt":"2019-08-07T20:17:48","guid":{"rendered":"https:\/\/wordpress.nibis.de\/gymlox\/?page_id=574"},"modified":"2019-08-12T09:24:53","modified_gmt":"2019-08-12T07:24:53","slug":"informationen-jahrgang-5","status":"publish","type":"page","link":"https:\/\/wordpress.nibis.de\/gymlox\/informationen-jahrgang-5\/","title":{"rendered":"Informationen Jahrgang 5"},"content":{"rendered":"\n<p><strong>Der \u00dcbergang von der\nGrundschule zum Gymnasium<\/strong><\/p>\n\n\n\n<p>Der\n\u00dcbergang von der Grundschule zu den weiterf\u00fchrenden Schulen ist ein\nentscheidender Prozess in der schulischen Entwicklung jedes Sch\u00fclers\/jeder\nSch\u00fclerin.<\/p>\n\n\n\n<p>Unser\nZiel ist es, diesen \u00dcbergang&nbsp;\nunterst\u00fctzend zu begleiten. <\/p>\n\n\n\n<p>Daher\nstehen wir in regelm\u00e4\u00dfigem Austausch mit den drei Grundschulen Bexh\u00f6vede,\nLoxstedt und Stotel. Im Rahmen eines Schnuppertages lernen alle Viertkl\u00e4ssler\njedes Jahr im Fr\u00fchjahr das Schulzentrum kennen und k\u00f6nnen sich \u00fcber das Angebot\nin der HRS sowie des Gymnasiums informieren. Unser Schwerpunkt liegt dabei auf\ndem ersten Kontakt mit der zweiten Fremdsprache. Daher erhalten alle\nViertkl\u00e4ssler eine kurze Probestunde in den F\u00e4chern Latein und Franz\u00f6sisch und\nsomit eine Hilfestellung bei der Wahl der zweiten Fremdsprache.<\/p>\n\n\n\n<p>In\ndiesem Zeitraum f\u00fchren wir ebenfalls&nbsp;\ngemeinsam mit der HRS einen Informationsabend f\u00fcr die Eltern der\nzuk\u00fcnftigen F\u00fcnftkl\u00e4ssler durch.<\/p>\n\n\n\n<p>Die\nEinschulung der F\u00fcnftkl\u00e4ssler erfolgt&nbsp;\nbei uns traditionell am ersten Schultag des neuen Schuljahres im Rahmen\neiner kleinen Feierstunde um 18 Uhr im Forum des Gymnasiums. Der sechste\nJahrgang gestaltet ein kleines unterhaltsames Programm, &nbsp;am Ende der Veranstaltung erfolgt die Bekanntgabe\nder Klasseneinteilung und die Sch\u00fcler und Sch\u00fclerinnen lernen ihre neuen\nKlassenlehrer sowie ihre neuen Klassenr\u00e4ume kennen. Dort haben die\nSiebtkl\u00e4ssler, die jeweils die Patenklassen f\u00fcr die F\u00fcnftkl\u00e4ssler sind, bereits\ndie ein oder andere \u00dcberraschung vorbereitet. Ein weiterer H\u00f6hepunkt dieser\nVeranstaltung ist das Klassenbild mit Sonnenblumen und nat\u00fcrlich der neuen\nKlassenlehrerin oder dem neuen Klassenlehrer. <\/p>\n\n\n\n<p>Der\nUnterricht in der ersten Woche findet noch nicht&nbsp; nach dem regul\u00e4ren Stundenplan statt, sondern\nbeinhaltet im Rahmen der Einf\u00fchrungsphase verst\u00e4rkt Themen wie gegenseitiges\nKennenlernen, Methodentraining, Schulrallye, Obst- und Gem\u00fcsestunde und\nKlassenraumgestaltung. <\/p>\n","protected":false},"excerpt":{"rendered":"<p>Der \u00dcbergang von der Grundschule zum Gymnasium Der \u00dcbergang von der Grundschule zu den weiterf\u00fchrenden Schulen ist ein entscheidender Prozess in der schulischen Entwicklung jedes Sch\u00fclers\/jeder Sch\u00fclerin. Unser Ziel ist es, diesen \u00dcbergang&nbsp; unterst\u00fctzend zu begleiten. Daher stehen wir in &hellip; <a href=\"https:\/\/wordpress.nibis.de\/gymlox\/informationen-jahrgang-5\/\">Weiterlesen <span class=\"meta-nav\">&rarr;<\/span><\/a><\/p>\n","protected":false},"author":1356,"featured_media":0,"parent":0,"menu_order":0,"comment_status":"closed","ping_status":"closed","template":"","meta":{"footnotes":""},"class_list":["post-574","page","type-page","status-publish","hentry"],"_links":{"self":[{"href":"https:\/\/wordpress.nibis.de\/gymlox\/wp-json\/wp\/v2\/pages\/574","targetHints":{"allow":["GET"]}}],"collection":[{"href":"https:\/\/wordpress.nibis.de\/gymlox\/wp-json\/wp\/v2\/pages"}],"about":[{"href":"https:\/\/wordpress.nibis.de\/gymlox\/wp-json\/wp\/v2\/types\/page"}],"author":[{"embeddable":true,"href":"https:\/\/wordpress.nibis.de\/gymlox\/wp-json\/wp\/v2\/users\/1356"}],"replies":[{"embeddable":true,"href":"https:\/\/wordpress.nibis.de\/gymlox\/wp-json\/wp\/v2\/comments?post=574"}],"version-history":[{"count":2,"href":"https:\/\/wordpress.nibis.de\/gymlox\/wp-json\/wp\/v2\/pages\/574\/revisions"}],"predecessor-version":[{"id":580,"href":"https:\/\/wordpress.nibis.de\/gymlox\/wp-json\/wp\/v2\/pages\/574\/revisions\/580"}],"wp:attachment":[{"href":"https:\/\/wordpress.nibis.de\/gymlox\/wp-json\/wp\/v2\/media?parent=574"}],"curies":[{"name":"wp","href":"https:\/\/api.w.org\/{rel}","templated":true}]}}