{"id":95,"date":"2019-01-28T09:42:47","date_gmt":"2019-01-28T08:42:47","guid":{"rendered":"http:\/\/wordpress.nibis.de\/gymlox\/?page_id=95"},"modified":"2019-01-28T09:46:16","modified_gmt":"2019-01-28T08:46:16","slug":"schulverein","status":"publish","type":"page","link":"https:\/\/wordpress.nibis.de\/gymlox\/schulverein\/","title":{"rendered":"Schulverein"},"content":{"rendered":"<p>Bei dem Schulverein Loxstedt e. V. handelt es sich um einen F\u00f6rderverein mit anerkannter Gemeinn\u00fctzigkeit, der alle Schulen der Gemeinde Loxstedt ideell und finanziell unterst\u00fctzt.<\/p>\n<p>Homepage: <a href=\"https:\/\/www.schulverein-loxstedt.de\/\" target=\"_blank\" rel=\"noopener\">www.schulverein-loxstedt.de<\/a><\/p>\n","protected":false},"excerpt":{"rendered":"<p>Bei dem Schulverein Loxstedt e. V. handelt es sich um einen F\u00f6rderverein mit anerkannter Gemeinn\u00fctzigkeit, der alle Schulen der Gemeinde Loxstedt ideell und finanziell unterst\u00fctzt. Homepage: www.schulverein-loxstedt.de<\/p>\n","protected":false},"author":1356,"featured_media":0,"parent":0,"menu_order":0,"comment_status":"closed","ping_status":"closed","template":"","meta":{"footnotes":""},"class_list":["post-95","page","type-page","status-publish","hentry"],"_links":{"self":[{"href":"https:\/\/wordpress.nibis.de\/gymlox\/wp-json\/wp\/v2\/pages\/95","targetHints":{"allow":["GET"]}}],"collection":[{"href":"https:\/\/wordpress.nibis.de\/gymlox\/wp-json\/wp\/v2\/pages"}],"about":[{"href":"https:\/\/wordpress.nibis.de\/gymlox\/wp-json\/wp\/v2\/types\/page"}],"author":[{"embeddable":true,"href":"https:\/\/wordpress.nibis.de\/gymlox\/wp-json\/wp\/v2\/users\/1356"}],"replies":[{"embeddable":true,"href":"https:\/\/wordpress.nibis.de\/gymlox\/wp-json\/wp\/v2\/comments?post=95"}],"version-history":[{"count":3,"href":"https:\/\/wordpress.nibis.de\/gymlox\/wp-json\/wp\/v2\/pages\/95\/revisions"}],"predecessor-version":[{"id":99,"href":"https:\/\/wordpress.nibis.de\/gymlox\/wp-json\/wp\/v2\/pages\/95\/revisions\/99"}],"wp:attachment":[{"href":"https:\/\/wordpress.nibis.de\/gymlox\/wp-json\/wp\/v2\/media?parent=95"}],"curies":[{"name":"wp","href":"https:\/\/api.w.org\/{rel}","templated":true}]}}