{"id":119,"date":"2018-04-05T15:28:23","date_gmt":"2018-04-05T13:28:23","guid":{"rendered":"http:\/\/wordpress.nibis.de\/gymoedeme\/?page_id=119"},"modified":"2022-11-01T10:26:54","modified_gmt":"2022-11-01T09:26:54","slug":"impressum","status":"publish","type":"page","link":"https:\/\/wordpress.nibis.de\/gymoedeme\/impressum\/","title":{"rendered":"Impressum"},"content":{"rendered":"<p>Diensteanbieter im Sinne des Telemediengesetzes ist das Land Niedersachsen.<\/p>\n<p>Das Land Niedersachsen ist eine juristische Person des \u00f6ffentlichen Rechts vertreten durch:<\/p>\n<p><strong>Schulleitung:<\/strong><br \/>\nOStD Stefan Schulz, Schulleiter<br \/>\nStD&#8216; Birgit Burmester, stellvertretende Schulleiterin<\/p>\n<p><strong>Adresse<\/strong><br \/>\nGymnasium Oedeme<br \/>\nOedemer Weg 77<br \/>\n21335 L\u00fcneburg<\/p>\n<p>Tel.: 04131 7628-0<br \/>\nFax: 04131 7628-20<br \/>\nE-Mail:\u00a0<a>&#x73;&#x65;&#x6b;&#x72;&#101;&#116;&#97;ri&#x61;&#x74;&#x40;&#x67;&#x79;&#109;&#110;&#97;si&#x75;&#x6d;&#x2d;&#x6f;&#x65;&#100;&#101;&#109;e&#46;&#x64;&#x65;<\/a><\/p>\n<p>Datenschutzbeauftragte(r) der Schule:<br \/>\nE-Mail:\u00a0<a href=\"&#109;a&#x69;l&#x74;o&#x3a;s&#x65;&#107;&#x72;&#101;&#x74;&#97;&#x72;&#105;a&#116;&#64;&#x67;y&#x6d;-&#x6f;&#101;&#x64;&#101;&#x6d;&#101;&#x2e;&#100;&#x65;\">&#100;a&#x74;e&#x6e;s&#x63;h&#x75;&#116;&#x7a;&#64;&#x67;&#121;&#x6d;&#110;a&#115;i&#x75;m&#x2d;o&#x65;&#100;&#x65;&#109;&#x65;&#46;&#x64;&#101;<\/a><\/p>\n<p><strong>Presserechtlich verantwortlich f\u00fcr die Schulwebseite und das Jahrbuch (&#8218;Schulmitteilungen&#8216;):<\/strong><br \/>\nOStD Stefan Schulz<\/p>\n<p><strong>Ansprechpartner f\u00fcr die Website:<\/strong><br \/>\nOStR Ren\u00e9 Jenkel (Webmaster)<br \/>\nE-Mail: rene.<span style=\"color: #666666\">jenkel<\/span>@<span style=\"color: #666666\">gymnasium-oedeme.de<\/span><\/p>\n<p align=\"justify\"><b>Haftungsausschluss:<\/b><br \/>\nDas Gymnasium Oedeme (nachfolgend Anbieter genannt) bem\u00fcht sich, dass die auf seiner Website enthaltenen Informationen und Daten zutreffend sind. Eine Haftung oder Garantie f\u00fcr die Aktualit\u00e4t, Richtigkeit und Vollst\u00e4ndigkeit der zur Verf\u00fcgung gestellten Informationen und Daten ist jedoch ausgeschlossen. Dies gilt ebenso f\u00fcr alle anderen Websites, auf die mittels eines Hyperlinks verwiesen wird. Der Anbieter ist f\u00fcr den Inhalt solcher Websites, die mittels einer solchen Verbindung erreicht werden, ebenfalls nicht verantwortlich. Der Anbieter beh\u00e4lt sich vor, ohne Ank\u00fcndigung \u00c4nderungen oder Erg\u00e4nzungen der bereitgestellten Informationen oder Daten vorzunehmen. Der Inhalt der Website ist urheberrechtlich gesch\u00fctzt. Die Vervielf\u00e4ltigung von Informationen oder Daten, insbesondere die Verwendung von Texten, Textteilen oder Bildmaterial bedarf der vorherigen Zustimmung des Anbieters. Davon ausgenommen sind die im Kapitel &#8222;Pressetexte&#8220; f\u00fcr die Weiterverbreitung ausdr\u00fccklich angebotenen Informationen. S\u00e4mtliche Informationen oder Daten, ihre Nutzung und die Anmeldung zur Website sowie s\u00e4mtliches mit der Website zusammenh\u00e4ngendes Tun, Dulden oder Unterlassen unterliegen ausschlie\u00dflich deutschem Recht. Erf\u00fcllungsort und ausschlie\u00dflicher Gerichtsstand ist der des Anbieters.<\/p>\n","protected":false},"excerpt":{"rendered":"<p>Diensteanbieter im Sinne des Telemediengesetzes ist das Land Niedersachsen. Das Land Niedersachsen ist eine juristische Person des \u00f6ffentlichen Rechts vertreten durch: Schulleitung: OStD Stefan Schulz, Schulleiter StD&#8216; Birgit Burmester, stellvertretende Schulleiterin Adresse Gymnasium Oedeme Oedemer Weg 77 21335 L\u00fcneburg Tel.: 04131 7628-0 Fax: 04131 7628-20 E-Mail:\u00a0&#115;&#x65;&#x6b;&#114;&#x65;&#x74;a&#x72;&#x69;a&#116;&#x40;g&#121;&#x6d;n&#97;&#x73;i&#117;&#x6d;-&#111;&#x65;&#x64;&#101;&#x6d;&#x65;&#46;&#x64;&#x65; Datenschutzbeauftragte(r) der Schule: E-Mail:\u00a0&#x64;&#97;t&#x65;&#110;s&#x63;&#104;u&#x74;&#122;&#64;&#x67;&#121;m&#x6e;&#x61;s&#x69;&#x75;&#109;&#x2d;&#x6f;&#101;&#x64;&#x65;&#109;e&#x2e;&#100;e Presserechtlich verantwortlich f\u00fcr die Schulwebseite und das Jahrbuch (&#8218;Schulmitteilungen&#8216;): OStD Stefan Schulz Ansprechpartner f\u00fcr die Website: OStR Ren\u00e9 Jenkel (Webmaster) E-Mail: &#114;&#x65;&#110;&#x65;&#46;&#x6a;e&#x6e;k&#x65;l&#64;&#x67;&#121;&#x6d;&#110;&#x61;&#115;&#x69;u&#x6d;-&#x6f;e&#100;&#x65;&#109;&#x65;&#46;&#x64;&#101; Haftungsausschluss: Das Gymnasium Oedeme (nachfolgend Anbieter genannt) bem\u00fcht&hellip; <a class=\"continue\" href=\"https:\/\/wordpress.nibis.de\/gymoedeme\/impressum\/\">Weiterlesen:<span> Impressum<\/span><\/a><\/p>\n","protected":false},"author":1411,"featured_media":0,"parent":0,"menu_order":65,"comment_status":"closed","ping_status":"closed","template":"","meta":{"footnotes":""},"class_list":["post-119","page","type-page","status-publish","hentry"],"_links":{"self":[{"href":"https:\/\/wordpress.nibis.de\/gymoedeme\/wp-json\/wp\/v2\/pages\/119","targetHints":{"allow":["GET"]}}],"collection":[{"href":"https:\/\/wordpress.nibis.de\/gymoedeme\/wp-json\/wp\/v2\/pages"}],"about":[{"href":"https:\/\/wordpress.nibis.de\/gymoedeme\/wp-json\/wp\/v2\/types\/page"}],"author":[{"embeddable":true,"href":"https:\/\/wordpress.nibis.de\/gymoedeme\/wp-json\/wp\/v2\/users\/1411"}],"replies":[{"embeddable":true,"href":"https:\/\/wordpress.nibis.de\/gymoedeme\/wp-json\/wp\/v2\/comments?post=119"}],"version-history":[{"count":9,"href":"https:\/\/wordpress.nibis.de\/gymoedeme\/wp-json\/wp\/v2\/pages\/119\/revisions"}],"predecessor-version":[{"id":6659,"href":"https:\/\/wordpress.nibis.de\/gymoedeme\/wp-json\/wp\/v2\/pages\/119\/revisions\/6659"}],"wp:attachment":[{"href":"https:\/\/wordpress.nibis.de\/gymoedeme\/wp-json\/wp\/v2\/media?parent=119"}],"curies":[{"name":"wp","href":"https:\/\/api.w.org\/{rel}","templated":true}]}}