{"id":1525,"date":"2019-08-07T11:00:38","date_gmt":"2019-08-07T09:00:38","guid":{"rendered":"https:\/\/wordpress.nibis.de\/gymoedeme\/?page_id=1525"},"modified":"2019-08-07T11:00:39","modified_gmt":"2019-08-07T09:00:39","slug":"schulvereinbarung","status":"publish","type":"page","link":"https:\/\/wordpress.nibis.de\/gymoedeme\/schulvereinbarung\/","title":{"rendered":"Schulvereinbarung"},"content":{"rendered":"\n<p>Diese Vereinbarung wird getroffen zwischen<br><\/p>\n\n\n\n<ul class=\"wp-block-list\"><li>den Sch\u00fclerinnen und Sch\u00fclern,<\/li><li>den Lehrkr\u00e4ften, den Mitarbeitern\/-innen und der Schulleitung sowie<\/li><li>den Erziehungsberechtigten des Gymnasiums Oedeme.<\/li><\/ul>\n\n\n\n<p>Alle bem\u00fchen sich, die Schule als Lern- und Lebensraum innerhalb ihrer M\u00f6glichkeiten und Aufgabenbereiche sinnvoll zu gestalten und weiterzuentwickeln.<br>Dies kann nur gelingen, wenn alle mitwirken, Verantwortung \u00fcbernehmen, Regeln beachten und fair miteinander umgehen.<\/p>\n\n\n\n<p><strong>Sch\u00fclerinnen und Sch\u00fcler:<\/strong><br>Als Mitglied der Schulgemeinschaft werde ich<br><\/p>\n\n\n\n<ul class=\"wp-block-list\"><li>Leistungsanspr\u00fcche ernst nehmen und mich im Rahmen der M\u00f6glichkeiten bem\u00fchen, meine Leistungen zu steigern<\/li><li>mich so verhalten, dass angstfrei in der Schule und Klasse gelebt, gelernt und gearbeitet werden kann<\/li><li>im Rahmen meiner M\u00f6glichkeiten aktiv den Unterricht mitgestalten<\/li><li>alle m\u00fcndlichen und schriftlichen Hausaufgaben termingerecht anfertigen<\/li><li>alle von der Schule geforderten Materialien f\u00fcr den Unterricht mitbringen und p\u00fcnktlich zum Unterricht erscheinen<\/li><li>gute Leistungen der Mitsch\u00fcler anerkennen<\/li><li>Kritik akzeptieren und selbst so \u00e4u\u00dfern, dass mein Gegen\u00fcber nicht herabgew\u00fcrdigt oder verletzt wird<\/li><li>das Eigentum anderer, das Schuleigentum und die Unterrichtsmaterialien gut behandeln<\/li><li>allen Mitgliedern der Schulgemeinschaft mit Respekt und Toleranz begegnen und die Schulordnung einhalten<\/li><\/ul>\n\n\n\n<p><strong>Lehrkr\u00e4fte:<\/strong><br>Als Mitglied der Schulgemeinschaft werde ich<br><\/p>\n\n\n\n<ul class=\"wp-block-list\"><li>mit allen Kollegen und Mitarbeitern hilfsbereit, r\u00fccksichtsvoll und offen umgehen<\/li><li>aktiv, kooperativ und konstruktiv mit den Erziehungsberechtigten zusammenarbeiten<\/li><li>die Ziele der Rahmenrichtlinien und die Beschl\u00fcsse der Gesamt- und der Fachkonferenzen einhalten und umsetzen<\/li><li>Kritik zulassen, ohne den Kritisierenden zu benachteiligen, und Kritik so \u00e4u\u00dfern, dass mein Gegen\u00fcber nicht herabgew\u00fcrdigt oder verletzt wird<\/li><li>mich so verhalten, dass angstfrei in der Schule und Klasse gelebt, gelernt und gearbeitet werden kann<\/li><li>Anstrengungen w\u00fcrdigen, gute Leistungen loben und bei Misserfolgen und Lernproblemen verst\u00e4ndnisvoll und hilfsbereit reagieren<\/li><li>f\u00fcr einen 90-min\u00fctigen, ungest\u00f6rten Unterricht und f\u00fcr die Einhaltung der Pausenzeiten sorgen<\/li><li>Hausaufgaben rechtzeitig und in Ruhe stellen und sie kontrollieren<\/li><li>Klassenarbeiten in der Regel ank\u00fcndigen und termingerecht zur\u00fcckgeben<\/li><li>zu Beginn eines jeden Schulhalbjahres die Unterrichtsinhalte, die Kriterien der Leistungsbewertung und die Lernziele den Sch\u00fclern vorstellen und erl\u00e4utern<\/li><li>auch zwischen den Zeugnisterminen R\u00fcckmeldungen \u00fcber den Leistungsstand geben<\/li><\/ul>\n\n\n\n<p><strong>Erziehungsberechtigte:<\/strong><br>Als Mitglied der Schulgemeinschaft werde ich<br><\/p>\n\n\n\n<ul class=\"wp-block-list\"><li>die Bildungsziele der Schule aktiv unterst\u00fctzen<\/li><li>meine Verantwortung bei der Erziehung und F\u00f6rderung der Kinder wahrnehmen<\/li><li>den Schulalltag meines Kindes interessiert begleiten<\/li><li>den p\u00e4dagogischen Rat der Lehrkr\u00e4fte ernst nehmen<\/li><li>Kritik zulassen und selbst so \u00e4u\u00dfern, dass mein Gegen\u00fcber nicht herabgew\u00fcrdigt oder verletzt wird<\/li><li>meinem Kind Verst\u00e4ndnis und Hilfe auch bei Misserfolg und Lernproblemen entgegenbringen<\/li><li>darauf hinwirken, dass mein Kind die Regeln der Schule einh\u00e4lt<\/li><li>nach M\u00f6glichkeit an den Schulveranstaltungen und Elternabenden teilnehmen<\/li><li>kooperativ und konstruktiv mit allen Mitgliedern der Schulgemeinschaft zusammenarbeiten<\/li><li>darauf achten, dass mein Kind alle von der Schule geforderten Materialien zur Verf\u00fcgung hat<\/li><\/ul>\n\n\n\n<p>Von der Gesamtkonferenz des Gymnasiums Oedeme beschlossen am 25.11.2003\n\n<\/p>\n","protected":false},"excerpt":{"rendered":"<p>Diese Vereinbarung wird getroffen zwischen den Sch\u00fclerinnen und Sch\u00fclern, den Lehrkr\u00e4ften, den Mitarbeitern\/-innen und der Schulleitung sowie den Erziehungsberechtigten des Gymnasiums Oedeme. Alle bem\u00fchen sich, die Schule als Lern- und Lebensraum innerhalb ihrer M\u00f6glichkeiten und Aufgabenbereiche sinnvoll zu gestalten und weiterzuentwickeln.Dies kann nur gelingen, wenn alle mitwirken, Verantwortung \u00fcbernehmen, Regeln beachten und fair miteinander umgehen. Sch\u00fclerinnen und Sch\u00fcler:Als Mitglied der Schulgemeinschaft werde ich Leistungsanspr\u00fcche ernst nehmen und mich im Rahmen der M\u00f6glichkeiten bem\u00fchen, meine Leistungen zu steigern mich so verhalten,&hellip; <a class=\"continue\" href=\"https:\/\/wordpress.nibis.de\/gymoedeme\/schulvereinbarung\/\">Weiterlesen:<span> Schulvereinbarung<\/span><\/a><\/p>\n","protected":false},"author":1411,"featured_media":0,"parent":0,"menu_order":25,"comment_status":"closed","ping_status":"closed","template":"","meta":{"footnotes":""},"class_list":["post-1525","page","type-page","status-publish","hentry"],"_links":{"self":[{"href":"https:\/\/wordpress.nibis.de\/gymoedeme\/wp-json\/wp\/v2\/pages\/1525","targetHints":{"allow":["GET"]}}],"collection":[{"href":"https:\/\/wordpress.nibis.de\/gymoedeme\/wp-json\/wp\/v2\/pages"}],"about":[{"href":"https:\/\/wordpress.nibis.de\/gymoedeme\/wp-json\/wp\/v2\/types\/page"}],"author":[{"embeddable":true,"href":"https:\/\/wordpress.nibis.de\/gymoedeme\/wp-json\/wp\/v2\/users\/1411"}],"replies":[{"embeddable":true,"href":"https:\/\/wordpress.nibis.de\/gymoedeme\/wp-json\/wp\/v2\/comments?post=1525"}],"version-history":[{"count":1,"href":"https:\/\/wordpress.nibis.de\/gymoedeme\/wp-json\/wp\/v2\/pages\/1525\/revisions"}],"predecessor-version":[{"id":1526,"href":"https:\/\/wordpress.nibis.de\/gymoedeme\/wp-json\/wp\/v2\/pages\/1525\/revisions\/1526"}],"wp:attachment":[{"href":"https:\/\/wordpress.nibis.de\/gymoedeme\/wp-json\/wp\/v2\/media?parent=1525"}],"curies":[{"name":"wp","href":"https:\/\/api.w.org\/{rel}","templated":true}]}}

<p>Diese Vereinbarung wird getroffen zwischen<br></p>



<ul class="wp-block-list"><li>den Schülerinnen und Schülern,</li><li>den Lehrkräften, den Mitarbeitern/-innen und der Schulleitung sowie</li><li>den Erziehungsberechtigten des Gymnasiums Oedeme.</li></ul>



<p>Alle bemühen sich, die Schule als Lern- und Lebensraum innerhalb ihrer Möglichkeiten und Aufgabenbereiche sinnvoll zu gestalten und weiterzuentwickeln.<br>Dies kann nur gelingen, wenn alle mitwirken, Verantwortung übernehmen, Regeln beachten und fair miteinander umgehen.</p>



<p><strong>Schülerinnen und Schüler:</strong><br>Als Mitglied der Schulgemeinschaft werde ich<br></p>



<ul class="wp-block-list"><li>Leistungsansprüche ernst nehmen und mich im Rahmen der Möglichkeiten bemühen, meine Leistungen zu steigern</li><li>mich so verhalten, dass angstfrei in der Schule und Klasse gelebt, gelernt und gearbeitet werden kann</li><li>im Rahmen meiner Möglichkeiten aktiv den Unterricht mitgestalten</li><li>alle mündlichen und schriftlichen Hausaufgaben termingerecht anfertigen</li><li>alle von der Schule geforderten Materialien für den Unterricht mitbringen und pünktlich zum Unterricht erscheinen</li><li>gute Leistungen der Mitschüler anerkennen</li><li>Kritik akzeptieren und selbst so äußern, dass mein Gegenüber nicht herabgewürdigt oder verletzt wird</li><li>das Eigentum anderer, das Schuleigentum und die Unterrichtsmaterialien gut behandeln</li><li>allen Mitgliedern der Schulgemeinschaft mit Respekt und Toleranz begegnen und die Schulordnung einhalten</li></ul>



<p><strong>Lehrkräfte:</strong><br>Als Mitglied der Schulgemeinschaft werde ich<br></p>



<ul class="wp-block-list"><li>mit allen Kollegen und Mitarbeitern hilfsbereit, rücksichtsvoll und offen umgehen</li><li>aktiv, kooperativ und konstruktiv mit den Erziehungsberechtigten zusammenarbeiten</li><li>die Ziele der Rahmenrichtlinien und die Beschlüsse der Gesamt- und der Fachkonferenzen einhalten und umsetzen</li><li>Kritik zulassen, ohne den Kritisierenden zu benachteiligen, und Kritik so äußern, dass mein Gegenüber nicht herabgewürdigt oder verletzt wird</li><li>mich so verhalten, dass angstfrei in der Schule und Klasse gelebt, gelernt und gearbeitet werden kann</li><li>Anstrengungen würdigen, gute Leistungen loben und bei Misserfolgen und Lernproblemen verständnisvoll und hilfsbereit reagieren</li><li>für einen 90-minütigen, ungestörten Unterricht und für die Einhaltung der Pausenzeiten sorgen</li><li>Hausaufgaben rechtzeitig und in Ruhe stellen und sie kontrollieren</li><li>Klassenarbeiten in der Regel ankündigen und termingerecht zurückgeben</li><li>zu Beginn eines jeden Schulhalbjahres die Unterrichtsinhalte, die Kriterien der Leistungsbewertung und die Lernziele den Schülern vorstellen und erläutern</li><li>auch zwischen den Zeugnisterminen Rückmeldungen über den Leistungsstand geben</li></ul>



<p><strong>Erziehungsberechtigte:</strong><br>Als Mitglied der Schulgemeinschaft werde ich<br></p>



<ul class="wp-block-list"><li>die Bildungsziele der Schule aktiv unterstützen</li><li>meine Verantwortung bei der Erziehung und Förderung der Kinder wahrnehmen</li><li>den Schulalltag meines Kindes interessiert begleiten</li><li>den pädagogischen Rat der Lehrkräfte ernst nehmen</li><li>Kritik zulassen und selbst so äußern, dass mein Gegenüber nicht herabgewürdigt oder verletzt wird</li><li>meinem Kind Verständnis und Hilfe auch bei Misserfolg und Lernproblemen entgegenbringen</li><li>darauf hinwirken, dass mein Kind die Regeln der Schule einhält</li><li>nach Möglichkeit an den Schulveranstaltungen und Elternabenden teilnehmen</li><li>kooperativ und konstruktiv mit allen Mitgliedern der Schulgemeinschaft zusammenarbeiten</li><li>darauf achten, dass mein Kind alle von der Schule geforderten Materialien zur Verfügung hat</li></ul>



<p>Von der Gesamtkonferenz des Gymnasiums Oedeme beschlossen am 25.11.2003

</p>

<p>Diese Vereinbarung wird getroffen zwischen den Schülerinnen und Schülern, den Lehrkräften, den Mitarbeitern/-innen und der Schulleitung sowie den Erziehungsberechtigten des Gymnasiums Oedeme. Alle bemühen sich, die Schule als Lern- und Lebensraum innerhalb ihrer Möglichkeiten und Aufgabenbereiche sinnvoll zu gestalten und weiterzuentwickeln.Dies kann nur gelingen, wenn alle mitwirken, Verantwortung übernehmen, Regeln beachten und fair miteinander umgehen. Schülerinnen und Schüler:Als Mitglied der Schulgemeinschaft werde ich Leistungsansprüche ernst nehmen und mich im Rahmen der Möglichkeiten bemühen, meine Leistungen zu steigern mich so verhalten,&hellip; <a class="continue" href="https://wordpress.nibis.de/gymoedeme/schulvereinbarung/">Weiterlesen:<span> Schulvereinbarung</span></a></p>
