{"id":2407,"date":"2019-11-13T09:04:55","date_gmt":"2019-11-13T08:04:55","guid":{"rendered":"https:\/\/wordpress.nibis.de\/gymoedeme\/?page_id=2407"},"modified":"2019-11-13T09:04:56","modified_gmt":"2019-11-13T08:04:56","slug":"abiturtermine","status":"publish","type":"page","link":"https:\/\/wordpress.nibis.de\/gymoedeme\/abiturtermine\/","title":{"rendered":"Abiturtermine"},"content":{"rendered":"\n<p><strong><br><\/strong><\/p>\n\n\n\n<p>Die Abiturtermine werden jedes Jahr in einem Erlass\nverk\u00fcndet. Zu finden sind die offiziellen Termine unter: <a href=\"https:\/\/www.nibis.de\/nli1\/allgemein\/gosin\/zentralabitur\/za_2021.html\">https:\/\/www.nibis.de\/nli1\/allgemein\/gosin\/zentralabitur\/za_2021.html<\/a>\n(das richtig Jahr muss oben in der Leiste angeklickt werden) zu finden.<\/p>\n\n\n\n<p>Auf dieser Seite findet ihr neben den Terminen auch die\nfachbezogenen Themen (die ihr aber selbstverst\u00e4ndlich seit der Kurswahl kennt).\nDiese Seite f\u00fcllt sich im Laufe der Zeit, es lohnt sich, immer mal\nnachzuschauen.<\/p>\n\n\n\n<p>Dar\u00fcber hinaus gibt es noch schulinterne Termine. Diese\nliegen sp\u00e4testens am Anfang des Abiturschuljahres fest. Der Pr\u00fcfungsvorsitzende\n(Schulleiter) legt fest, wann etwa die m\u00fcndlichen Pr\u00fcfungen, die Nachpr\u00fcfungen\nund die Entlassungsfeier stattfinden. <\/p>\n\n\n\n<p>Alle Abiturtermine sind verbindlich und sind auch auf iserv\nzu finden.<\/p>\n","protected":false},"excerpt":{"rendered":"<p>Die Abiturtermine werden jedes Jahr in einem Erlass verk\u00fcndet. Zu finden sind die offiziellen Termine unter: https:\/\/www.nibis.de\/nli1\/allgemein\/gosin\/zentralabitur\/za_2021.html (das richtig Jahr muss oben in der Leiste angeklickt werden) zu finden. Auf dieser Seite findet ihr neben den Terminen auch die fachbezogenen Themen (die ihr aber selbstverst\u00e4ndlich seit der Kurswahl kennt). Diese Seite f\u00fcllt sich im Laufe der Zeit, es lohnt sich, immer mal nachzuschauen. Dar\u00fcber hinaus gibt es noch schulinterne Termine. Diese liegen sp\u00e4testens am Anfang des Abiturschuljahres fest. Der Pr\u00fcfungsvorsitzende&hellip; <a class=\"continue\" href=\"https:\/\/wordpress.nibis.de\/gymoedeme\/abiturtermine\/\">Weiterlesen:<span> Abiturtermine<\/span><\/a><\/p>\n","protected":false},"author":9193292,"featured_media":0,"parent":0,"menu_order":15,"comment_status":"closed","ping_status":"closed","template":"","meta":{"footnotes":""},"class_list":["post-2407","page","type-page","status-publish","hentry"],"_links":{"self":[{"href":"https:\/\/wordpress.nibis.de\/gymoedeme\/wp-json\/wp\/v2\/pages\/2407","targetHints":{"allow":["GET"]}}],"collection":[{"href":"https:\/\/wordpress.nibis.de\/gymoedeme\/wp-json\/wp\/v2\/pages"}],"about":[{"href":"https:\/\/wordpress.nibis.de\/gymoedeme\/wp-json\/wp\/v2\/types\/page"}],"author":[{"embeddable":true,"href":"https:\/\/wordpress.nibis.de\/gymoedeme\/wp-json\/wp\/v2\/users\/9193292"}],"replies":[{"embeddable":true,"href":"https:\/\/wordpress.nibis.de\/gymoedeme\/wp-json\/wp\/v2\/comments?post=2407"}],"version-history":[{"count":1,"href":"https:\/\/wordpress.nibis.de\/gymoedeme\/wp-json\/wp\/v2\/pages\/2407\/revisions"}],"predecessor-version":[{"id":2408,"href":"https:\/\/wordpress.nibis.de\/gymoedeme\/wp-json\/wp\/v2\/pages\/2407\/revisions\/2408"}],"wp:attachment":[{"href":"https:\/\/wordpress.nibis.de\/gymoedeme\/wp-json\/wp\/v2\/media?parent=2407"}],"curies":[{"name":"wp","href":"https:\/\/api.w.org\/{rel}","templated":true}]}}