{"id":2451,"date":"2019-11-13T13:37:54","date_gmt":"2019-11-13T12:37:54","guid":{"rendered":"https:\/\/wordpress.nibis.de\/gymoedeme\/?page_id=2451"},"modified":"2019-11-13T13:37:55","modified_gmt":"2019-11-13T12:37:55","slug":"aufgaben-eines-tutors-einer-tutorin%ef%bb%bf","status":"publish","type":"page","link":"https:\/\/wordpress.nibis.de\/gymoedeme\/aufgaben-eines-tutors-einer-tutorin%ef%bb%bf\/","title":{"rendered":"Aufgaben eines Tutors \/ einer Tutorin\ufeff"},"content":{"rendered":"\n<p><strong><br><\/strong><\/p>\n\n\n\n<ul class=\"wp-block-list\"><li>Kontakt zu den SuS halten \u2013\nVertrauensbasis schaffen <\/li><li>Hilfeleistung bei schulischen\nAngelegenheiten<\/li><li>\u00dcberblick \u00fcber Notenstand <\/li><li>Mitwirkung bei der Laufbahnberatung (Erdmann,\nRahn und Braun unterst\u00fctzen&nbsp; bei der\nBeratung) und Begleitung des Berufswahlprozesses<\/li><li>Beratung in Bezug auf\nEinbringungsverpflichtungen<\/li><li>ggf. Warnungsbriefe (erh\u00e4ltlich im\nSekretariat)<\/li><li>ggf. Kontakte zu den Eltern \u2013 bei\nvollj\u00e4hrigen SuS nur mit schriftlicher Einverst\u00e4ndniserkl\u00e4rung<\/li><li>Mitteilungsheft regelm\u00e4\u00dfig einsehen<\/li><li>ggf. beantragte Unterrichtsbefreiung\nf\u00fcr einen Tag ausstellen (nicht an einem Tag, der an Ferien grenzt)<\/li><li>Zeugnisse unterschreiben und ausgeben\n(i.d.R. erste Pause im ersten Stock Hauptgeb\u00e4ude)<\/li><li>Anwesenheit bei Besprechungen, die die\nSuS betreffen (beratende Stimme bei allen Konferenzen)<\/li><li>Anwesenheit bei der Meldung zum Abitur\n\u2013 hier muss noch einmal die Einbringung gepr\u00fcft werden und es zeigt sich, wer sich\nmelden darf<\/li><li>Teilnahme an m\u00fcndlichen Pr\u00fcfungen\n(soweit erw\u00fcnscht und m\u00f6glich als nicht stimmberechtigtes Mitglied)<\/li><li>Anwesenheit bei Verk\u00fcndung der\nschriftlichen (und m\u00fcndlichen) Ergebnisse beim Abitur<\/li><li>Beratung in Bezug auf \u201em\u00fcndliche\nNachpr\u00fcfungen\u201c<\/li><li>Information der Fachlehrkr\u00e4fte \u00fcber\nBesonderheiten bzw. Vorf\u00e4lle, l\u00e4ngere Krankmeldung, Nicht-Weiterleitung von\nInformationen an Eltern etc.<\/li><li>Meldung f\u00fcr\nNachteilsausgleichskonferenzen und Vorbereitung gemeinsam mit Elling \u2013 Meldung\nzu 12er Konferenzen (Zeitpunkt etwa drei Tage vor Zeugnisausgabe 12.1)<\/li><li>ggf. Gutachten f\u00fcr SuS erstellen<\/li><\/ul>\n","protected":false},"excerpt":{"rendered":"<p>Kontakt zu den SuS halten \u2013 Vertrauensbasis schaffen Hilfeleistung bei schulischen Angelegenheiten \u00dcberblick \u00fcber Notenstand Mitwirkung bei der Laufbahnberatung (Erdmann, Rahn und Braun unterst\u00fctzen&nbsp; bei der Beratung) und Begleitung des Berufswahlprozesses Beratung in Bezug auf Einbringungsverpflichtungen ggf. Warnungsbriefe (erh\u00e4ltlich im Sekretariat) ggf. Kontakte zu den Eltern \u2013 bei vollj\u00e4hrigen SuS nur mit schriftlicher Einverst\u00e4ndniserkl\u00e4rung Mitteilungsheft regelm\u00e4\u00dfig einsehen ggf. beantragte Unterrichtsbefreiung f\u00fcr einen Tag ausstellen (nicht an einem Tag, der an Ferien grenzt) Zeugnisse unterschreiben und ausgeben (i.d.R. erste Pause im&hellip; <a class=\"continue\" href=\"https:\/\/wordpress.nibis.de\/gymoedeme\/aufgaben-eines-tutors-einer-tutorin%ef%bb%bf\/\">Weiterlesen:<span> Aufgaben eines Tutors \/ einer Tutorin\ufeff<\/span><\/a><\/p>\n","protected":false},"author":9193292,"featured_media":0,"parent":0,"menu_order":6,"comment_status":"closed","ping_status":"closed","template":"","meta":{"footnotes":""},"class_list":["post-2451","page","type-page","status-publish","hentry"],"_links":{"self":[{"href":"https:\/\/wordpress.nibis.de\/gymoedeme\/wp-json\/wp\/v2\/pages\/2451","targetHints":{"allow":["GET"]}}],"collection":[{"href":"https:\/\/wordpress.nibis.de\/gymoedeme\/wp-json\/wp\/v2\/pages"}],"about":[{"href":"https:\/\/wordpress.nibis.de\/gymoedeme\/wp-json\/wp\/v2\/types\/page"}],"author":[{"embeddable":true,"href":"https:\/\/wordpress.nibis.de\/gymoedeme\/wp-json\/wp\/v2\/users\/9193292"}],"replies":[{"embeddable":true,"href":"https:\/\/wordpress.nibis.de\/gymoedeme\/wp-json\/wp\/v2\/comments?post=2451"}],"version-history":[{"count":1,"href":"https:\/\/wordpress.nibis.de\/gymoedeme\/wp-json\/wp\/v2\/pages\/2451\/revisions"}],"predecessor-version":[{"id":2452,"href":"https:\/\/wordpress.nibis.de\/gymoedeme\/wp-json\/wp\/v2\/pages\/2451\/revisions\/2452"}],"wp:attachment":[{"href":"https:\/\/wordpress.nibis.de\/gymoedeme\/wp-json\/wp\/v2\/media?parent=2451"}],"curies":[{"name":"wp","href":"https:\/\/api.w.org\/{rel}","templated":true}]}}