{"id":41,"date":"2018-04-04T20:46:53","date_gmt":"2018-04-04T18:46:53","guid":{"rendered":"http:\/\/wordpress.nibis.de\/hittnews\/?page_id=41"},"modified":"2018-09-10T19:06:35","modified_gmt":"2018-09-10T17:06:35","slug":"ueber-uns","status":"publish","type":"page","link":"https:\/\/wordpress.nibis.de\/hittnews\/ueber-uns\/","title":{"rendered":"\u00dcber uns"},"content":{"rendered":"<article id=\"post-48\" class=\"post-48 page type-page status-publish hentry\">\n<div class=\"entry-wrapper\">\n<header class=\"entry-header\">\n<p class=\"entry-title\">Hallo und herzlich willkommen auf dem Internetblog hittnews, dem Sch\u00fclerblog des Gymnasiums Hittfeld!<\/p>\n<\/header>\n<div class=\"entry-content\">\n<p>Seit dem Schuljahr 2016\/17 arbeiten wir im Rahmen des Angebots unserer Schule zur Begabtenf\u00f6rderung in unseren kleinen Redaktion an journalistischen Beitr\u00e4gen. Dabei treiben uns immer wieder aktuelle Themen aus Schule und Gesellschaft an.<\/p>\n<p>Wenn ihr mitmachen wollt, kommt freitags in der siebten Stunde in Raum 128. Wichtig ist, dass ihr gute Ideen habt und dazu bereit seid, \u00a0auch zuhause ein wenig Zeit zu investieren.<\/p>\n<p>Wir ver\u00f6ffentlichen auch immer gerne Gastbeitr\u00e4ge. Wenn Ihr also spannende Texte, Fotos, Videos, etc. produziert habt, ver\u00f6ffentlichen wir sie gerne.<\/p>\n<p>Viele Gr\u00fc\u00dfe,<\/p>\n<p>Eure hittnews<\/p>\n<\/div>\n<p><img loading=\"lazy\" decoding=\"async\" class=\"alignleft size-medium wp-image-156\" src=\"http:\/\/wordpress.nibis.de\/hittnews\/files\/2018\/05\/IMG_28661-300x225.jpg\" alt=\"\" width=\"300\" height=\"225\" srcset=\"https:\/\/wordpress.nibis.de\/hittnews\/files\/2018\/05\/IMG_28661-300x225.jpg 300w, https:\/\/wordpress.nibis.de\/hittnews\/files\/2018\/05\/IMG_28661-768x576.jpg 768w, https:\/\/wordpress.nibis.de\/hittnews\/files\/2018\/05\/IMG_28661.jpg 1024w\" sizes=\"auto, (max-width: 300px) 100vw, 300px\" \/><\/p>\n<\/div>\n<\/article>\n","protected":false},"excerpt":{"rendered":"<p>Hallo und herzlich willkommen auf dem Internetblog hittnews, dem Sch\u00fclerblog des Gymnasiums Hittfeld! Seit dem Schuljahr 2016\/17 arbeiten wir im Rahmen des Angebots unserer Schule zur Begabtenf\u00f6rderung in unseren kleinen Redaktion an journalistischen Beitr\u00e4gen. Dabei treiben uns immer wieder aktuelle Themen aus Schule und Gesellschaft an. Wenn ihr mitmachen wollt, kommt freitags in der siebten &#8230; <a title=\"\u00dcber uns\" class=\"read-more\" href=\"https:\/\/wordpress.nibis.de\/hittnews\/ueber-uns\/\" aria-label=\"Mehr Informationen \u00fcber \u00dcber uns\">Weiterlesen<\/a><\/p>\n","protected":false},"author":9192572,"featured_media":0,"parent":0,"menu_order":0,"comment_status":"closed","ping_status":"closed","template":"","meta":{"footnotes":""},"class_list":["post-41","page","type-page","status-publish"],"_links":{"self":[{"href":"https:\/\/wordpress.nibis.de\/hittnews\/wp-json\/wp\/v2\/pages\/41","targetHints":{"allow":["GET"]}}],"collection":[{"href":"https:\/\/wordpress.nibis.de\/hittnews\/wp-json\/wp\/v2\/pages"}],"about":[{"href":"https:\/\/wordpress.nibis.de\/hittnews\/wp-json\/wp\/v2\/types\/page"}],"author":[{"embeddable":true,"href":"https:\/\/wordpress.nibis.de\/hittnews\/wp-json\/wp\/v2\/users\/9192572"}],"replies":[{"embeddable":true,"href":"https:\/\/wordpress.nibis.de\/hittnews\/wp-json\/wp\/v2\/comments?post=41"}],"version-history":[{"count":9,"href":"https:\/\/wordpress.nibis.de\/hittnews\/wp-json\/wp\/v2\/pages\/41\/revisions"}],"predecessor-version":[{"id":272,"href":"https:\/\/wordpress.nibis.de\/hittnews\/wp-json\/wp\/v2\/pages\/41\/revisions\/272"}],"wp:attachment":[{"href":"https:\/\/wordpress.nibis.de\/hittnews\/wp-json\/wp\/v2\/media?parent=41"}],"curies":[{"name":"wp","href":"https:\/\/api.w.org\/{rel}","templated":true}]}}