{"id":1428,"date":"2020-09-10T08:18:50","date_gmt":"2020-09-10T06:18:50","guid":{"rendered":"https:\/\/wordpress.nibis.de\/hmo\/?page_id=1428"},"modified":"2022-06-09T08:15:40","modified_gmt":"2022-06-09T06:15:40","slug":"mensa-in-zeiten-von-corona","status":"publish","type":"page","link":"https:\/\/wordpress.nibis.de\/hmo\/mensa-in-zeiten-von-corona\/","title":{"rendered":"Mensa in Zeiten von Corona"},"content":{"rendered":"\n<p><strong>Mensa in Zeiten von Corona<\/strong><\/p>\n\n\n\n<p>Was muss ich beachten?<\/p>\n\n\n\n<ul class=\"wp-block-list\"><li>H\u00e4nde waschen vor dem Betreten der Mensa<\/li><li>Anwesenheit best\u00e4tigen lassen<\/li><li>Jeder verh\u00e4lt sich in der Mensa so, dass kein anderer gest\u00f6rt oder gar bel\u00e4stigt wird.<\/li><li>Jeder holt sich sein Essen selbst, dr\u00e4ngelt nicht und versucht, die Essenausgabe nicht unn\u00f6tig zu behindern.<\/li><li>Den Anordnungen der Aufsichten (Lehrkr\u00e4fte und Sch\u00fcler) bzw. des Mensa-Teams ist unbedingt zu folgen.<\/li><li>Die Tische und St\u00fchle werden nicht verschoben.<\/li><li>Nach dem Essen verl\u00e4sst jeder seinen Platz aufger\u00e4umt und sauber. Benutzte Tabletts und benutztes Geschirr werden auf den Abstellwagen gestellt.<\/li><\/ul>\n\n\n\n<p>Bitte zus\u00e4tzlich beachten:<\/p>\n\n\n\n<ul class=\"wp-block-list\"><li>Am Dienstag sind wir in zwei Gruppen aufgeteilt. Die zweite Gruppe betritt die Mensa erst, wenn die erste Gruppe den Raum verlassen hat.<\/li><\/ul>\n\n\n\n<p>Vielen Dank f\u00fcr Eure Mitarbeit!<\/p>\n","protected":false},"excerpt":{"rendered":"<p>Mensa in Zeiten von Corona Was muss ich beachten? H\u00e4nde waschen vor dem Betreten der Mensa Anwesenheit best\u00e4tigen lassen Jeder verh\u00e4lt sich in der Mensa so, dass kein anderer gest\u00f6rt <a class=\"more-link\" href=\"https:\/\/wordpress.nibis.de\/hmo\/mensa-in-zeiten-von-corona\/\">Continue Reading &rarr;<\/a><\/p>\n","protected":false},"author":930,"featured_media":0,"parent":0,"menu_order":0,"comment_status":"closed","ping_status":"closed","template":"","meta":{"footnotes":""},"class_list":["post-1428","page","type-page","status-publish","hentry"],"_links":{"self":[{"href":"https:\/\/wordpress.nibis.de\/hmo\/wp-json\/wp\/v2\/pages\/1428","targetHints":{"allow":["GET"]}}],"collection":[{"href":"https:\/\/wordpress.nibis.de\/hmo\/wp-json\/wp\/v2\/pages"}],"about":[{"href":"https:\/\/wordpress.nibis.de\/hmo\/wp-json\/wp\/v2\/types\/page"}],"author":[{"embeddable":true,"href":"https:\/\/wordpress.nibis.de\/hmo\/wp-json\/wp\/v2\/users\/930"}],"replies":[{"embeddable":true,"href":"https:\/\/wordpress.nibis.de\/hmo\/wp-json\/wp\/v2\/comments?post=1428"}],"version-history":[{"count":2,"href":"https:\/\/wordpress.nibis.de\/hmo\/wp-json\/wp\/v2\/pages\/1428\/revisions"}],"predecessor-version":[{"id":2643,"href":"https:\/\/wordpress.nibis.de\/hmo\/wp-json\/wp\/v2\/pages\/1428\/revisions\/2643"}],"wp:attachment":[{"href":"https:\/\/wordpress.nibis.de\/hmo\/wp-json\/wp\/v2\/media?parent=1428"}],"curies":[{"name":"wp","href":"https:\/\/api.w.org\/{rel}","templated":true}]}}