{"id":1740,"date":"2020-11-25T11:37:15","date_gmt":"2020-11-25T10:37:15","guid":{"rendered":"https:\/\/wordpress.nibis.de\/hmo\/?page_id=1740"},"modified":"2020-12-04T11:09:40","modified_gmt":"2020-12-04T10:09:40","slug":"schulwaelder","status":"publish","type":"page","link":"https:\/\/wordpress.nibis.de\/hmo\/schulwaelder\/","title":{"rendered":"Schulw\u00e4lder"},"content":{"rendered":"\n<p class=\"has-text-color has-vivid-green-cyan-color\">&#8222;Pflanzt nicht Worte, sondern B\u00e4ume!&#8220;<\/p>\n\n\n\n<p>Die Stadt Papenburg stellte im Jahr 2012 den Sch\u00fclerinnen und Sch\u00fclern der HMO ein nicht bewaldetes Grundst\u00fcck aus ehrenamtlichem Engagement heraus f\u00fcr die Anlage, Pflege und Nutzung eines Schulwaldes unentgeltlich zur Verf\u00fcgung.<\/p>\n\n\n\n<p>Damit unterst\u00fctzt sie das im Jahr 2011 Niedersachsenweit gestartete Projekt \u201eSchulw\u00e4lder\u201c. \u00a0Die einmalige Nachhaltigkeit dieses Projektes wird durch einen 30j\u00e4hrigen Nutzungsvertrag garantiert. Hierdurch k\u00f6nnen die Schulen in ihrem neuen Schulwald eine langfristige waldbezogene Umwelt- und Naturschutzbildungsarbeit gew\u00e4hrleisten. Engagierte Kolleginnen und Kollegen betreuen das Projekt und binden die Arbeit in das Schulleben ein.<\/p>\n\n\n\n<figure class=\"wp-block-image size-large\"><img decoding=\"async\" src=\"https:\/\/wordpress.nibis.de\/hmo\/files\/2020\/12\/Schulwald-1200x675.jpg\" alt=\"\" class=\"wp-image-1792\" \/><\/figure>\n","protected":false},"excerpt":{"rendered":"<p>&#8222;Pflanzt nicht Worte, sondern B\u00e4ume!&#8220; Die Stadt Papenburg stellte im Jahr 2012 den Sch\u00fclerinnen und Sch\u00fclern der HMO ein nicht bewaldetes Grundst\u00fcck aus ehrenamtlichem Engagement heraus f\u00fcr die Anlage, Pflege <a class=\"more-link\" href=\"https:\/\/wordpress.nibis.de\/hmo\/schulwaelder\/\">Continue Reading &rarr;<\/a><\/p>\n","protected":false},"author":930,"featured_media":0,"parent":0,"menu_order":0,"comment_status":"closed","ping_status":"closed","template":"","meta":{"footnotes":""},"class_list":["post-1740","page","type-page","status-publish","hentry"],"_links":{"self":[{"href":"https:\/\/wordpress.nibis.de\/hmo\/wp-json\/wp\/v2\/pages\/1740","targetHints":{"allow":["GET"]}}],"collection":[{"href":"https:\/\/wordpress.nibis.de\/hmo\/wp-json\/wp\/v2\/pages"}],"about":[{"href":"https:\/\/wordpress.nibis.de\/hmo\/wp-json\/wp\/v2\/types\/page"}],"author":[{"embeddable":true,"href":"https:\/\/wordpress.nibis.de\/hmo\/wp-json\/wp\/v2\/users\/930"}],"replies":[{"embeddable":true,"href":"https:\/\/wordpress.nibis.de\/hmo\/wp-json\/wp\/v2\/comments?post=1740"}],"version-history":[{"count":2,"href":"https:\/\/wordpress.nibis.de\/hmo\/wp-json\/wp\/v2\/pages\/1740\/revisions"}],"predecessor-version":[{"id":1793,"href":"https:\/\/wordpress.nibis.de\/hmo\/wp-json\/wp\/v2\/pages\/1740\/revisions\/1793"}],"wp:attachment":[{"href":"https:\/\/wordpress.nibis.de\/hmo\/wp-json\/wp\/v2\/media?parent=1740"}],"curies":[{"name":"wp","href":"https:\/\/api.w.org\/{rel}","templated":true}]}}