{"id":2466,"date":"2022-03-30T12:42:18","date_gmt":"2022-03-30T10:42:18","guid":{"rendered":"https:\/\/wordpress.nibis.de\/hmo\/?page_id=2466"},"modified":"2025-10-01T09:50:38","modified_gmt":"2025-10-01T07:50:38","slug":"herzlich-willkommen","status":"publish","type":"page","link":"https:\/\/wordpress.nibis.de\/hmo\/","title":{"rendered":"Herzlich willkommen!"},"content":{"rendered":"\n<p>Das Kollegium der Heinrich-Middendorf-Oberschule m\u00f6chte mit seinen Sch\u00fclerinnen und Sch\u00fclern den Weg in die Zukunft antreten. Dazu braucht es R\u00fcstzeug und ein gemeinsames p\u00e4dagogisches Verst\u00e4ndnis.<\/p>\n\n\n\n<div class=\"wp-block-media-text alignwide is-stacked-on-mobile\" style=\"grid-template-columns:53% auto\"><figure class=\"wp-block-media-text__media\"><img loading=\"lazy\" decoding=\"async\" width=\"1200\" height=\"675\" src=\"https:\/\/wordpress.nibis.de\/hmo\/files\/2020\/11\/M\u00f6glichkeiten-1200x675.jpg\" alt=\"\" class=\"wp-image-1705 size-full\" srcset=\"https:\/\/wordpress.nibis.de\/hmo\/files\/2020\/11\/M\u00f6glichkeiten-1200x675.jpg 1200w, https:\/\/wordpress.nibis.de\/hmo\/files\/2020\/11\/M\u00f6glichkeiten-850x478.jpg 850w, https:\/\/wordpress.nibis.de\/hmo\/files\/2020\/11\/M\u00f6glichkeiten-250x141.jpg 250w\" sizes=\"auto, (max-width: 1200px) 100vw, 1200px\" \/><\/figure><div class=\"wp-block-media-text__content\">\n<p>Wir wollen die Vielfalt der M\u00f6glichkeiten ausnutzen. Jede Sch\u00fclerin und jeder Sch\u00fcler bringt andere Ideen und Ressourcen mit. Wir haben es uns zur Aufgabe gemacht diese zu erkennen und zu f\u00f6rdern.<\/p>\n<\/div><\/div>\n\n\n\n<div class=\"wp-block-media-text alignwide is-stacked-on-mobile\" style=\"grid-template-columns:52% auto\"><figure class=\"wp-block-media-text__media\"><img loading=\"lazy\" decoding=\"async\" width=\"1200\" height=\"675\" src=\"https:\/\/wordpress.nibis.de\/hmo\/files\/2020\/11\/Vernetzung-1200x675.jpg\" alt=\"\" class=\"wp-image-1707 size-full\" srcset=\"https:\/\/wordpress.nibis.de\/hmo\/files\/2020\/11\/Vernetzung-1200x675.jpg 1200w, https:\/\/wordpress.nibis.de\/hmo\/files\/2020\/11\/Vernetzung-850x478.jpg 850w, https:\/\/wordpress.nibis.de\/hmo\/files\/2020\/11\/Vernetzung-250x141.jpg 250w\" sizes=\"auto, (max-width: 1200px) 100vw, 1200px\" \/><\/figure><div class=\"wp-block-media-text__content\">\n<p>Dazu vernetzen wir Lehrkr\u00e4fte uns und stehen im regen Austausch miteinander. Diese Aufgabe nehmen wir sehr ernst und f\u00fchren daher regelm\u00e4\u00dfige kollegiale Beratungen durch. Dadurch sch\u00f6pfen wir die M\u00f6glichkeiten unseres Handelns aus und versuchen m\u00f6glichst allen Sch\u00fclerinnen und Sch\u00fclern gerecht zu werden.<\/p>\n<\/div><\/div>\n\n\n\n<div class=\"wp-block-media-text alignwide is-stacked-on-mobile\" style=\"grid-template-columns:53% auto\"><figure class=\"wp-block-media-text__media\"><img loading=\"lazy\" decoding=\"async\" width=\"1200\" height=\"675\" src=\"https:\/\/wordpress.nibis.de\/hmo\/files\/2020\/11\/Strategien-1-1200x675.jpg\" alt=\"\" class=\"wp-image-1708 size-full\" srcset=\"https:\/\/wordpress.nibis.de\/hmo\/files\/2020\/11\/Strategien-1-1200x675.jpg 1200w, https:\/\/wordpress.nibis.de\/hmo\/files\/2020\/11\/Strategien-1-850x478.jpg 850w, https:\/\/wordpress.nibis.de\/hmo\/files\/2020\/11\/Strategien-1-250x141.jpg 250w\" sizes=\"auto, (max-width: 1200px) 100vw, 1200px\" \/><\/figure><div class=\"wp-block-media-text__content\">\n<p>Wir verbinden schulische und sozialp\u00e4dagogische Strategien, um m\u00f6glichst viele Facetten abzudecken und die Bed\u00fcrfnisse aller in den Blick zu nehmen.<\/p>\n<\/div><\/div>\n","protected":false},"excerpt":{"rendered":"<p>Das Kollegium der Heinrich-Middendorf-Oberschule m\u00f6chte mit seinen Sch\u00fclerinnen und Sch\u00fclern den Weg in die Zukunft antreten. Dazu braucht es R\u00fcstzeug und ein gemeinsames p\u00e4dagogisches Verst\u00e4ndnis. Wir wollen die Vielfalt der <a class=\"more-link\" href=\"https:\/\/wordpress.nibis.de\/hmo\/\">Continue Reading &rarr;<\/a><\/p>\n","protected":false},"author":9193876,"featured_media":0,"parent":0,"menu_order":0,"comment_status":"closed","ping_status":"closed","template":"","meta":{"footnotes":""},"class_list":["post-2466","page","type-page","status-publish","hentry"],"_links":{"self":[{"href":"https:\/\/wordpress.nibis.de\/hmo\/wp-json\/wp\/v2\/pages\/2466","targetHints":{"allow":["GET"]}}],"collection":[{"href":"https:\/\/wordpress.nibis.de\/hmo\/wp-json\/wp\/v2\/pages"}],"about":[{"href":"https:\/\/wordpress.nibis.de\/hmo\/wp-json\/wp\/v2\/types\/page"}],"author":[{"embeddable":true,"href":"https:\/\/wordpress.nibis.de\/hmo\/wp-json\/wp\/v2\/users\/9193876"}],"replies":[{"embeddable":true,"href":"https:\/\/wordpress.nibis.de\/hmo\/wp-json\/wp\/v2\/comments?post=2466"}],"version-history":[{"count":7,"href":"https:\/\/wordpress.nibis.de\/hmo\/wp-json\/wp\/v2\/pages\/2466\/revisions"}],"predecessor-version":[{"id":3921,"href":"https:\/\/wordpress.nibis.de\/hmo\/wp-json\/wp\/v2\/pages\/2466\/revisions\/3921"}],"wp:attachment":[{"href":"https:\/\/wordpress.nibis.de\/hmo\/wp-json\/wp\/v2\/media?parent=2466"}],"curies":[{"name":"wp","href":"https:\/\/api.w.org\/{rel}","templated":true}]}}