{"id":283,"date":"2018-10-04T12:40:46","date_gmt":"2018-10-04T10:40:46","guid":{"rendered":"http:\/\/wordpress.nibis.de\/hmo\/?page_id=283"},"modified":"2024-08-22T10:15:31","modified_gmt":"2024-08-22T08:15:31","slug":"kollegium","status":"publish","type":"page","link":"https:\/\/wordpress.nibis.de\/hmo\/kollegium\/","title":{"rendered":"Kollegium"},"content":{"rendered":"\n<figure class=\"wp-block-image size-large\"><img loading=\"lazy\" decoding=\"async\" width=\"1200\" height=\"675\" src=\"https:\/\/wordpress.nibis.de\/hmo\/files\/2022\/12\/0000a-1200x675.jpg\" alt=\"\" class=\"wp-image-2867\" srcset=\"https:\/\/wordpress.nibis.de\/hmo\/files\/2022\/12\/0000a-1200x675.jpg 1200w, https:\/\/wordpress.nibis.de\/hmo\/files\/2022\/12\/0000a-850x478.jpg 850w, https:\/\/wordpress.nibis.de\/hmo\/files\/2022\/12\/0000a-250x141.jpg 250w\" sizes=\"auto, (max-width: 1200px) 100vw, 1200px\" \/><\/figure>\n\n\n<p>\u00a0<\/p>\n<div class=\"diyfeModGridElement diyfeModGridCol33\">\n<div class=\"diyfeModGridContent\">\n<div id=\"matrix_1026439407\" class=\"sortable-matrix-child\">\n<div class=\"n module-type-header diyfeLiveArea \">\n<table style=\"border-collapse: collapse;width: 100%\" border=\"1\">\n<tbody>\n<tr>\n<td>\n<div>\n<h2>hintere Reihe, v.l.:<\/h2>\n<\/div>\n<div>\n<p>Anke Dittchrist, Verena Greive, Helmut Lakeberg, Heinz-Hermann Hockmann, Georg Kruth, Achim Rehnen, Daniel Meisner, Christian Hoffman, Heinz Baalmann und Marco Zingel<\/p>\n<\/div>\n<\/td>\n<td>\n<div>\n<h2>mittlere Reihe, v.l.:<\/h2>\n<\/div>\n<div>\n<p>Meike Schmitz, Martin Placke, Kristin Steenken, Ines M\u00fclder, Nicole Kassens, Monika Ahlers, Anne Behlmann, Ina Hiller, Marie Bleil, Julia Sap und Stephanie Wathall<\/p>\n<\/div>\n<\/td>\n<td>\n<div>\n<h2>vordere Reihe, v.l.:<\/h2>\n<\/div>\n<div>\n<p>Ina Kl\u00f6tzner, Monika Meyering, Mechtild Pieper, Lina Kr\u00f6ger, Regina Kurz, Sandra Schulte, Dominika B\u00f6hmer, Ruth Gottschald und Hedwig Voges<\/p>\n<\/div>\n<\/td>\n<\/tr>\n<\/tbody>\n<\/table>\n<\/div>\n<\/div>\n<\/div>\n<\/div>\n\n\n<p>Es fehlen: Simone Hockmann, Anna Schmitz, Anne Sinningen, Anna L\u00fcsing-Hauert, Petra Natelberg, Meike Richter, Christina Hunfeld und Paul Thoben.<\/p>\n","protected":false},"excerpt":{"rendered":"<p>\u00a0 hintere Reihe, v.l.: Anke Dittchrist, Verena Greive, Helmut Lakeberg, Heinz-Hermann Hockmann, Georg Kruth, Achim Rehnen, Daniel Meisner, Christian Hoffman, Heinz Baalmann und Marco Zingel mittlere Reihe, v.l.: Meike Schmitz, <a class=\"more-link\" href=\"https:\/\/wordpress.nibis.de\/hmo\/kollegium\/\">Continue Reading &rarr;<\/a><\/p>\n","protected":false},"author":930,"featured_media":0,"parent":0,"menu_order":0,"comment_status":"closed","ping_status":"closed","template":"","meta":{"footnotes":""},"class_list":["post-283","page","type-page","status-publish","hentry"],"_links":{"self":[{"href":"https:\/\/wordpress.nibis.de\/hmo\/wp-json\/wp\/v2\/pages\/283","targetHints":{"allow":["GET"]}}],"collection":[{"href":"https:\/\/wordpress.nibis.de\/hmo\/wp-json\/wp\/v2\/pages"}],"about":[{"href":"https:\/\/wordpress.nibis.de\/hmo\/wp-json\/wp\/v2\/types\/page"}],"author":[{"embeddable":true,"href":"https:\/\/wordpress.nibis.de\/hmo\/wp-json\/wp\/v2\/users\/930"}],"replies":[{"embeddable":true,"href":"https:\/\/wordpress.nibis.de\/hmo\/wp-json\/wp\/v2\/comments?post=283"}],"version-history":[{"count":11,"href":"https:\/\/wordpress.nibis.de\/hmo\/wp-json\/wp\/v2\/pages\/283\/revisions"}],"predecessor-version":[{"id":3529,"href":"https:\/\/wordpress.nibis.de\/hmo\/wp-json\/wp\/v2\/pages\/283\/revisions\/3529"}],"wp:attachment":[{"href":"https:\/\/wordpress.nibis.de\/hmo\/wp-json\/wp\/v2\/media?parent=283"}],"curies":[{"name":"wp","href":"https:\/\/api.w.org\/{rel}","templated":true}]}}