{"id":285,"date":"2018-10-04T12:40:46","date_gmt":"2018-10-04T10:40:46","guid":{"rendered":"http:\/\/wordpress.nibis.de\/hmo\/?page_id=285"},"modified":"2024-08-28T18:04:41","modified_gmt":"2024-08-28T16:04:41","slug":"leitbild","status":"publish","type":"page","link":"https:\/\/wordpress.nibis.de\/hmo\/leitbild\/","title":{"rendered":"Leitbild"},"content":{"rendered":"<div class=\"n module-type-header diyfeLiveArea \">\n<p><u>Das Leitbild der Heinrich-Middendorf-Oberschule Aschendorf<\/u><\/p>\n<p style=\"text-align: center\"><strong>\u201eDer Vergangenheit verpflichtet \u2013 die Zukunft im Blick\u201c<\/strong><\/p>\n<ol>\n<li>Wir streben nach Menschlichkeit, wie sie von unserem Namensgeber Pater Heinrich Middendorf vorgelebt wurde.<\/li>\n<li>Wir bereiten unsere Sch\u00fclerinnen und Sch\u00fcler auf die Zukunft vor.<\/li>\n<li>Jedes ICH ist ein Teil vom WIR.<\/li>\n<\/ol>\n<p><u>Schulprogramm der Heinrich-Middendorf-Oberschule Aschendorf<\/u><\/p>\n<p>Miteinander leben \u2013 voneinander lernen \u2013 f\u00fcreinander da sein<\/p>\n<ul>\n<li>Ein respektvoller Umgang miteinander ist Grundlage all unseres Tuns.<\/li>\n<li>Die Vielfalt aller schulischen Mitglieder bereichert unsere Arbeit.<\/li>\n<li>Toleranz ist an unserer Schule ein nicht verhandelbares Gut.<\/li>\n<li>Schulische Vielfalt und Inklusion sind bei uns selbstverst\u00e4ndlich.<\/li>\n<\/ul>\n<ul>\n<li>Bildung f\u00fcr nachhaltige Entwicklung pr\u00e4gt unser Lernen.<\/li>\n<li>Das Beherrschen digitaler Kompetenzen ist f\u00fcr die pers\u00f6nliche und berufliche Zukunft unverzichtbar.<\/li>\n<li>Eine gezielte Berufsorientierung bereitet unsere Sch\u00fclerinnen und Sch\u00fcler auf die Zukunft vor.<\/li>\n<li>Wir denken global und arbeiten in regionaler Verbundenheit.<\/li>\n<li>F\u00f6rderung der k\u00f6rperlichen und geistigen Gesundheit unserer Sch\u00fclerinnen und Sch\u00fcler.<\/li>\n<\/ul>\n<ul>\n<li>Die Mitgestaltung aller schulischen Beteiligten ist Grundlage f\u00fcr Entscheidungen.<\/li>\n<li>Demokratische Prinzipien werden in allen schulischen Gremien gelebt.<\/li>\n<li>Wir pflegen einen wertsch\u00e4tzenden Umgang miteinander.<\/li>\n<li>Die schulische Sozialarbeit unterst\u00fctzt jede Sch\u00fclerin und jeden Sch\u00fcler.<\/li>\n<li>Freude an der Arbeit ist unser Motor.<\/li>\n<\/ul>\n<\/div>\n","protected":false},"excerpt":{"rendered":"<p>Das Leitbild der Heinrich-Middendorf-Oberschule Aschendorf \u201eDer Vergangenheit verpflichtet \u2013 die Zukunft im Blick\u201c Wir streben nach Menschlichkeit, wie sie von unserem Namensgeber Pater Heinrich Middendorf vorgelebt wurde. Wir bereiten unsere <a class=\"more-link\" href=\"https:\/\/wordpress.nibis.de\/hmo\/leitbild\/\">Continue Reading &rarr;<\/a><\/p>\n","protected":false},"author":930,"featured_media":0,"parent":0,"menu_order":0,"comment_status":"closed","ping_status":"closed","template":"","meta":{"footnotes":""},"class_list":["post-285","page","type-page","status-publish","hentry"],"_links":{"self":[{"href":"https:\/\/wordpress.nibis.de\/hmo\/wp-json\/wp\/v2\/pages\/285","targetHints":{"allow":["GET"]}}],"collection":[{"href":"https:\/\/wordpress.nibis.de\/hmo\/wp-json\/wp\/v2\/pages"}],"about":[{"href":"https:\/\/wordpress.nibis.de\/hmo\/wp-json\/wp\/v2\/types\/page"}],"author":[{"embeddable":true,"href":"https:\/\/wordpress.nibis.de\/hmo\/wp-json\/wp\/v2\/users\/930"}],"replies":[{"embeddable":true,"href":"https:\/\/wordpress.nibis.de\/hmo\/wp-json\/wp\/v2\/comments?post=285"}],"version-history":[{"count":5,"href":"https:\/\/wordpress.nibis.de\/hmo\/wp-json\/wp\/v2\/pages\/285\/revisions"}],"predecessor-version":[{"id":3532,"href":"https:\/\/wordpress.nibis.de\/hmo\/wp-json\/wp\/v2\/pages\/285\/revisions\/3532"}],"wp:attachment":[{"href":"https:\/\/wordpress.nibis.de\/hmo\/wp-json\/wp\/v2\/media?parent=285"}],"curies":[{"name":"wp","href":"https:\/\/api.w.org\/{rel}","templated":true}]}}