{"id":385,"date":"2018-12-11T15:16:58","date_gmt":"2018-12-11T14:16:58","guid":{"rendered":"http:\/\/wordpress.nibis.de\/hmo\/?page_id=385"},"modified":"2020-11-17T12:17:15","modified_gmt":"2020-11-17T11:17:15","slug":"hmo-eine-schule-fuer-viele","status":"publish","type":"page","link":"https:\/\/wordpress.nibis.de\/hmo\/hmo-eine-schule-fuer-viele\/","title":{"rendered":"Namensgebung"},"content":{"rendered":"<p>Die HMO ist eine 2-z\u00fcgige Oberschule mit etwa 250 Sch\u00fclern, 26 Lehrern und Referendaren sowie ca. 10 weiteren Mitarbeitern. Wir arbeiten jahrgangsbezogen, d.h. alle Sch\u00fcler werden \u00fcberwiegend gemeinsam unterrichtet und individuell gef\u00f6rdert. Bei uns k\u00f6nnen aktuell und zuk\u00fcnftig alle Schulabschl\u00fcsse der Sekundarstufe I erworben werden: Erweiterter Sekundarabschluss I, Realschulabschluss und Hauptschulabschluss.<\/p>\n<p><img loading=\"lazy\" decoding=\"async\" class=\"aligncenter size-full wp-image-418\" src=\"http:\/\/wordpress.nibis.de\/hmo\/files\/2018\/12\/Middendorf.jpg\" alt=\"\" width=\"289\" height=\"418\"\/><\/p>\n<p>Pater Heinrich Middendorf, Namensgeber unserer Schule, hat sich in einer unmenschlichen Zeit trotz gro\u00dfer pers\u00f6nlicher Risiken f\u00fcr Menschlichkeit und Toleranz eingesetzt. Diese humane Orientierung pr\u00e4gt unser Schulklima.<\/p>\n<p><img loading=\"lazy\" decoding=\"async\" class=\"aligncenter size-full wp-image-259\" src=\"http:\/\/wordpress.nibis.de\/hmo\/files\/2018\/10\/cache_2448589563.png\" alt=\"\" width=\"210\" height=\"78\"\/><\/p>\n<p>Seit 2012 f\u00fchren wir das Pr\u00e4dikat &#8222;Schule ohne Rassismus &#8211; Schule mit Courage&#8220;. In einem Festakt am 13. Dezember wurde der Titel offiziell verliehen. Als prominenter Gast hat KAYA YANAR an der Veranstaltung teilgenommen und wird f\u00fcr uns weiterhin als Pate fungieren. Wir haben uns damit verpflichtet j\u00e4hrlich ein Projekt zum Thema durchzuf\u00fchren.<\/p>\n<p><img loading=\"lazy\" decoding=\"async\" class=\"aligncenter size-full wp-image-258\" src=\"http:\/\/wordpress.nibis.de\/hmo\/files\/2018\/10\/cache_2448589382-e1544516088122.png\" alt=\"\" width=\"180\" height=\"133\"\/><\/p>\n<p>Des Weiteren sind wir offiziell eine &#8222;Sportfreundliche Schule&#8220;. Dazu m\u00fcssen bestimmte Bedingungen aus den Bereichen Sportunterricht, au\u00dferschulischer Sport, Wettbewerbe bewegungsfreundlicher Pausenhof, gesunde Verpflegung, &#8230; erf\u00fcllt sein. Mit unserem sportlichen Schwerpunkt setzen wir einen besonderen Akzent.<\/p>\n<p><img loading=\"lazy\" decoding=\"async\" class=\"aligncenter size-full wp-image-260\" src=\"http:\/\/wordpress.nibis.de\/hmo\/files\/2018\/10\/cache_2453663819.jpg\" alt=\"\" width=\"210\" height=\"214\"\/><\/p>\n<p>Im Sommer 2014 erhielt in diesem Zusammenhang die HMO den Titel &#8222;Deutsche Schachschule&#8220;. Damit m\u00f6chten wir unseren Beitrag zur F\u00f6rderung des Schachsports in Aschendorf leisten: &#8222;Schach von 6-16 in Aschendorf. Eine Kooperation der Kath. Kindertagesst\u00e4tte St. Amandus, der Amandusschule, der Heinrich-Middendorf-Oberschule und des TuS Aschendorf.&#8220;<\/p>\n<p><img loading=\"lazy\" decoding=\"async\" class=\"aligncenter size-full wp-image-261\" src=\"http:\/\/wordpress.nibis.de\/hmo\/files\/2018\/10\/cache_2460555565.jpg\" alt=\"\" width=\"215\" height=\"200\"\/><\/p>\n<p>Im Fr\u00fchjahr 2015 hat die HMO im Rahmen des Projektes &#8222;Schulw\u00e4lder gegen Klimawandel&#8220; der Stiftung Zukunft Wald einen 1,5ha gro\u00dfen Wald mit ca. 5000 B\u00e4umen am Kollmannsweg in Aschendorf gepflanzt. Die Pflanzaktion wurde ganz im Zeichen den Inklusion durchgef\u00fchrt, da vor Ort behinderte und nicht-behinderte Kinder sowie Erwachsene gemeinsam gepflanzt haben. Insgesamt waren 11 Kooperationspartner aus Aschendorf und Papenburg beteiligt.<\/p>\n<p>&nbsp;<\/p>\n<p>Schon von vornherein war im neuen Schulgeb\u00e4ude ein Kunstobjekt vorgesehen, welches den Charakter der Schule -das Zentrum- darstellen sollte. In den ersten beiden Bauabschnitten von 1969 bis 1971 war die Verwirklichung dessen allerdings aus Kostengr\u00fcnden verschoben worden. Mit den Bauarbeiten am dritten Bauabschnitt (des Naturwissenschaftlichen Traktes und der Aula) stand nun Geld zur Verf\u00fcgung um ein solches Kunstwerk zu finanzieren.<\/p>\n<p>In einem Brief von Architekt Lindemann an das Bauamt der Stadt Papenburg vom 10.12.1975 macht man sich erstmals Gedanken \u00fcber die Platzierung des Reliefs. Die Wand vor dem Kamin in der rechten Ecke der Aula schien sinnvoll, da dieser Ort nach Vollendung des geplanten vierten Bauabschnittes (einer Sporthalle mit Sauna und Schwimmbad auf der Rasenfl\u00e4che an der Heribertstra\u00dfe) auch optisch das Zentrum darstellen w\u00fcrde. Beigef\u00fcgt ist eine Zeichnung Lindemanns vom Versammlungsraum. Aus dieser Zeichnung ist auch ersichtlich, weswegen gerade dieser Ort gew\u00e4hlt wurde: Der Zugang zur Orientierungsstufe (bzw. zum Naturwissenschaftlichen Trakt) sollte durch den Medienraum erfolgen, da dieser als geschlossener Raum gar nicht vorgesehen war. Der heutige Zugang war eigentlich als Klassenraum geplant. Die Sch\u00fcler w\u00e4ren so also jeden Tag am Relief vorbeigegangen, da der hintere Teil der Trennwand von Aula zum Treppenhaus normalerweise ge\u00f6ffnet sein sollte. In der Zeichnung Lindemanns war die Kreisform des Reliefs bereits angedeutet.<\/p>\n<p>Aus einem Brief vom Januar 1976 geht hervor, dass die Wahl des \u201eAtelier[s] f\u00fcr K\u00fcnstlerische Baukeramik Ursula Motz-Sch\u00f6nhaber\u201c auf Empfehlung Lindemanns geschah. Jene lieferte der Schule bzw. dem Bauamt der Stadt im M\u00e4rz dann drei Entw\u00fcrfe: der erste \u2013\u201eWachsendes-Werdendes-Bl\u00fchendes\u201c- sollte 16.500,00 DM kosten, der zweite \u2013\u201eZentrum-Mittelpunkt\u201c- (\u201estark plastisch mit aufspringenden Spalten, matte und gl\u00e4nzende Glasuren, hoch gebrannt\u201c) 17.000,00 DM. Eine dritte, bereits bestehende Keramik, welche allerdings nur 2,70 m x 2,45 m gro\u00df war, sollte sich samt Einbau auf 13.000,00 DM belaufen.<\/p>\n<p>Man entschied sich f\u00fcr den zweiten Entwurf; f\u00fcr die Ausf\u00fchrung war jedoch die Zustimmung des Regierungspr\u00e4sidenten in Osnabr\u00fcck n\u00f6tig. In einem Brief der Stadt Papenburg an den Oberbaurat Mehlis wurde dann auch der Direktor des Emslandmuseums Clemenswerth, Eckhard Wagner, zitiert, der den Arbeiten von Frau Motz-Sch\u00f6nhaber einen \u201ehohen k\u00fcnstlerischen Wert\u201c beima\u00df. Im Juni kam aus Osnabr\u00fcck dann die Zustimmung, sodass die Keramik angefertigt und Ende August 1976 von Fischbach bei Frankfurt nach Aschendorf transportiert und angebracht wurde. P\u00fcnktlich zur Einweihung der neuen Aula am 5. September 1976 war das Kunstwerk also fertig geworden.<\/p>\n<p>Vielen mag die Schmuckwand nicht ganz pr\u00e4sent sein, da sie die Aula entweder zu oft oder zu selten betreten. Eine interessierte Betrachtung lohnt sich aber auf jeden Fall, besonders der Vergleich zwischen Entwurf und Original.<\/p>\n","protected":false},"excerpt":{"rendered":"<p>Die HMO ist eine 2-z\u00fcgige Oberschule mit etwa 250 Sch\u00fclern, 26 Lehrern und Referendaren sowie ca. 10 weiteren Mitarbeitern. Wir arbeiten jahrgangsbezogen, d.h. alle Sch\u00fcler werden \u00fcberwiegend gemeinsam unterrichtet und <a class=\"more-link\" href=\"https:\/\/wordpress.nibis.de\/hmo\/hmo-eine-schule-fuer-viele\/\">Continue Reading &rarr;<\/a><\/p>\n","protected":false},"author":930,"featured_media":0,"parent":0,"menu_order":0,"comment_status":"closed","ping_status":"closed","template":"","meta":{"footnotes":""},"class_list":["post-385","page","type-page","status-publish","hentry"],"_links":{"self":[{"href":"https:\/\/wordpress.nibis.de\/hmo\/wp-json\/wp\/v2\/pages\/385","targetHints":{"allow":["GET"]}}],"collection":[{"href":"https:\/\/wordpress.nibis.de\/hmo\/wp-json\/wp\/v2\/pages"}],"about":[{"href":"https:\/\/wordpress.nibis.de\/hmo\/wp-json\/wp\/v2\/types\/page"}],"author":[{"embeddable":true,"href":"https:\/\/wordpress.nibis.de\/hmo\/wp-json\/wp\/v2\/users\/930"}],"replies":[{"embeddable":true,"href":"https:\/\/wordpress.nibis.de\/hmo\/wp-json\/wp\/v2\/comments?post=385"}],"version-history":[{"count":5,"href":"https:\/\/wordpress.nibis.de\/hmo\/wp-json\/wp\/v2\/pages\/385\/revisions"}],"predecessor-version":[{"id":1552,"href":"https:\/\/wordpress.nibis.de\/hmo\/wp-json\/wp\/v2\/pages\/385\/revisions\/1552"}],"wp:attachment":[{"href":"https:\/\/wordpress.nibis.de\/hmo\/wp-json\/wp\/v2\/media?parent=385"}],"curies":[{"name":"wp","href":"https:\/\/api.w.org\/{rel}","templated":true}]}}