{"id":540,"date":"2018-12-19T14:51:39","date_gmt":"2018-12-19T13:51:39","guid":{"rendered":"http:\/\/wordpress.nibis.de\/hmo\/?page_id=540"},"modified":"2024-01-17T15:32:35","modified_gmt":"2024-01-17T14:32:35","slug":"speiseplan","status":"publish","type":"page","link":"https:\/\/wordpress.nibis.de\/hmo\/speiseplan\/","title":{"rendered":"Speiseplan"},"content":{"rendered":"\n<table id=\"tablepress-3\" class=\"tablepress tablepress-id-3 tbody-has-connected-cells\">\n<tbody class=\"row-striping row-hover\">\n<tr class=\"row-1\">\n\t<td class=\"column-1\"><\/td><td class=\"column-2\"><\/td><td class=\"column-3\"><\/td>\n<\/tr>\n<tr class=\"row-2\">\n\t<td class=\"column-1\"><\/td><td class=\"column-2\"><\/td><td class=\"column-3\"><\/td>\n<\/tr>\n<tr class=\"row-3\">\n\t<td class=\"column-1\"><strong>Mo.<br \/>\n 20.04.2026<\/strong><\/td><td class=\"column-2\"><strong>Zwiebel-Sahne-H\u00e4hnchen<\/strong> G, G1, M, MeLa, <br \/>\r\n<strong>Langkornreis<\/strong><br \/>\r\n<br \/>\r\n<\/td><td class=\"column-3\"><strong><br \/>\r\n<\/strong><\/td>\n<\/tr>\n<tr class=\"row-4\">\n\t<td class=\"column-1\"><\/td><td class=\"column-2\"><\/td><td class=\"column-3\"><\/td>\n<\/tr>\n<tr class=\"row-5\">\n\t<td class=\"column-1\"><\/td><td class=\"column-2\"><strong> <strong>                             <\/strong><\/strong><\/td><td class=\"column-3\"><strong> <strong>                             <\/strong><\/strong><\/td>\n<\/tr>\n<tr class=\"row-6\">\n\t<td class=\"column-1\"><\/td><td class=\"column-2\"><\/td><td class=\"column-3\"><\/td>\n<\/tr>\n<tr class=\"row-7\">\n\t<td class=\"column-1\"><strong>Di.<br \/>\n 21.04.2026<\/strong><\/td><td class=\"column-2\"><strong>H\u00e4hnchengyros mit Zwiebeln<\/strong> <br \/>\r\n<strong>Risotto &#8222;Pomodoro&#8220;<\/strong> M, MeLa, <br \/>\r\n<strong>Tzatziki<\/strong><br \/>\r\n<br \/>\r\n<\/td><td class=\"column-3\"><strong><br \/>\r\n<\/strong><\/td>\n<\/tr>\n<tr class=\"row-8\">\n\t<td class=\"column-1\"><\/td><td class=\"column-2\"><\/td><td class=\"column-3\"><\/td>\n<\/tr>\n<tr class=\"row-9\">\n\t<td class=\"column-1\"><\/td><td class=\"column-2\"><strong> <strong>                             <\/strong><\/strong><\/td><td class=\"column-3\"><strong> <strong>                             <\/strong><\/strong><\/td>\n<\/tr>\n<tr class=\"row-10\">\n\t<td class=\"column-1\"><\/td><td class=\"column-2\"><\/td><td class=\"column-3\"><\/td>\n<\/tr>\n<tr class=\"row-11\">\n\t<td class=\"column-1\"><strong>Mi.<br \/>\n 22.04.2026<\/strong><\/td><td class=\"column-2\"><strong>Rindfleischkl\u00f6\u00dfchen &#8222;K\u00f6ttbullar&#8220; in Sahneso\u00dfe mit Preiselbeeren<\/strong> G, G1, Ei, M, Me, La, S<br \/>\r\n<strong>Sp\u00e4tzle<\/strong> G, G1Ei, <br \/>\r\n<br \/>\r\n<\/td><td class=\"column-3\"><strong><br \/>\r\n<\/strong><\/td>\n<\/tr>\n<tr class=\"row-12\">\n\t<td class=\"column-1\"><\/td><td class=\"column-2\"><\/td><td class=\"column-3\"><\/td>\n<\/tr>\n<tr class=\"row-13\">\n\t<td class=\"column-1\"><\/td><td class=\"column-2\"><strong> <strong>                             <\/strong><\/strong><\/td><td class=\"column-3\"><strong> <strong>                             <\/strong><\/strong><\/td>\n<\/tr>\n<tr class=\"row-14\">\n\t<td class=\"column-1\"><\/td><td class=\"column-2\"><\/td><td class=\"column-3\"><\/td>\n<\/tr>\n<tr class=\"row-15\">\n\t<td class=\"column-1\"><strong>Do.<br \/>\n 23.04.2026<\/strong><\/td><td class=\"column-2\"><strong>Rindsbratw\u00fcrstchen (3)<\/strong> <br \/>\r\n<strong>Fr\u00fchlingsp\u00fcree<\/strong> M, MeLa, <br \/>\r\n<strong>Obst<\/strong><br \/>\r\n<br \/>\r\n<\/td><td class=\"column-3\"><strong><br \/>\r\n<\/strong><\/td>\n<\/tr>\n<tr class=\"row-16\">\n\t<td class=\"column-1\"><\/td><td class=\"column-2\"><\/td><td class=\"column-3\"><\/td>\n<\/tr>\n<tr class=\"row-17\">\n\t<td class=\"column-1\"><\/td><td class=\"column-2\"><strong> <strong>                             <\/strong><\/strong><\/td><td class=\"column-3\"><strong> <strong>                             <\/strong><\/strong><\/td>\n<\/tr>\n<tr class=\"row-18\">\n\t<td class=\"column-1\"><\/td><td class=\"column-2\"><\/td><td class=\"column-3\"><\/td>\n<\/tr>\n<tr class=\"row-19\">\n\t<td class=\"column-1\"><\/td><td class=\"column-2\"><\/td><td class=\"column-3\"><\/td>\n<\/tr>\n<tr class=\"row-20\">\n\t<td class=\"column-1\"><\/td><td colspan=\"2\" rowspan=\"2\" class=\"column-2\">\u00c4nderungen vorbehalten. Artikel mit Sternchen (*) enthalten keine Angaben auf dem Speiseplan. Alle Allergeninformationen liegen zur Einsicht in der K\u00fcche vor.<\/td>\n<\/tr>\n<tr class=\"row-21\">\n\t<td class=\"column-1\"><\/td>\n<\/tr>\n<\/tbody>\n<\/table>\n<!-- #tablepress-3 from cache -->\n\n\n<p>Essen in der Mensa, so geht\u00b4s:<\/p>\n\n\n\n<p>Unsere Sch\u00fclerinnen und Sch\u00fcler haben unterschiedliche\nBed\u00fcrfnisse. Sie brauchen ein abwechslungsreiches Lebensmittelangebot und viel\nBewegung, um gesund und leistungsf\u00e4hig zu sein. Unser Speiseplan ist\nausgewogen, bunt und vielf\u00e4ltig. Auf die richtige Menge und Kombination der\nMahlzeiten kommt es an. <\/p>\n\n\n\n<p>Jede Sch\u00fclerin, jeder Sch\u00fcler hat die M\u00f6glichkeit, an unserer Schule ein warmes Mittagessen inklusive Getr\u00e4nk (Apfelschorle \/ Wasser) zu erhalten. Der Speiseplan ist auf dieser Seite zu finden, h\u00e4ngt jedoch auch in der Pausenhalle aus. <\/p>\n\n\n\n<p>Das Essen wird von der Firma apetito aus Rheine geliefert und von\nunseren K\u00fcchenkr\u00e4ften zubereitet. <\/p>\n\n\n\n<p>F\u00fcr eine Mahlzeit berechnen wir einen Betrag von 4\u20ac. Leistungsberechtigte im Rahmen des Bildungs- und Teilhabepaketes haben die M\u00f6glichkeit, nach Antragsstellung beim Landkreis Emsland, kostenfrei zu essen. Antr\u00e4ge erhalten Sie im Sekretariat oder \u00fcber den Landkreis. <\/p>\n\n\n\n<p>Die Sch\u00fclerinnen und Sch\u00fcler k\u00f6nnen sich zur regelm\u00e4\u00dfigen Teilnahme am Mittagessen anmelden. <\/p>\n\n\n\n<p>Sollte Ihr Kind wegen Krankheit, Klassenausflug oder Sonstiges\neinmal nicht am Mittagessen teilnehmen k\u00f6nnen, ist es wichtig es bis 9:00 Uhr\nim Sekretariat (Tel.-Nr.: 04962 906860) abzumelden, sonst bleiben Sie\nzahlungspflichtig. <\/p>\n\n\n\n<p>Wir freuen uns \u00fcber eine rege Teilnahme an der Mittagsverpflegung. Bei Fragen zum Mittagessenverfahren melden Sie sich bitte bei unseren Sekret\u00e4rinnen Frau Pieper&nbsp; (Tel.-Nr.: 04962 906860) \/ Frau Brak (Tel.-Nr.: 04962 9068633).<\/p>\n\n\n","protected":false},"excerpt":{"rendered":"<p>Essen in der Mensa, so geht\u00b4s: Unsere Sch\u00fclerinnen und Sch\u00fcler haben unterschiedliche Bed\u00fcrfnisse. Sie brauchen ein abwechslungsreiches Lebensmittelangebot und viel Bewegung, um gesund und leistungsf\u00e4hig zu sein. Unser Speiseplan ist <a class=\"more-link\" href=\"https:\/\/wordpress.nibis.de\/hmo\/speiseplan\/\">Continue Reading &rarr;<\/a><\/p>\n","protected":false},"author":930,"featured_media":0,"parent":0,"menu_order":0,"comment_status":"closed","ping_status":"closed","template":"","meta":{"footnotes":""},"class_list":["post-540","page","type-page","status-publish","hentry"],"_links":{"self":[{"href":"https:\/\/wordpress.nibis.de\/hmo\/wp-json\/wp\/v2\/pages\/540","targetHints":{"allow":["GET"]}}],"collection":[{"href":"https:\/\/wordpress.nibis.de\/hmo\/wp-json\/wp\/v2\/pages"}],"about":[{"href":"https:\/\/wordpress.nibis.de\/hmo\/wp-json\/wp\/v2\/types\/page"}],"author":[{"embeddable":true,"href":"https:\/\/wordpress.nibis.de\/hmo\/wp-json\/wp\/v2\/users\/930"}],"replies":[{"embeddable":true,"href":"https:\/\/wordpress.nibis.de\/hmo\/wp-json\/wp\/v2\/comments?post=540"}],"version-history":[{"count":13,"href":"https:\/\/wordpress.nibis.de\/hmo\/wp-json\/wp\/v2\/pages\/540\/revisions"}],"predecessor-version":[{"id":3279,"href":"https:\/\/wordpress.nibis.de\/hmo\/wp-json\/wp\/v2\/pages\/540\/revisions\/3279"}],"wp:attachment":[{"href":"https:\/\/wordpress.nibis.de\/hmo\/wp-json\/wp\/v2\/media?parent=540"}],"curies":[{"name":"wp","href":"https:\/\/api.w.org\/{rel}","templated":true}]}}