{"id":24,"date":"2017-03-09T10:22:15","date_gmt":"2017-03-09T09:22:15","guid":{"rendered":"http:\/\/wordpress.nibis.de\/hsleer\/?page_id=24"},"modified":"2022-05-08T19:26:43","modified_gmt":"2022-05-08T17:26:43","slug":"unsere-schule","status":"publish","type":"page","link":"https:\/\/wordpress.nibis.de\/hsleer\/unsere-schule\/","title":{"rendered":"Unsere Schule"},"content":{"rendered":"<p>1. Kurzinformationen \u00fcber die Stadt Leer<br \/>\nDie Stadt Leer in Ostfriesland ist die Kreisstadt des gleichnamigen Landkreises im \u00e4u\u00dfersten Nordwesten Niedersachsens in der N\u00e4he der niederl\u00e4ndischen Grenze. Sie hat ca. 34 000 Einwohner im Hauptort und den Ortsteilen Heisfelde, N\u00fcttermoor, Hohegaste, Loga, Logabirum, Leerort, Bingum und Nettelburg. Die Wirtschaftsstruktur zeigt Firmen wie B\u00fcnting, Logaer Maschinenbau, Frisia-M\u00f6belteile, Kautex, Novapax und viele weitere. Es gibt einen kommunalen See- und Binnenhafen. Leer ist nach Hamburg der zweitgr\u00f6\u00dfte Reedereistandort in Deutschland. Zwei gro\u00dfe Einkaufszentren, der Emspark und Multi-S\u00fcd, befinden sich entgegengesetzt am Stadtrand.<\/p>\n<p>2.0 Die HS-Gutenbergschule<br \/>\nUnsere Schule tr\u00e4gt den Namen Gutenberg, den Namen des Mannes, der den Buchdruck mit beweglichen Lettern erfunden hat.<\/p>\n<p>2.1 Schulgeschichte<br \/>\nDie heutige Gutenbergschule wurde 1958 als Erweiterung der damaligen Volksschule Heisfelde geplant und gebaut. 1962 wurden das heutige Verwaltungsgeb\u00e4ude und die Bl\u00f6cke B, C, D und die Turnhalle in Betrieb genommen. Nach der Eingemeindung 1967 wurde Heisfelde ein Ortsteil der Stadt Leer. Viele Stra\u00dfen wurden umbenannt, da sie jetzt doppelt in Leer vorkamen. Die Stra\u00dfen um unsere Schule herum erhielten die Namen von Erfindern und seitdem hei\u00dft die Stra\u00dfe zu unserer Schule Gutenbergstra\u00dfe. Folglich erhielt die Schule den Namen Gutenbergschule.<\/p>\n<p>Nur Sch\u00fcler der Klassen 5 bis 9, sp\u00e4ter auch 10, besuchten sie. Nach Einf\u00fchrung der Orientierungsstufe 1976 wurde die Gutenbergschule eine eigenst\u00e4ndige Hauptschule mit Klasse 10. Im Fr\u00fchjahr 1977 weihte man den Trakt F, in dem sich haupts\u00e4chlich Fachr\u00e4ume befinden, ein. Seit der Schlie\u00dfung der Ledaschule 1994 ist die Gutenbergschule die einzige Hauptschule der Stadt Leer und seit Aufl\u00f6sung der Orientierungsstufe 2004 besuchen wieder Sch\u00fcler der Klassen 5 bis 10 die Gutenbergschule.<\/p>\n<p>Das Geb\u00e4ude D wurde 2006 renoviert und um vier Klassenr\u00e4ume erweitert. 2007 erhielt die Schule neue Sanit\u00e4ranlagen.<\/p>\n<p>Seit 2008 ist die Gutenbergschule eine Ganztagsschule und vom Montag bis zum Donnerstag k\u00f6nnen die Sch\u00fclerinnen und Sch\u00fcler im Nachmittagsbereich an zahlreichen F\u00f6rderma\u00dfnahmen und Arbeitsgemeinschaften teilnehmen. Seit Januar 2011 werden in der neuen Mensa in den Pausen belegte Br\u00f6tchen und Getr\u00e4nke angeboten und die Sch\u00fcler k\u00f6nnen aus drei Angeboten ein Mittagessen w\u00e4hlen und bestellen.<\/p>\n<p>2.2 Geb\u00e4ude und Raumsituation<\/p>\n<p>Die Schule besteht aus einem mehrteiligen Geb\u00e4udekomplex mit gro\u00dfem Au\u00dfengel\u00e4nde. Der gepflasterte Schulhof liegt zwischen den Geb\u00e4uden, dahinter eine gro\u00dfe Rasenfl\u00e4che und eine mit B\u00e4umen bestandene Fl\u00e4che mit Spielger\u00e4ten. Es gibt viele Sitzgelegenheiten: B\u00e4nke, Sitzh\u00fctten und St\u00fchle, die von Sch\u00fclern und Lehrern erstellt wurden. Ein im August 2012 in Betrieb genommenes Soccerfeld bereichert das Freizeitangebot ebenso wie neue Tischtennisplatten und ein Airhockey-Spiel. Zum Parkplatz hin verf\u00fcgt die Schule \u00fcber eine Turnhalle und eine Fahrradabstellanlage, die rundum durch Z\u00e4une gesichert ist.<\/p>\n<p>Insgesamt verf\u00fcgt die Schule neben den Klassenr\u00e4umen \u00fcber 1 Musikraum, 3 Werkr\u00e4ume, 2 K\u00fcchen mit Nebenr\u00e4umen, 1 Kunstraum, 3 Fachr\u00e4ume f\u00fcr Biologie, Chemie und Physik, 2 Computerr\u00e4ume, 1 Aufenthaltsraum mit Tischtennisplatten, Air-Hockey und Kicker und eine Mensa. Eine Sch\u00fclerb\u00fccherei wurde ebenfalls eingerichtet.<\/p>\n<p>2.3 Lehrer und Sch\u00fclerstruktur<br \/>\nUnsere Schule liegt eingebettet in einer Wohnsiedlung aus Einfamilienh\u00e4usern. Zu unserem Einzugsgebiet geh\u00f6rt das gesamte Stadtgebiet (au\u00dfer Bingum) mit den Grundschulen Daalerschule, Hoheellernschule, GS-Logabirum, Ludgerischule, Plytenbergschule und Eichenwallschule. Ferner kommen Sch\u00fcler aus der Gemeinde Moormerland zu uns, die keinen Platz in der IGS-Moormerland erhalten.<\/p>\n<p>Die Gutenbergschule ist in den Jahrg\u00e4ngen 5, 6 und 7 zweiz\u00fcgig, in den Jahrg\u00e4ngen 8 und 9 dreiz\u00fcgig. Dazu kommt eine 10. Klasse. Die Sch\u00fclerinnen und Sch\u00fcler k\u00f6nnen nach Erreichen des Hauptschulabschlusses am Ende des neunten Unterrichtsjahrgangs freiwillig die zehnte Klasse absolvieren mit dem Ziel, den Realschulabschluss bzw. den erweiterten Realschulabschluss zu erhalten.<\/p>\n<p>Seit dem Schuljahr 2013\/14 gibt es den offiziell gesetzlich eingef\u00fchrten inklusiven Jahrgang. Mithilfe von F\u00f6rderlehrkr\u00e4ften der Pestalozzischule werden die Klassenlehrerinnen und Klassenlehrer unterst\u00fctzt, damit die Ziele der Inklusion realisiert werden k\u00f6nnen.<\/p>\n<p>Im Schuljahr 2017\/18 geh\u00f6ren dem Kollegium 25 Lehrkr\u00e4fte an. Zus\u00e4tzlich sind zwei Lehrkr\u00e4fte von der Pestalozzischule abgeordnet. F\u00fcr die derzeit 3 Sprachlernklassen wurden weitere Lehrkr\u00e4fte an die Gutenbergschule abgeordnet. F\u00fcr die sozialp\u00e4dagogische Unterst\u00fctzung steht eine Sozialp\u00e4dagogin und eine Jahrespraktikantin im Anerkennungsjahr f\u00fcr Sozialp\u00e4dagogik zur Verf\u00fcgung. Ferner helfen zwei Berufseinstiegsbegleiterinnen und ein Berufseinstiegsbegleiter den Sch\u00fclerinnen und Sch\u00fclern ab der achten Klasse bei der Bewerbung, dem Finden eines Ausbildungsplatzes oder einem geeignetem Berufsfeld an den Berufsbildenden Schulen und unterst\u00fctzen sie auch im ersten Jahr nach der Beendigung der Schulzeit an der Gutenbergschule. Au\u00dferdem arbeiten ein Hausmeister, eine Sekret\u00e4rin (vormittags) und ein Schulassistent (halbe Stundenzahl) an der Gutenbergschule und es gibt einen B\u00fcrgerarbeitsplatz. Jeden Mittwochmorgen kommt ein Mitarbeiter der Agentur f\u00fcr Arbeit in die Schule und die Sch\u00fcler k\u00f6nnen sich von ihm beraten lassen. Ferner kommt jeweils am Dienstag und am Donnerstag ein Mitarbeiter vom Profil: Sinti- und Roma B\u00fcro zur Beratung.<\/p>\n","protected":false},"excerpt":{"rendered":"<p>1. Kurzinformationen \u00fcber die Stadt Leer Die Stadt Leer in Ostfriesland ist die Kreisstadt des gleichnamigen Landkreises im \u00e4u\u00dfersten Nordwesten Niedersachsens in der N\u00e4he der niederl\u00e4ndischen Grenze. Sie hat ca. 34 000 Einwohner im Hauptort und den Ortsteilen Heisfelde, N\u00fcttermoor, Hohegaste, Loga, Logabirum, Leerort, Bingum und Nettelburg. Die Wirtschaftsstruktur zeigt Firmen wie B\u00fcnting, Logaer Maschinenbau, &hellip; <a href=\"https:\/\/wordpress.nibis.de\/hsleer\/unsere-schule\/\" class=\"more-link\">Weiterlesen <span class=\"screen-reader-text\">Unsere Schule<\/span><\/a><\/p>\n","protected":false},"author":1358,"featured_media":0,"parent":0,"menu_order":2,"comment_status":"closed","ping_status":"closed","template":"","meta":{"footnotes":""},"class_list":["post-24","page","type-page","status-publish","hentry","without-featured-image"],"_links":{"self":[{"href":"https:\/\/wordpress.nibis.de\/hsleer\/wp-json\/wp\/v2\/pages\/24","targetHints":{"allow":["GET"]}}],"collection":[{"href":"https:\/\/wordpress.nibis.de\/hsleer\/wp-json\/wp\/v2\/pages"}],"about":[{"href":"https:\/\/wordpress.nibis.de\/hsleer\/wp-json\/wp\/v2\/types\/page"}],"author":[{"embeddable":true,"href":"https:\/\/wordpress.nibis.de\/hsleer\/wp-json\/wp\/v2\/users\/1358"}],"replies":[{"embeddable":true,"href":"https:\/\/wordpress.nibis.de\/hsleer\/wp-json\/wp\/v2\/comments?post=24"}],"version-history":[{"count":3,"href":"https:\/\/wordpress.nibis.de\/hsleer\/wp-json\/wp\/v2\/pages\/24\/revisions"}],"predecessor-version":[{"id":520,"href":"https:\/\/wordpress.nibis.de\/hsleer\/wp-json\/wp\/v2\/pages\/24\/revisions\/520"}],"wp:attachment":[{"href":"https:\/\/wordpress.nibis.de\/hsleer\/wp-json\/wp\/v2\/media?parent=24"}],"curies":[{"name":"wp","href":"https:\/\/api.w.org\/{rel}","templated":true}]}}