{"id":1288,"date":"2023-06-20T21:37:03","date_gmt":"2023-06-20T19:37:03","guid":{"rendered":"https:\/\/wordpress.nibis.de\/hsm\/?page_id=1288"},"modified":"2023-06-20T22:01:10","modified_gmt":"2023-06-20T20:01:10","slug":"pimp-my-classroom","status":"publish","type":"page","link":"https:\/\/wordpress.nibis.de\/hsm\/projekte\/pimp-my-classroom\/","title":{"rendered":"PIMP MY CLASSROOM"},"content":{"rendered":"<p><u><b>Projekt \u201ePimp my classroom\u201c<\/b><\/u><\/p>\n<p>Im Rahmen des Projekts hat die Klasse 5.1 der Hauptschule Meinersen ihre F\u00e4cherregale im Klassenraum nach ihren eigenen Ideen und Vorstellungen gestaltet.<\/p>\n<p><a name=\"_GoBack\"><\/a>Die F\u00e4cherregale dienen den Sch\u00fcler*innen als Aufbewahrungsm\u00f6glichkeit f\u00fcr ihre Schulsachen. Das gew\u00e4hlte Oberthema war \u201eSpiele und Games\u201c. Die drei Kleingruppen haben die Themen \u201eFortnite\u201c, Minecraft\u201c und \u201ePok\u00e9mon\u201c mit Farben, Lacken und Lackstiften kreativ umgesetzt.<\/p>\n<p style=\"text-align: left\" align=\"center\">\u201e<i>Als Klasse bedanken wir uns f\u00fcr die M\u00f6glichkeit bei unseren Klassenlehrerinnen Frau Hardt und Frau Lachmann. F\u00fcr die Umsetzung und Begleitung danken wir <\/i><\/p>\n<p style=\"text-align: center\" align=\"center\"><i>Frau Wei\u00dfenborn und Frau Schmitz aus dem JuKoS Team.\u201c<\/i><\/p>\n\n\n<figure class=\"wp-block-image size-full\"><img loading=\"lazy\" decoding=\"async\" width=\"690\" height=\"678\" src=\"https:\/\/wordpress.nibis.de\/hsm\/files\/2023\/06\/Intro-pic.jpg\" alt=\"\" class=\"wp-image-1301\" srcset=\"https:\/\/wordpress.nibis.de\/hsm\/files\/2023\/06\/Intro-pic.jpg 690w, https:\/\/wordpress.nibis.de\/hsm\/files\/2023\/06\/Intro-pic-300x295.jpg 300w\" sizes=\"auto, (max-width: 690px) 100vw, 690px\" \/><\/figure>\n\n\n\n<figure class=\"wp-block-image size-full\"><img loading=\"lazy\" decoding=\"async\" width=\"922\" height=\"691\" src=\"https:\/\/wordpress.nibis.de\/hsm\/files\/2023\/06\/IMG_2090.jpg\" alt=\"\" class=\"wp-image-1290\" srcset=\"https:\/\/wordpress.nibis.de\/hsm\/files\/2023\/06\/IMG_2090.jpg 922w, https:\/\/wordpress.nibis.de\/hsm\/files\/2023\/06\/IMG_2090-300x225.jpg 300w, https:\/\/wordpress.nibis.de\/hsm\/files\/2023\/06\/IMG_2090-768x576.jpg 768w\" sizes=\"auto, (max-width: 922px) 100vw, 922px\" \/><\/figure>\n\n\n\n<figure class=\"wp-block-image size-full\"><img loading=\"lazy\" decoding=\"async\" width=\"922\" height=\"691\" src=\"https:\/\/wordpress.nibis.de\/hsm\/files\/2023\/06\/IMG_2091.jpg\" alt=\"\" class=\"wp-image-1291\" srcset=\"https:\/\/wordpress.nibis.de\/hsm\/files\/2023\/06\/IMG_2091.jpg 922w, https:\/\/wordpress.nibis.de\/hsm\/files\/2023\/06\/IMG_2091-300x225.jpg 300w, https:\/\/wordpress.nibis.de\/hsm\/files\/2023\/06\/IMG_2091-768x576.jpg 768w\" sizes=\"auto, (max-width: 922px) 100vw, 922px\" \/><\/figure>\n\n\n\n<figure class=\"wp-block-image size-full is-resized\"><img loading=\"lazy\" decoding=\"async\" src=\"https:\/\/wordpress.nibis.de\/hsm\/files\/2023\/06\/IMG_2093.jpg\" alt=\"\" class=\"wp-image-1292\" width=\"799\" height=\"1066\" srcset=\"https:\/\/wordpress.nibis.de\/hsm\/files\/2023\/06\/IMG_2093.jpg 691w, https:\/\/wordpress.nibis.de\/hsm\/files\/2023\/06\/IMG_2093-225x300.jpg 225w\" sizes=\"auto, (max-width: 799px) 100vw, 799px\" \/><\/figure>\n\n\n\n<figure class=\"wp-block-image size-full\"><img loading=\"lazy\" decoding=\"async\" width=\"922\" height=\"426\" src=\"https:\/\/wordpress.nibis.de\/hsm\/files\/2023\/06\/IMG_2095.jpg\" alt=\"\" class=\"wp-image-1293\" srcset=\"https:\/\/wordpress.nibis.de\/hsm\/files\/2023\/06\/IMG_2095.jpg 922w, https:\/\/wordpress.nibis.de\/hsm\/files\/2023\/06\/IMG_2095-300x139.jpg 300w, https:\/\/wordpress.nibis.de\/hsm\/files\/2023\/06\/IMG_2095-768x355.jpg 768w\" sizes=\"auto, (max-width: 922px) 100vw, 922px\" \/><\/figure>\n","protected":false},"excerpt":{"rendered":"<p>Projekt \u201ePimp my classroom\u201c Im Rahmen des Projekts hat die Klasse 5.1 der Hauptschule Meinersen ihre F\u00e4cherregale im Klassenraum nach ihren eigenen Ideen und Vorstellungen gestaltet. Die F\u00e4cherregale dienen den Sch\u00fcler*innen als Aufbewahrungsm\u00f6glichkeit f\u00fcr ihre Schulsachen. Das gew\u00e4hlte Oberthema war \u201eSpiele und Games\u201c. Die drei Kleingruppen haben die Themen \u201eFortnite\u201c, Minecraft\u201c und \u201ePok\u00e9mon\u201c mit Farben, &hellip; <a href=\"https:\/\/wordpress.nibis.de\/hsm\/projekte\/pimp-my-classroom\/\" class=\"more-link\"><span class=\"screen-reader-text\">PIMP MY CLASSROOM<\/span> weiterlesen <span class=\"meta-nav\">&rarr;<\/span><\/a><\/p>\n","protected":false},"author":9192962,"featured_media":0,"parent":354,"menu_order":0,"comment_status":"closed","ping_status":"closed","template":"","meta":{"footnotes":""},"class_list":["post-1288","page","type-page","status-publish","hentry"],"_links":{"self":[{"href":"https:\/\/wordpress.nibis.de\/hsm\/wp-json\/wp\/v2\/pages\/1288","targetHints":{"allow":["GET"]}}],"collection":[{"href":"https:\/\/wordpress.nibis.de\/hsm\/wp-json\/wp\/v2\/pages"}],"about":[{"href":"https:\/\/wordpress.nibis.de\/hsm\/wp-json\/wp\/v2\/types\/page"}],"author":[{"embeddable":true,"href":"https:\/\/wordpress.nibis.de\/hsm\/wp-json\/wp\/v2\/users\/9192962"}],"replies":[{"embeddable":true,"href":"https:\/\/wordpress.nibis.de\/hsm\/wp-json\/wp\/v2\/comments?post=1288"}],"version-history":[{"count":4,"href":"https:\/\/wordpress.nibis.de\/hsm\/wp-json\/wp\/v2\/pages\/1288\/revisions"}],"predecessor-version":[{"id":1304,"href":"https:\/\/wordpress.nibis.de\/hsm\/wp-json\/wp\/v2\/pages\/1288\/revisions\/1304"}],"up":[{"embeddable":true,"href":"https:\/\/wordpress.nibis.de\/hsm\/wp-json\/wp\/v2\/pages\/354"}],"wp:attachment":[{"href":"https:\/\/wordpress.nibis.de\/hsm\/wp-json\/wp\/v2\/media?parent=1288"}],"curies":[{"name":"wp","href":"https:\/\/api.w.org\/{rel}","templated":true}]}}