{"id":332,"date":"2019-02-13T22:49:05","date_gmt":"2019-02-13T21:49:05","guid":{"rendered":"https:\/\/wordpress.nibis.de\/hsm\/?page_id=332"},"modified":"2024-11-07T16:30:47","modified_gmt":"2024-11-07T15:30:47","slug":"foerderverein","status":"publish","type":"page","link":"https:\/\/wordpress.nibis.de\/hsm\/foerderverein\/","title":{"rendered":"F\u00f6rderverein"},"content":{"rendered":"<p><a href=\"https:\/\/wordpress.nibis.de\/hsm\/files\/2019\/05\/F\u00f6rderverein1.pdf\" target=\"_blank\" rel=\"noopener noreferrer\"><strong>Beitrittserkl\u00e4rung download<\/strong><\/a><\/p>\n<p><strong>Der F\u00f6rderverein der Hauptschule Meinersen<\/strong><\/p>\n<p>Seit wann?<br \/>\nSeit dem 16. Juni 2005 gibt es den F\u00f6rderverein der Hauptschule Meinersen e. V., der seit dem 09. August 2005 ein eingetragener und inzwischen auch ein gemeinn\u00fctziger Verein ist.<\/p>\n<p>Warum?<br \/>\nBegonnen hat der F\u00f6rderverein seine Arbeit als die Hauptschule politisch und gesellschaftlich aufs Abstellgleis geschoben werden sollte. In Meinersen wurde das sogar optisch besonders deutlich. Die hiesige Hauptschule war schon abgeschrieben und nahezu f\u00fcr tot erkl\u00e4rt worden.<br \/>\nEs haben sich jedoch Eltern gefunden, die mutig genug waren, sich diesem vorgezeichneten Trend entgegenzustellen.<br \/>\nEltern, die ihre Kinder nicht abgeschrieben haben, sondern f\u00fcr sie die Hauptschule als den Lernort erkannt und gew\u00e4hlt haben, an dem diese die M\u00f6glichkeit haben, ihren F\u00e4higkeiten entsprechend gef\u00f6rdert und gefordert zu werden. An dem sie mit Spa\u00df und Freude lernen k\u00f6nnen, ohne extremsten Leistungsdruck durch st\u00e4ndige \u00dcberforderung. Eine Schule, an der sie entdecken, dass sie viel mehr leisten k\u00f6nnen als ihnen vorher zugetraut wurde. Diese Eltern haben den Weg der Hauptschule in Meinersen neu definiert und sind mutig genug, ihn auch zu beschreiten.<br \/>\nDazu haben sich auch Lehrer gesellt, Hauptschullehrer, die sich diesem schwierigen Fach des Lehrerdaseins verschrieben haben, n\u00e4mlich Lehrer einer zum Sterben verurteilten Schulform zu sein.<\/p>\n<p>Wozu?<br \/>\nZweck dieses F\u00f6rdervereins ist (\u00a7 2 der Satzung): \u201e\u2026 die ideelle und finanzielle F\u00f6rderung von Bildung und Erziehung an der Hauptschule Meinersen. Der Zweck wird verwirklicht durch die F\u00f6rderung der Lehrt\u00e4tigkeit und des Schullebens, insbesondere durch die Unterst\u00fctzung von schulischen Einrichtungen und Veranstaltungen, Lehrg\u00e4ngen und Arbeitsgemeinschaften.\u201c So sind wir mit unserer H\u00fctte immer und \u00fcberall dabei und versorgen unsere Sch\u00fclerinnen und Sch\u00fcler sowie unsere Lehrkr\u00e4fte, Eltern und Freunde mit Kaffee, Kuchen und vielen Leckereien.<br \/>\nZum Sommerfest spendieren wir den XXL-Fu\u00dfballkicker, zum Schnuppertag das Essen f\u00fcr die Schnupperg\u00e4ste, bei vielen Veranstaltungen Preise f\u00fcr die Sch\u00fclerinnen und Sch\u00fcler, au\u00dferdem Kickertische , Tischtennisplatten, Kletterg\u00fcrtel, USB-Sticks im Klassensatz, Unterst\u00fctzung in der B\u00fccherei, B\u00fccher, Trikots, Gesellschaftsspiele, &#8230;<br \/>\nEntsprechend der o. g. Zielsetzung \u201eF\u00f6rderung der Gemeinschaft in der Hauptschule\u201c werden in Zusammenarbeit mit den Eltern, Sch\u00fclern und Lehrern zahlreiche Aktionen organisiert und durchgef\u00fchrt. Das sind u. a. Lichterfest, der Entwurf und Verkauf von Hauptschulkleidung (T-Shirts, Tops, Poloshirts, Sweatshirts, Kapuzenpullover, Kapuzenjacken), Sch\u00fclerflohmarkt, Sponsorenlauf und die Abschlussfeier der Hauptsch\u00fclerinnen und -sch\u00fcler. Auch in der Hauptschule gibt es Sch\u00fclerinnen und Sch\u00fcler mit au\u00dfergew\u00f6hnlichen F\u00e4higkeiten und herausragenden Leistungen. Der F\u00f6rderverein erkennt dieses an und w\u00fcrdigt es durch die \u00dcberreichung besonderer Pr\u00e4sente. Ein wichtiges Ziel des F\u00f6rdervereins der Hauptschule Meinersen e. V. ist es, die Chancen der Hauptsch\u00fclerinnen und \u2013sch\u00fcler auf einen Ausbildungsplatz deutlich zu erh\u00f6hen. Ihnen sollen vielf\u00e4ltige M\u00f6glichkeiten geschaffen werden, mehr Einblick in die Berufswelt zu bekommen. Dies geschieht u. a. dadurch, dass der F\u00f6rderverein in Kooperation mit der Hauptschule, den<br \/>\nElternvertreterInnen, der Samtgemeinde und den Gewerbevereinen Ferienpraktika erm\u00f6glicht und unterst\u00fctzt. Auch die Organisation von Firmenpr\u00e4sentationen in der Hauptschule und die F\u00f6rderung von Bewerbungstraining sind Gegenstand dieser Kooperation. Dem F\u00f6rderverein der Hauptschule Meinersen e. V. geh\u00f6ren inzwischen 60 Mitglieder an, die die Vereinsarbeit sowohl finanziell als auch tatkr\u00e4ftig unterst\u00fctzen. Auf diese Mitglieder sind wir angewiesen, damit wir die uns gestellten Aufgaben zum Wohle der Hauptsch\u00fclerinnen und \u2013sch\u00fcler weiterhin erf\u00fcllen k\u00f6nnen.<br \/>\nAber mit den Mitgliedern allein ist es nicht zu schaffen. Wir ben\u00f6tigen auch die Anerkennung unserer Mitmenschen, die uns best\u00e4tigt und uns vorantreibt. Und wir ben\u00f6tigen die finanziell sichtbare Anerkennung durch Spenden f\u00fcr den F\u00f6rderverein der Hauptschule Meinersen e. V sowie helfende H\u00e4nde, die Kuchen backen und uns w\u00e4hrend der Veranstaltungen tatkr\u00e4ftig unterst\u00fctzen. Bitte unterst\u00fctzen auch Sie unsere Arbeit f\u00fcr die Hauptsch\u00fclerinnen und \u2013sch\u00fcler in unserer Samtgemeinde!<br \/>\nSpenden Sie f\u00fcr den F\u00f6rderverein der Hauptschule Meinersen e. V., werden Sie Mitglied im F\u00f6rderverein der Hauptschule Meinersen e. V. oder kommen Sie mit in die Schule und packen mit an!<\/p>\n<p>F\u00f6rderverein der Hauptschule Meinersen e. V.<br \/>\nAm Gajenberg 3<br \/>\n38536 Meinersen Konto 110 482 04 BLZ 269 513 11 (Sparkasse Gifhorn-Wolfsburg)<\/p>\n<p><strong>Vorsitzende: Frau Martina Meyh\u00f6fer<\/strong>\u00a0 Tel.: 05375-7352\u00a0\u00a0\u00a0 e-Mail: <a href=\"&#109;&#x61;&#105;&#x6c;&#116;&#x6f;&#58;&#x6d;&#46;&#x6d;&#101;&#x79;&#104;&#x6f;&#101;&#x66;&#101;&#x72;&#64;&#x77;&#101;&#x62;&#46;&#x64;&#101;\">&#109;&#x2e;&#109;&#x65;y&#104;&#x6f;&#101;&#x66;e&#x72;&#64;&#119;&#x65;&#98;&#x2e;d&#x65;<\/a>.<\/p>\n<p><strong>2. Vorsitzende: Frau Rita Sch\u00e4fer<\/strong><br \/>\nBei Fragen oder Anregungen stehen wir Ihnen gerne zur Verf\u00fcgung.<\/p>\n","protected":false},"excerpt":{"rendered":"<p>Beitrittserkl\u00e4rung download Der F\u00f6rderverein der Hauptschule Meinersen Seit wann? Seit dem 16. Juni 2005 gibt es den F\u00f6rderverein der Hauptschule Meinersen e. V., der seit dem 09. August 2005 ein eingetragener und inzwischen auch ein gemeinn\u00fctziger Verein ist. Warum? Begonnen hat der F\u00f6rderverein seine Arbeit als die Hauptschule politisch und gesellschaftlich aufs Abstellgleis geschoben werden &hellip; <a href=\"https:\/\/wordpress.nibis.de\/hsm\/foerderverein\/\" class=\"more-link\"><span class=\"screen-reader-text\">F\u00f6rderverein<\/span> weiterlesen <span class=\"meta-nav\">&rarr;<\/span><\/a><\/p>\n","protected":false},"author":9192962,"featured_media":0,"parent":0,"menu_order":0,"comment_status":"closed","ping_status":"closed","template":"","meta":{"footnotes":""},"class_list":["post-332","page","type-page","status-publish","hentry"],"_links":{"self":[{"href":"https:\/\/wordpress.nibis.de\/hsm\/wp-json\/wp\/v2\/pages\/332","targetHints":{"allow":["GET"]}}],"collection":[{"href":"https:\/\/wordpress.nibis.de\/hsm\/wp-json\/wp\/v2\/pages"}],"about":[{"href":"https:\/\/wordpress.nibis.de\/hsm\/wp-json\/wp\/v2\/types\/page"}],"author":[{"embeddable":true,"href":"https:\/\/wordpress.nibis.de\/hsm\/wp-json\/wp\/v2\/users\/9192962"}],"replies":[{"embeddable":true,"href":"https:\/\/wordpress.nibis.de\/hsm\/wp-json\/wp\/v2\/comments?post=332"}],"version-history":[{"count":8,"href":"https:\/\/wordpress.nibis.de\/hsm\/wp-json\/wp\/v2\/pages\/332\/revisions"}],"predecessor-version":[{"id":1429,"href":"https:\/\/wordpress.nibis.de\/hsm\/wp-json\/wp\/v2\/pages\/332\/revisions\/1429"}],"wp:attachment":[{"href":"https:\/\/wordpress.nibis.de\/hsm\/wp-json\/wp\/v2\/media?parent=332"}],"curies":[{"name":"wp","href":"https:\/\/api.w.org\/{rel}","templated":true}]}}