{"id":251,"date":"2016-05-17T10:46:14","date_gmt":"2016-05-17T08:46:14","guid":{"rendered":"http:\/\/wordpress.nibis.de\/hsvechel\/?page_id=251"},"modified":"2024-04-05T08:46:43","modified_gmt":"2024-04-05T06:46:43","slug":"unser-foerderverein-2","status":"publish","type":"page","link":"https:\/\/wordpress.nibis.de\/hsvechel\/unser-foerderverein-2\/","title":{"rendered":"Unser F\u00f6rderverein"},"content":{"rendered":"<p>Engagierte Elternvertreter und Vertreter des Kollegiums haben am Donnerstag, 19.5.2005 den F\u00f6rderverein der Albert-Schweitzer-Hauptschule Vechelde gegr\u00fcndet. Damit ging ein langgehegter Wunsch in Erf\u00fcllung.<\/p>\n<table style=\"width: 640px\">\n<tbody>\n<tr>\n<td style=\"width: 168.733px\"><strong>Vorstand<\/strong><\/td>\n<td style=\"width: 176.267px\"><\/td>\n<td style=\"width: 148px\"><\/td>\n<\/tr>\n<tr>\n<td style=\"width: 168.733px\">1. Vorsitzender<\/td>\n<td style=\"width: 176.267px\">Herr Kahle<\/td>\n<td style=\"width: 148px\">05300\/1580<\/td>\n<\/tr>\n<tr>\n<td style=\"width: 168.733px\">2. Vorsitzende<\/td>\n<td style=\"width: 176.267px\">Frau Wenzel<\/td>\n<td style=\"width: 148px\"><\/td>\n<\/tr>\n<tr>\n<td style=\"width: 168.733px\">Kassenwart<\/td>\n<td style=\"width: 176.267px\">Frau Kahle<\/td>\n<td style=\"width: 148px\"><\/td>\n<\/tr>\n<\/tbody>\n<\/table>\n","protected":false},"excerpt":{"rendered":"<p>Engagierte Elternvertreter und Vertreter des Kollegiums haben am Donnerstag, 19.5.2005 den F\u00f6rderverein der Albert-Schweitzer-Hauptschule Vechelde gegr\u00fcndet. Damit ging ein langgehegter Wunsch in Erf\u00fcllung. Vorstand 1. Vorsitzender Herr Kahle 05300\/1580 2. Vorsitzende Frau Wenzel Kassenwart Frau Kahle<\/p>\n","protected":false},"author":713,"featured_media":0,"parent":0,"menu_order":0,"comment_status":"closed","ping_status":"closed","template":"","meta":{"footnotes":""},"class_list":["post-251","page","type-page","status-publish","hentry"],"_links":{"self":[{"href":"https:\/\/wordpress.nibis.de\/hsvechel\/wp-json\/wp\/v2\/pages\/251","targetHints":{"allow":["GET"]}}],"collection":[{"href":"https:\/\/wordpress.nibis.de\/hsvechel\/wp-json\/wp\/v2\/pages"}],"about":[{"href":"https:\/\/wordpress.nibis.de\/hsvechel\/wp-json\/wp\/v2\/types\/page"}],"author":[{"embeddable":true,"href":"https:\/\/wordpress.nibis.de\/hsvechel\/wp-json\/wp\/v2\/users\/713"}],"replies":[{"embeddable":true,"href":"https:\/\/wordpress.nibis.de\/hsvechel\/wp-json\/wp\/v2\/comments?post=251"}],"version-history":[{"count":10,"href":"https:\/\/wordpress.nibis.de\/hsvechel\/wp-json\/wp\/v2\/pages\/251\/revisions"}],"predecessor-version":[{"id":3270,"href":"https:\/\/wordpress.nibis.de\/hsvechel\/wp-json\/wp\/v2\/pages\/251\/revisions\/3270"}],"wp:attachment":[{"href":"https:\/\/wordpress.nibis.de\/hsvechel\/wp-json\/wp\/v2\/media?parent=251"}],"curies":[{"name":"wp","href":"https:\/\/api.w.org\/{rel}","templated":true}]}}