{"id":2920,"date":"2023-05-15T11:41:47","date_gmt":"2023-05-15T09:41:47","guid":{"rendered":"https:\/\/wordpress.nibis.de\/hsvechel\/?page_id=2920"},"modified":"2024-09-13T10:58:51","modified_gmt":"2024-09-13T08:58:51","slug":"freiday","status":"publish","type":"page","link":"https:\/\/wordpress.nibis.de\/hsvechel\/freiday\/","title":{"rendered":"FREIDAY"},"content":{"rendered":"\n<p>Mehr zum &#8222;FREI DAY&#8220; an der Albert-Schweitzer-Hauptschule Vechelde gibt es auf Instagram unter <strong>ash_vechelde<\/strong> zu lesen.<\/p>\n<p>\u00dcber das Projekt, den Hintergrund und die Ziele gibt es weitere Infos auf der Internetseite <strong>schule-im-aufbruch.de<\/strong><\/p>\n<p><br \/><!--more--><\/p>\n<p>Zur Albert-Schweitzer Hauptschule<\/p>\n<p>Im Rahmen des FREI DAY sollen die Lernenden zu eigenen Handlungen und mehr Engagement motiviert werden, sich aktiv f\u00fcr andere einsetzen, das Schulleben nachhaltig voranbringen und positiver gestalten. Die vielf\u00e4ltigen kulturellen Unterschiede sollen gemeinsam genutzt werden, um das Wir-Gef\u00fchl zu st\u00e4rken. Durch den FREI DAY wird die demokratische Haltung der jungen Akteure gefestigt und ihnen Raum geboten, um eigene Ideen f\u00fcr eine zukunftsf\u00e4hige demokratische und \u00f6kologisch-sozial nachhaltige Gesellschaft entwickeln und entfalten zu k\u00f6nnen. An verschiedenen Workshops werden die Sch\u00fcler*innen darum mit umfangreichem Wissen zu den 17 Nachhaltigkeitszielen der Vereinten Nationen, F\u00e4higkeiten im Projektmanagement, sowie Motivation und Zeitmanagement ausger\u00fcstet. Dar\u00fcber hinaus wird den Lernenden Raum und Zeit geboten selbst auf die Suche nach Problemen zu gehen, die f\u00fcr sie pers\u00f6nlich von gro\u00dfer Bedeutung sind. Inhaltlich sind sie dabei nur an die 17 Globalen Nachhaltigkeitsziele der Vereinten Nationen gebunden. Ganz ohne Notendruck darf geplant, verworfen, gearbeitet und gefeiert werden. Durch die Kreativit\u00e4t der Sch\u00fcler*innen sind schnell Projektideen und konkrete Handlungsanl\u00e4sse gefunden. Diese ben\u00f6tigen aber meist finanzielle Mittel in der Umsetzung. Bis jetzt wurden Spendengelder f\u00fcr die Anschaffung kostenloser Hygieneartikel f\u00fcr M\u00e4dchen der Hauptschule genutzt oder Futter- und Trinkstellen f\u00fcr heimische Singv\u00f6gel angeschafft. Au\u00dferdem laufen aktuell Projekte, die sich mit Bl\u00fchwiesen f\u00fcr die Hauptschule und ganz Vechelde, M\u00fclltrennung in der Hauptschule und der regelm\u00e4\u00dfigen \u00d6ffnung unseres Schulkiosks besch\u00e4ftigen. Alle diese Aktionen ben\u00f6tigen finanzielle Unterst\u00fctzung. Dar\u00fcber hinaus konnte durch die Initiative einiger Sch\u00fclerinnen des FREI DAY Teams ein Trinkwasserspender f\u00fcr die Hauptschule angeschafft werden. Daf\u00fcr fehlen aktuell Trinkflaschen f\u00fcr die Mitglieder unserer Schulgemeinschaft. Diese k\u00f6nnten ebenfalls zum Teil durch den Gewinn finanziert werden.<\/p>\n<p>Die Jugendlichen haben sich aus eigenem Interesse engagiert, auch \u00fcber die Stunden in der Schule hinaus. Zusammenfassend waren die FREI DAY Akteure ehrenamtlich aktiv, haben sich in Gruppenprozessen und Sch\u00fclerversammlungen aktiv f\u00fcr eine von Demokratie belebte Schulgemeinschaft eingesetzt, in der sich alle wohlf\u00fchlen, willkommen sind und sich gegenseitig unterst\u00fctzen. Sie haben sich f\u00fcr eine nachhaltige Welt in der Schule und au\u00dferhalb eingesetzt. Aufgrund des gro\u00dfen Erfolgs im vergangenen Schuljahr, nehmen im Schuljahr 2024-2025 zwei komplette Jahrg\u00e4nge an 4 Schulstunden pro Woche an dem Projekt teil.<\/p>\n<p><strong><span style=\"text-decoration: underline\"><em>Stiftungen, die unseren FREI DAY bis jetzt finanziell unterst\u00fctzt haben:<\/em><\/span><\/strong><\/p>\n<p>Anschaffung einer B\u00fccherei zum Thema Nachhaltigkeit:<\/p>\n<p><a href=\"https:\/\/www.deutsche-stiftung-engagement-und-ehrenamt.de\/\" target=\"_blank\" rel=\"noopener\">https:\/\/www.deutsche-stiftung-engagement-und-ehrenamt.de\/<\/a><\/p>\n<p>Ausflug mit der Bahn nach Wolfsburg in die Autostadt und vor Ort Teilnahme an dem Projekt &#8222;Ideenwerkstatt&#8220;: <a href=\"https:\/\/www.engagement-global.de\/\" target=\"_blank\" rel=\"noopener\">https:\/\/www.engagement-global.de\/<\/a><\/p>\n<p>Link zur Ideenwerkstatt: <a href=\"https:\/\/www.autostadt.de\/-\/ideenwerkstatt-nachhaltigkeit\" target=\"_blank\" rel=\"noopener\">https:\/\/www.autostadt.de\/-\/ideenwerkstatt-nachhaltigkeit<\/a><\/p>\n<p>Besuch der Grill Ninjas in der Hauptschule Vechelde:<\/p>\n<p><a href=\"https:\/\/www.bingo-umweltstiftung.de\/\" target=\"_blank\" rel=\"noopener\">https:\/\/www.bingo-umweltstiftung.de\/<\/a><\/p>\n<p>Link zu den Grill Ninjas: <a href=\"https:\/\/www.grillninjas.de\/\" target=\"_blank\" rel=\"noopener\">https:\/\/www.grillninjas.de\/<\/a><\/p>\n<p><img loading=\"lazy\" decoding=\"async\" class=\"alignnone size-medium wp-image-3221\" src=\"https:\/\/wordpress.nibis.de\/hsvechel\/files\/2024\/02\/Foto-4-300x225.jpeg\" alt=\"\" width=\"300\" height=\"225\" srcset=\"https:\/\/wordpress.nibis.de\/hsvechel\/files\/2024\/02\/Foto-4-300x225.jpeg 300w, https:\/\/wordpress.nibis.de\/hsvechel\/files\/2024\/02\/Foto-4-800x600.jpeg 800w, https:\/\/wordpress.nibis.de\/hsvechel\/files\/2024\/02\/Foto-4-768x576.jpeg 768w, https:\/\/wordpress.nibis.de\/hsvechel\/files\/2024\/02\/Foto-4-1536x1152.jpeg 1536w, https:\/\/wordpress.nibis.de\/hsvechel\/files\/2024\/02\/Foto-4-2048x1536.jpeg 2048w\" sizes=\"auto, (max-width: 300px) 100vw, 300px\" \/><\/p>\n<p><img loading=\"lazy\" decoding=\"async\" class=\"size-medium wp-image-3046 aligncenter\" src=\"https:\/\/wordpress.nibis.de\/hsvechel\/files\/2023\/08\/FREI-DAY-Schullogo_2000x2000-px-300x300.jpg\" alt=\"\" width=\"300\" height=\"300\" srcset=\"https:\/\/wordpress.nibis.de\/hsvechel\/files\/2023\/08\/FREI-DAY-Schullogo_2000x2000-px-300x300.jpg 300w, https:\/\/wordpress.nibis.de\/hsvechel\/files\/2023\/08\/FREI-DAY-Schullogo_2000x2000-px-600x600.jpg 600w, https:\/\/wordpress.nibis.de\/hsvechel\/files\/2023\/08\/FREI-DAY-Schullogo_2000x2000-px-150x150.jpg 150w, https:\/\/wordpress.nibis.de\/hsvechel\/files\/2023\/08\/FREI-DAY-Schullogo_2000x2000-px-768x768.jpg 768w, https:\/\/wordpress.nibis.de\/hsvechel\/files\/2023\/08\/FREI-DAY-Schullogo_2000x2000-px-1536x1536.jpg 1536w, https:\/\/wordpress.nibis.de\/hsvechel\/files\/2023\/08\/FREI-DAY-Schullogo_2000x2000-px.jpg 2000w\" sizes=\"auto, (max-width: 300px) 100vw, 300px\" \/><\/p>\n","protected":false},"excerpt":{"rendered":"<p>Mehr zum &#8222;FREI DAY&#8220; an der Albert-Schweitzer-Hauptschule Vechelde gibt es auf Instagram unter ash_vechelde zu lesen. \u00dcber das Projekt, den Hintergrund und die Ziele gibt es weitere Infos auf der Internetseite schule-im-aufbruch.de<\/p>\n","protected":false},"author":713,"featured_media":0,"parent":0,"menu_order":0,"comment_status":"closed","ping_status":"closed","template":"","meta":{"footnotes":""},"class_list":["post-2920","page","type-page","status-publish","hentry"],"_links":{"self":[{"href":"https:\/\/wordpress.nibis.de\/hsvechel\/wp-json\/wp\/v2\/pages\/2920","targetHints":{"allow":["GET"]}}],"collection":[{"href":"https:\/\/wordpress.nibis.de\/hsvechel\/wp-json\/wp\/v2\/pages"}],"about":[{"href":"https:\/\/wordpress.nibis.de\/hsvechel\/wp-json\/wp\/v2\/types\/page"}],"author":[{"embeddable":true,"href":"https:\/\/wordpress.nibis.de\/hsvechel\/wp-json\/wp\/v2\/users\/713"}],"replies":[{"embeddable":true,"href":"https:\/\/wordpress.nibis.de\/hsvechel\/wp-json\/wp\/v2\/comments?post=2920"}],"version-history":[{"count":19,"href":"https:\/\/wordpress.nibis.de\/hsvechel\/wp-json\/wp\/v2\/pages\/2920\/revisions"}],"predecessor-version":[{"id":3391,"href":"https:\/\/wordpress.nibis.de\/hsvechel\/wp-json\/wp\/v2\/pages\/2920\/revisions\/3391"}],"wp:attachment":[{"href":"https:\/\/wordpress.nibis.de\/hsvechel\/wp-json\/wp\/v2\/media?parent=2920"}],"curies":[{"name":"wp","href":"https:\/\/api.w.org\/{rel}","templated":true}]}}