{"id":1068,"date":"2025-06-20T08:09:24","date_gmt":"2025-06-20T06:09:24","guid":{"rendered":"https:\/\/wordpress.nibis.de\/hsvorsfelde\/?page_id=1068"},"modified":"2025-06-20T08:09:27","modified_gmt":"2025-06-20T06:09:27","slug":"selbstlernzentrum","status":"publish","type":"page","link":"https:\/\/wordpress.nibis.de\/hsvorsfelde\/selbstlernzentrum\/","title":{"rendered":"Selbstlernzentrum"},"content":{"rendered":"\n<h1 class=\"wp-block-heading\">Selbstlernzentrum<\/h1>\n\n\n\n<h2 class=\"wp-block-heading\"><\/h2>\n\n\n\n<figure class=\"wp-block-image\"><img decoding=\"async\" src=\"https:\/\/www.rs-vorsfelde.de\/images\/seiten\/selbstlernzentrum\/image001.png\" alt=\"Selbstlernzentrum\" \/><\/figure>\n\n\n\n<h3 class=\"wp-block-heading\">Selbstlernzentrum<\/h3>\n\n\n\n<p>Das 2010-12 neugestaltete Selbstlernzentrum Vorsfelde stellt &#8211; als Standort der Wolfsburger Stadtbibliothek &#8211; seit 1978 Medien f\u00fcr Lehrer, Sch\u00fcler und interessierte B\u00fcrger bereit. So sind hier etwa B\u00fccher, Comics, Mangas, Filme, CDs, Computerspiele und Zeitschriften zu finden.<\/p>\n\n\n\n<p>Zu den Services geh\u00f6ren die F\u00f6rderung des selbst\u00e4ndigen Lernens durch das Fachpersonal sowie ein multimediales Angebot. Der Online-Katalog, die Datenbanknutzung und Rechercheanfragen k\u00f6nnen im Lernzentren \u00fcber das WLAN durch zur Verf\u00fcgung stehende Laptops genutzt werden.<\/p>\n\n\n\n<hr class=\"wp-block-separator\" \/>\n\n\n\n<figure class=\"wp-block-image\"><img decoding=\"async\" src=\"https:\/\/www.rs-vorsfelde.de\/images\/seiten\/selbstlernzentrum\/image002.png\" alt=\"Kontaktdaten:\" \/><\/figure>\n\n\n\n<h3 class=\"wp-block-heading\">Kontaktdaten:<\/h3>\n\n\n\n<p>Carl-Grete-Stra\u00dfe 37-39<br>38448 Wolfsburg<\/p>\n\n\n\n<p><br>Frau Schreiber &#8211;&nbsp;<a href=\"m&#97;&#105;&#x6c;&#x74;o&#58;&#66;&#x69;&#x61;&#x6e;c&#97;&#46;&#x53;&#x63;hr&#101;&#x69;&#x62;&#x65;r&#64;&#98;&#x69;&#x6c;du&#110;&#x67;&#x73;&#x68;a&#117;&#115;&#x2d;&#x77;ol&#102;&#x73;&#x62;&#x75;r&#103;&#46;&#x64;&#x65;\">Bi&#97;&#110;&#99;&#97;&#x2e;&#x53;&#x63;&#x68;&#x72;ei&#98;&#101;&#114;&#64;&#x62;&#x69;&#x6c;&#x64;&#x75;ng&#115;&#104;&#97;&#117;&#x73;&#x2d;&#x77;&#x6f;&#x6c;fsb&#117;&#114;&#103;&#x2e;&#x64;&#x65;<\/a><\/p>\n\n\n\n<p>Telefon: 05363 \u2013 944180<\/p>\n\n\n\n<p>Website mit \u00d6ffnungszeiten:&nbsp;<a href=\"https:\/\/www.wolfsburg.de\/stadtbibliothek\">https:\/\/www.wolfsburg.de\/stadtbibliothek<\/a><\/p>\n\n\n\n<p>\u00d6ffnungszeiten ab Schuljahr 2024\/2025: Montag &#8211; Donnerstag, 8.00 &#8211; 13.00 Uhr<\/p>\n","protected":false},"excerpt":{"rendered":"<p>Selbstlernzentrum Selbstlernzentrum Das 2010-12 neugestaltete Selbstlernzentrum Vorsfelde stellt &#8211; als Standort der Wolfsburger Stadtbibliothek &#8211; seit 1978 Medien f\u00fcr Lehrer, Sch\u00fcler und interessierte B\u00fcrger bereit. So sind hier etwa B\u00fccher, Comics, Mangas, Filme, CDs, Computerspiele und Zeitschriften zu finden. Zu den Services geh\u00f6ren die F\u00f6rderung des selbst\u00e4ndigen Lernens durch das Fachpersonal sowie ein multimediales Angebot. &#8230; <a title=\"Selbstlernzentrum\" class=\"read-more\" href=\"https:\/\/wordpress.nibis.de\/hsvorsfelde\/selbstlernzentrum\/\" aria-label=\"Mehr Informationen \u00fcber Selbstlernzentrum\">Weiterlesen<\/a><\/p>\n","protected":false},"author":9194434,"featured_media":0,"parent":0,"menu_order":0,"comment_status":"closed","ping_status":"closed","template":"","meta":{"footnotes":""},"class_list":["post-1068","page","type-page","status-publish"],"_links":{"self":[{"href":"https:\/\/wordpress.nibis.de\/hsvorsfelde\/wp-json\/wp\/v2\/pages\/1068","targetHints":{"allow":["GET"]}}],"collection":[{"href":"https:\/\/wordpress.nibis.de\/hsvorsfelde\/wp-json\/wp\/v2\/pages"}],"about":[{"href":"https:\/\/wordpress.nibis.de\/hsvorsfelde\/wp-json\/wp\/v2\/types\/page"}],"author":[{"embeddable":true,"href":"https:\/\/wordpress.nibis.de\/hsvorsfelde\/wp-json\/wp\/v2\/users\/9194434"}],"replies":[{"embeddable":true,"href":"https:\/\/wordpress.nibis.de\/hsvorsfelde\/wp-json\/wp\/v2\/comments?post=1068"}],"version-history":[{"count":1,"href":"https:\/\/wordpress.nibis.de\/hsvorsfelde\/wp-json\/wp\/v2\/pages\/1068\/revisions"}],"predecessor-version":[{"id":1069,"href":"https:\/\/wordpress.nibis.de\/hsvorsfelde\/wp-json\/wp\/v2\/pages\/1068\/revisions\/1069"}],"wp:attachment":[{"href":"https:\/\/wordpress.nibis.de\/hsvorsfelde\/wp-json\/wp\/v2\/media?parent=1068"}],"curies":[{"name":"wp","href":"https:\/\/api.w.org\/{rel}","templated":true}]}}