{"id":14,"date":"2021-03-18T19:21:33","date_gmt":"2021-03-18T18:21:33","guid":{"rendered":"https:\/\/wordpress.nibis.de\/hsvorsfelde\/?page_id=14"},"modified":"2025-06-20T12:25:34","modified_gmt":"2025-06-20T10:25:34","slug":"offene-ganztagsschule","status":"publish","type":"page","link":"https:\/\/wordpress.nibis.de\/hsvorsfelde\/die-schule\/offene-ganztagsschule\/","title":{"rendered":"Offene Ganztagsschule"},"content":{"rendered":"\n<div class=\"wp-block-group alignwide\"><div class=\"wp-block-group__inner-container is-layout-flow wp-block-group-is-layout-flow\">\n<p>Die Hauptschule Vorsfelde ist eine \u201eOffene Ganztagsschule\u201c.<\/p>\n<p>Eine \u201eoffene Ganztagsschule\u201c bietet ihren Sch\u00fclern an bis zu vier Nachmittagen in der Woche die M\u00f6glichkeit, unterschiedliche Angebote wahrzunehmen.<\/p>\n<p>An der Hauptschule Vorsfelde haben unsere Sch\u00fcler die M\u00f6glichkeit, von Montag bis Donnerstag nach Unterrichtsschluss um 13.05 Uhr bis um 16.00 Uhr<\/p>\n<ul>\n<li>in der Mensa ein Mittagessen zu sich zu nehmen,<\/li>\n<li>im Selbstlernzentrum (einer Au\u00dfenstelle der Stadtb\u00fccherei) die dort vorhandenen Medien zu nutzen und auch zu entleihen,<\/li>\n<li>an der Hausaufgabenhilfe, in welcher ein bis zwei Lehrer die Anfertigung der Hausaufgaben betreuen, teilzunehmen,<\/li>\n<li>Angebote aus dem reichhaltigen AG-Programm des Schulzentrums zu besuchen oder<\/li>\n<li>den Freiraum (den vom MTV Vorsfelde betriebenen Freizeitbereich des Schulzentrums) zu nutzen.<\/li>\n<\/ul>\n<p>Die Teilnahme an den Veranstaltungen ist freiwillig. Unsere Sch\u00fcler k\u00f6nnen jeden Tag neu entscheiden, ob, und \u2013 wenn ja \u2013 an welchem Angebot sie teilnehmen m\u00f6chten. Lediglich die Anmeldung zu einer der Arbeitsgemeinschaften f\u00fchrt dazu, dass diese AG f\u00fcr das kommende Halbjahr verbindlich besucht werden muss.<\/p>\n<p>Aufgrund des gro\u00dfen und vielf\u00e4ltigen Angebots mit all seinen Wahlm\u00f6glichkeiten und der Freiwilligkeit der Teilnahme ist es leider nicht m\u00f6glich, zu kontrollieren und zu dokumentieren, wann unsere Sch\u00fcler im Nachmittagsbereich die Schule verlassen. Dieses liegt in ihrer eigenen Verantwortung.<\/p>\n<\/div><\/div>\n","protected":false},"excerpt":{"rendered":"<p>Die Hauptschule Vorsfelde ist eine \u201eOffene Ganztagsschule\u201c. Eine \u201eoffene Ganztagsschule\u201c bietet ihren Sch\u00fclern an bis zu vier Nachmittagen in der Woche die M\u00f6glichkeit, unterschiedliche Angebote wahrzunehmen. An der Hauptschule Vorsfelde haben unsere Sch\u00fcler die M\u00f6glichkeit, von Montag bis Donnerstag nach Unterrichtsschluss um 13.05 Uhr bis um 16.00 Uhr in der Mensa ein Mittagessen zu sich &#8230; <a title=\"Offene Ganztagsschule\" class=\"read-more\" href=\"https:\/\/wordpress.nibis.de\/hsvorsfelde\/die-schule\/offene-ganztagsschule\/\" aria-label=\"Mehr Informationen \u00fcber Offene Ganztagsschule\">Weiterlesen<\/a><\/p>\n","protected":false},"author":9193776,"featured_media":0,"parent":29,"menu_order":0,"comment_status":"closed","ping_status":"closed","template":"","meta":{"footnotes":""},"class_list":["post-14","page","type-page","status-publish"],"_links":{"self":[{"href":"https:\/\/wordpress.nibis.de\/hsvorsfelde\/wp-json\/wp\/v2\/pages\/14","targetHints":{"allow":["GET"]}}],"collection":[{"href":"https:\/\/wordpress.nibis.de\/hsvorsfelde\/wp-json\/wp\/v2\/pages"}],"about":[{"href":"https:\/\/wordpress.nibis.de\/hsvorsfelde\/wp-json\/wp\/v2\/types\/page"}],"author":[{"embeddable":true,"href":"https:\/\/wordpress.nibis.de\/hsvorsfelde\/wp-json\/wp\/v2\/users\/9193776"}],"replies":[{"embeddable":true,"href":"https:\/\/wordpress.nibis.de\/hsvorsfelde\/wp-json\/wp\/v2\/comments?post=14"}],"version-history":[{"count":2,"href":"https:\/\/wordpress.nibis.de\/hsvorsfelde\/wp-json\/wp\/v2\/pages\/14\/revisions"}],"predecessor-version":[{"id":1084,"href":"https:\/\/wordpress.nibis.de\/hsvorsfelde\/wp-json\/wp\/v2\/pages\/14\/revisions\/1084"}],"up":[{"embeddable":true,"href":"https:\/\/wordpress.nibis.de\/hsvorsfelde\/wp-json\/wp\/v2\/pages\/29"}],"wp:attachment":[{"href":"https:\/\/wordpress.nibis.de\/hsvorsfelde\/wp-json\/wp\/v2\/media?parent=14"}],"curies":[{"name":"wp","href":"https:\/\/api.w.org\/{rel}","templated":true}]}}