{"id":478,"date":"2022-11-27T22:13:56","date_gmt":"2022-11-27T21:13:56","guid":{"rendered":"https:\/\/wordpress.nibis.de\/hsvorsfelde\/?page_id=478"},"modified":"2022-11-27T22:13:57","modified_gmt":"2022-11-27T21:13:57","slug":"wollino","status":"publish","type":"page","link":"https:\/\/wordpress.nibis.de\/hsvorsfelde\/wollino\/","title":{"rendered":"Wollino"},"content":{"rendered":"\n<p>Zu einer Ganztagsschule geh\u00f6rt auch eine ordentliche Versorgung der Sch\u00fclerinnen und Sch\u00fcler. Diese \u00fcbernimmt bei uns &#8222;Wollino&#8220;.<\/p>\n\n\n\n<p>N\u00e4here Informationen dazu finden sie auf den folgenden Seiten:<\/p>\n\n\n\n<blockquote class=\"wp-block-quote is-layout-flow wp-block-quote-is-layout-flow\"><p>Wollino Homepage:<\/p><p><a href=\"https:\/\/www.wollino.de\/\">https:\/\/www.wollino.de\/<\/a><\/p><p>Informationen zur Verpflegung an den weiterf\u00fchrenden Schulen:<\/p><p><a href=\"https:\/\/www.wollino.de\/weiterf%C3%BChrende-schulen\">https:\/\/www.wollino.de\/weiterf%C3%BChrende-schulen<\/a><\/p><p>Unser aktuelles Kiosk- und Automatenangebot:<\/p><p><a href=\"https:\/\/www.wollino.de\/unser-kiosk-sortiment\">https:\/\/www.wollino.de\/unser-kiosk-sortiment<\/a><\/p><p>Unsere aktuellen Luncht\u00fcten- und Men\u00fcpl\u00e4ne<\/p><p><a href=\"https:\/\/www.wollino.de\/newpagefa4f13d4\">https:\/\/www.wollino.de\/newpagefa4f13d4<\/a><\/p><p>Direkter Link zu unserem Bestellsystem Mensa Max<\/p><p><a href=\"https:\/\/mensawelten.de\/\">https:\/\/mensawelten.de\/<\/a><\/p><\/blockquote>\n","protected":false},"excerpt":{"rendered":"<p>Zu einer Ganztagsschule geh\u00f6rt auch eine ordentliche Versorgung der Sch\u00fclerinnen und Sch\u00fcler. Diese \u00fcbernimmt bei uns &#8222;Wollino&#8220;. N\u00e4here Informationen dazu finden sie auf den folgenden Seiten: Wollino Homepage: https:\/\/www.wollino.de\/ Informationen zur Verpflegung an den weiterf\u00fchrenden Schulen: https:\/\/www.wollino.de\/weiterf%C3%BChrende-schulen Unser aktuelles Kiosk- und Automatenangebot: https:\/\/www.wollino.de\/unser-kiosk-sortiment Unsere aktuellen Luncht\u00fcten- und Men\u00fcpl\u00e4ne https:\/\/www.wollino.de\/newpagefa4f13d4 Direkter Link zu unserem Bestellsystem Mensa &#8230; <a title=\"Wollino\" class=\"read-more\" href=\"https:\/\/wordpress.nibis.de\/hsvorsfelde\/wollino\/\" aria-label=\"Mehr Informationen \u00fcber Wollino\">Weiterlesen<\/a><\/p>\n","protected":false},"author":9193776,"featured_media":0,"parent":0,"menu_order":0,"comment_status":"closed","ping_status":"closed","template":"","meta":{"footnotes":""},"class_list":["post-478","page","type-page","status-publish"],"_links":{"self":[{"href":"https:\/\/wordpress.nibis.de\/hsvorsfelde\/wp-json\/wp\/v2\/pages\/478","targetHints":{"allow":["GET"]}}],"collection":[{"href":"https:\/\/wordpress.nibis.de\/hsvorsfelde\/wp-json\/wp\/v2\/pages"}],"about":[{"href":"https:\/\/wordpress.nibis.de\/hsvorsfelde\/wp-json\/wp\/v2\/types\/page"}],"author":[{"embeddable":true,"href":"https:\/\/wordpress.nibis.de\/hsvorsfelde\/wp-json\/wp\/v2\/users\/9193776"}],"replies":[{"embeddable":true,"href":"https:\/\/wordpress.nibis.de\/hsvorsfelde\/wp-json\/wp\/v2\/comments?post=478"}],"version-history":[{"count":1,"href":"https:\/\/wordpress.nibis.de\/hsvorsfelde\/wp-json\/wp\/v2\/pages\/478\/revisions"}],"predecessor-version":[{"id":479,"href":"https:\/\/wordpress.nibis.de\/hsvorsfelde\/wp-json\/wp\/v2\/pages\/478\/revisions\/479"}],"wp:attachment":[{"href":"https:\/\/wordpress.nibis.de\/hsvorsfelde\/wp-json\/wp\/v2\/media?parent=478"}],"curies":[{"name":"wp","href":"https:\/\/api.w.org\/{rel}","templated":true}]}}