{"id":87,"date":"2021-03-19T14:07:17","date_gmt":"2021-03-19T13:07:17","guid":{"rendered":"https:\/\/wordpress.nibis.de\/hsvorsfelde\/?page_id=87"},"modified":"2021-03-19T14:07:18","modified_gmt":"2021-03-19T13:07:18","slug":"harmonisch-miteinander-lernen","status":"publish","type":"page","link":"https:\/\/wordpress.nibis.de\/hsvorsfelde\/elterninformationen\/harmonisch-miteinander-lernen\/","title":{"rendered":"Harmonisch miteinander lernen"},"content":{"rendered":"\n<ol>\n<li>Die Grundregeln daf\u00fcr sind in der <strong>Hausordnung<\/strong> festgelegt. Bitte lesen Sie das Ihnen zur Verf\u00fcgung gestellte Exemplar aufmerksam durch!<\/li>\n<li>Wussten Sie, dass <strong>Rechte und Pflichten der Sch\u00fcler<\/strong> gesetzlich geregelt sind?<\/li>\n<\/ol>\n<p>Hier ein kleiner Auszug (aus dem Schulgesetz):<\/p>\n<p>\u00a0<\/p>\n<table class=\"table\" width=\"449\">\n<tbody>\n<tr>\n<td width=\"221\">\n<h2>Rechte der Sch\u00fcler<\/h2>\n<\/td>\n<td width=\"228\">\n<h2>Pflichten der Sch\u00fcler<\/h2>\n<\/td>\n<\/tr>\n<tr>\n<td width=\"221\">Recht auf Information durch den Lehrer<\/td>\n<td width=\"228\">Schulpflicht<\/td>\n<\/tr>\n<tr>\n<td width=\"221\">Recht auf Beteiligung am Unterricht<\/td>\n<td width=\"228\">Teilnahmepflicht an allen Schulveranstaltungen, Pflicht zur Mitarbeit im Unterricht<\/td>\n<\/tr>\n<tr>\n<td width=\"221\">Recht auf Gelegenheiten zu Vorschl\u00e4gen und Aussprachen<\/td>\n<td width=\"228\">Pflicht, die im Rahmen der schulischen Ausbildung gestellten Aufgaben einschlie\u00dflich Hausaufgaben auszuf\u00fchren<\/td>\n<\/tr>\n<tr>\n<td width=\"221\">Recht auf Erl\u00e4uterung der Bewertungsma\u00dfst\u00e4be<\/td>\n<td width=\"228\">Entschuldigungspflicht durch die Eltern bei Fernbleiben<\/td>\n<\/tr>\n<tr>\n<td width=\"221\">Recht auf Mitteilung und Erl\u00e4uterung des Leistungsstandes<\/td>\n<td width=\"228\">Pflicht zum Einhalten der Regeln des schulischen Zusammenlebens<\/td>\n<\/tr>\n<\/tbody>\n<\/table>\n<p>\u00a0<\/p>\n<ol start=\"3\">\n<li>Konsequenzen:<\/li>\n<\/ol>\n<p>a) Im Interesse Ihres Kindes sollten Sie Ihr Recht auf Information und Mitteilung wahrnehmen, indem Sie <strong>von<\/strong> <strong>sich aus bei den Fachlehrern Erkundigungen<\/strong> \u00fcber erteilte Zensuren, Verhalten und Ordnung Ihres Kindes <strong>einholen<\/strong>. Manchmal ist es besser, noch vor den offiziellen Informationsterminen der Schule Bescheid zu wissen und mit den Lehrern ihres Kindes ins Gespr\u00e4ch zu kommen.<\/p>\n<p>b) Aus dem Recht und der Pflicht zur Beteiligung am Unterricht ergibt sich f\u00fcr die Schule die Aufgabe, f\u00fcr Bedingungen zu sorgen, die allen Sch\u00fclern die Wahrnehmung dieses Rechtes erm\u00f6glichen. Wer die anderen beim Lernen st\u00f6rt, kommt also erstens seiner eigenen Pflicht zur Mitarbeit nicht nach und beeintr\u00e4chtigt gleichzeitig die Rechte der anderen. Dieses kann je nach Schwere der St\u00f6rung mit Erziehungsmitteln oder Ordnungsma\u00dfnahmen (Verwarnung, Verweis, Umsetzung) geahndet.<\/p>\n","protected":false},"excerpt":{"rendered":"<p>Die Grundregeln daf\u00fcr sind in der Hausordnung festgelegt. Bitte lesen Sie das Ihnen zur Verf\u00fcgung gestellte Exemplar aufmerksam durch! Wussten Sie, dass Rechte und Pflichten der Sch\u00fcler gesetzlich geregelt sind? Hier ein kleiner Auszug (aus dem Schulgesetz): \u00a0 Rechte der Sch\u00fcler Pflichten der Sch\u00fcler Recht auf Information durch den Lehrer Schulpflicht Recht auf Beteiligung am &#8230; <a title=\"Harmonisch miteinander lernen\" class=\"read-more\" href=\"https:\/\/wordpress.nibis.de\/hsvorsfelde\/elterninformationen\/harmonisch-miteinander-lernen\/\" aria-label=\"Mehr Informationen \u00fcber Harmonisch miteinander lernen\">Weiterlesen<\/a><\/p>\n","protected":false},"author":9193776,"featured_media":0,"parent":56,"menu_order":0,"comment_status":"closed","ping_status":"closed","template":"","meta":{"footnotes":""},"class_list":["post-87","page","type-page","status-publish"],"_links":{"self":[{"href":"https:\/\/wordpress.nibis.de\/hsvorsfelde\/wp-json\/wp\/v2\/pages\/87","targetHints":{"allow":["GET"]}}],"collection":[{"href":"https:\/\/wordpress.nibis.de\/hsvorsfelde\/wp-json\/wp\/v2\/pages"}],"about":[{"href":"https:\/\/wordpress.nibis.de\/hsvorsfelde\/wp-json\/wp\/v2\/types\/page"}],"author":[{"embeddable":true,"href":"https:\/\/wordpress.nibis.de\/hsvorsfelde\/wp-json\/wp\/v2\/users\/9193776"}],"replies":[{"embeddable":true,"href":"https:\/\/wordpress.nibis.de\/hsvorsfelde\/wp-json\/wp\/v2\/comments?post=87"}],"version-history":[{"count":1,"href":"https:\/\/wordpress.nibis.de\/hsvorsfelde\/wp-json\/wp\/v2\/pages\/87\/revisions"}],"predecessor-version":[{"id":88,"href":"https:\/\/wordpress.nibis.de\/hsvorsfelde\/wp-json\/wp\/v2\/pages\/87\/revisions\/88"}],"up":[{"embeddable":true,"href":"https:\/\/wordpress.nibis.de\/hsvorsfelde\/wp-json\/wp\/v2\/pages\/56"}],"wp:attachment":[{"href":"https:\/\/wordpress.nibis.de\/hsvorsfelde\/wp-json\/wp\/v2\/media?parent=87"}],"curies":[{"name":"wp","href":"https:\/\/api.w.org\/{rel}","templated":true}]}}